{"id":12581,"date":"2023-04-11T11:35:46","date_gmt":"2023-04-11T09:35:46","guid":{"rendered":"https:\/\/dev.kompetensforetagen.se\/?post_type=product&#038;p=12581"},"modified":"2025-12-12T10:00:26","modified_gmt":"2025-12-12T09:00:26","slug":"information-from-competence-agencies-of-sweden-about-legislative-changes-in-the-agency-work-act","status":"publish","type":"product","link":"https:\/\/www.kompetensforetagen.se\/produkt\/information-from-competence-agencies-of-sweden-about-legislative-changes-in-the-agency-work-act\/","title":{"rendered":"Information from Competence Agencies of Sweden about legislative changes in the Agency Work Act"},"content":{"rendered":"","protected":false},"excerpt":{"rendered":"<p>Since October 1, 2022, changes has been made to the Agency Work Act in Sweden. The changes entail, among other things, that a client company (definition in document) shall offer temporary agency workers (&#8221;consultants&#8221;) either permanent employment or pay compensation to the consultant when they\u00a0have been working within the same operating unit for a total of 24 months during a period of 36 months.<\/p>\n<p>The purpose of this document is to clarify the rules and liability that applies to any natural or legal person for whom, and under the supervision and direction of whom, a consultant works temporarily (&#8221;the client company&#8221;).<\/p>\n<p>The document can be downloaded free of charge; note that changes to the document is not allowed.<\/p>\n","protected":false},"featured_media":12596,"template":"","meta":{"_acf_changed":false},"product_brand":[],"product_cat":[237],"product_tag":[],"class_list":{"0":"post-12581","1":"product","2":"type-product","3":"status-publish","4":"has-post-thumbnail","6":"product_cat-bemanning-andra-konsulttjanster","8":"first","9":"instock","10":"downloadable","11":"taxable","12":"shipping-taxable","13":"product-type-simple"},"acf":[],"yoast_head":"<!-- This site is optimized with the Yoast SEO Premium plugin v26.8 (Yoast SEO v26.8) - https:\/\/yoast.com\/product\/yoast-seo-premium-wordpress\/ -->\n<title>Information from Competence Agencies of Sweden about legislative changes in the Agency Work Act - Kompetensf\u00f6retagen<\/title>\n<meta name=\"description\" content=\"Information on legislative changes in the Agency Work Act. Learn how the new rules affect staffing and hiring in Sweden.\" \/>\n<meta name=\"robots\" content=\"index, follow, max-snippet:-1, max-image-preview:large, max-video-preview:-1\" \/>\n<link rel=\"canonical\" href=\"https:\/\/www.kompetensforetagen.se\/produkt\/information-from-competence-agencies-of-sweden-about-legislative-changes-in-the-agency-work-act\/\" \/>\n<meta property=\"og:locale\" content=\"sv_SE\" \/>\n<meta property=\"og:type\" content=\"article\" \/>\n<meta property=\"og:title\" content=\"Information from Competence Agencies of Sweden about legislative changes in the Agency Work Act\" \/>\n<meta property=\"og:description\" content=\"Information on legislative changes in the Agency Work Act. Learn how the new rules affect staffing and hiring in Sweden.\" \/>\n<meta property=\"og:url\" content=\"https:\/\/www.kompetensforetagen.se\/produkt\/information-from-competence-agencies-of-sweden-about-legislative-changes-in-the-agency-work-act\/\" \/>\n<meta property=\"og:site_name\" content=\"Kompetensf\u00f6retagen\" \/>\n<meta property=\"article:modified_time\" content=\"2025-12-12T09:00:26+00:00\" \/>\n<meta property=\"og:image\" content=\"https:\/\/www.kompetensforetagen.se\/app\/uploads\/sites\/5\/2023\/04\/Default-x2.png\" \/>\n\t<meta property=\"og:image:width\" content=\"768\" \/>\n\t<meta property=\"og:image:height\" content=\"576\" \/>\n\t<meta property=\"og:image:type\" content=\"image\/png\" \/>\n<meta name=\"twitter:card\" content=\"summary_large_image\" \/>\n<meta name=\"twitter:label1\" content=\"Ber\u00e4knad l\u00e4stid\" \/>\n\t<meta name=\"twitter:data1\" content=\"1 minut\" \/>\n<script type=\"application\/ld+json\" class=\"yoast-schema-graph\">{\"@context\":\"https:\/\/schema.org\",\"@graph\":[{\"@type\":\"WebPage\",\"@id\":\"https:\/\/www.kompetensforetagen.se\/produkt\/information-from-competence-agencies-of-sweden-about-legislative-changes-in-the-agency-work-act\/\",\"url\":\"https:\/\/www.kompetensforetagen.se\/produkt\/information-from-competence-agencies-of-sweden-about-legislative-changes-in-the-agency-work-act\/\",\"name\":\"Information from Competence Agencies of Sweden about legislative changes in the Agency Work Act - Kompetensf\u00f6retagen\",\"isPartOf\":{\"@id\":\"https:\/\/www.kompetensforetagen.se\/#website\"},\"primaryImageOfPage\":{\"@id\":\"https:\/\/www.kompetensforetagen.se\/produkt\/information-from-competence-agencies-of-sweden-about-legislative-changes-in-the-agency-work-act\/#primaryimage\"},\"image\":{\"@id\":\"https:\/\/www.kompetensforetagen.se\/produkt\/information-from-competence-agencies-of-sweden-about-legislative-changes-in-the-agency-work-act\/#primaryimage\"},\"thumbnailUrl\":\"https:\/\/www.kompetensforetagen.se\/app\/uploads\/sites\/5\/2023\/04\/Default-x2.png\",\"datePublished\":\"2023-04-11T09:35:46+00:00\",\"dateModified\":\"2025-12-12T09:00:26+00:00\",\"description\":\"Information on legislative changes in the Agency Work Act. Learn how the new rules affect staffing and hiring in Sweden.\",\"breadcrumb\":{\"@id\":\"https:\/\/www.kompetensforetagen.se\/produkt\/information-from-competence-agencies-of-sweden-about-legislative-changes-in-the-agency-work-act\/#breadcrumb\"},\"inLanguage\":\"sv-SE\",\"potentialAction\":[{\"@type\":\"ReadAction\",\"target\":[\"https:\/\/www.kompetensforetagen.se\/produkt\/information-from-competence-agencies-of-sweden-about-legislative-changes-in-the-agency-work-act\/\"]}]},{\"@type\":\"ImageObject\",\"inLanguage\":\"sv-SE\",\"@id\":\"https:\/\/www.kompetensforetagen.se\/produkt\/information-from-competence-agencies-of-sweden-about-legislative-changes-in-the-agency-work-act\/#primaryimage\",\"url\":\"https:\/\/www.kompetensforetagen.se\/app\/uploads\/sites\/5\/2023\/04\/Default-x2.png\",\"contentUrl\":\"https:\/\/www.kompetensforetagen.se\/app\/uploads\/sites\/5\/2023\/04\/Default-x2.png\",\"width\":768,\"height\":576,\"caption\":\"ABTU - Allm\u00e4nna best\u00e4mmelser f\u00f6r tj\u00e4nsteuppdrag\"},{\"@type\":\"BreadcrumbList\",\"@id\":\"https:\/\/www.kompetensforetagen.se\/produkt\/information-from-competence-agencies-of-sweden-about-legislative-changes-in-the-agency-work-act\/#breadcrumb\",\"itemListElement\":[{\"@type\":\"ListItem\",\"position\":1,\"name\":\"Home\",\"item\":\"https:\/\/www.kompetensforetagen.se\/\"},{\"@type\":\"ListItem\",\"position\":2,\"name\":\"Webbutik\",\"item\":\"https:\/\/www.kompetensforetagen.se\/butik\/\"},{\"@type\":\"ListItem\",\"position\":3,\"name\":\"Information from Competence Agencies of Sweden about legislative changes in the Agency Work Act\"}]},{\"@type\":\"WebSite\",\"@id\":\"https:\/\/www.kompetensforetagen.se\/#website\",\"url\":\"https:\/\/www.kompetensforetagen.se\/\",\"name\":\"Kompetensf\u00f6retagen\",\"description\":\"R\u00e4tt person p\u00e5 r\u00e4tt plats kan f\u00f6r\u00e4ndra v\u00e4rlden\",\"publisher\":{\"@id\":\"https:\/\/www.kompetensforetagen.se\/#organization\"},\"potentialAction\":[{\"@type\":\"SearchAction\",\"target\":{\"@type\":\"EntryPoint\",\"urlTemplate\":\"https:\/\/www.kompetensforetagen.se\/?s={search_term_string}\"},\"query-input\":{\"@type\":\"PropertyValueSpecification\",\"valueRequired\":true,\"valueName\":\"search_term_string\"}}],\"inLanguage\":\"sv-SE\"},{\"@type\":\"Organization\",\"@id\":\"https:\/\/www.kompetensforetagen.se\/#organization\",\"name\":\"Kompetensf\u00f6retagen\",\"url\":\"https:\/\/www.kompetensforetagen.se\/\",\"logo\":{\"@type\":\"ImageObject\",\"inLanguage\":\"sv-SE\",\"@id\":\"https:\/\/www.kompetensforetagen.se\/#\/schema\/logo\/image\/\",\"url\":\"https:\/\/www.kompetensforetagen.se\/app\/uploads\/sites\/5\/2022\/10\/logga_svart.png\",\"contentUrl\":\"https:\/\/www.kompetensforetagen.se\/app\/uploads\/sites\/5\/2022\/10\/logga_svart.png\",\"width\":752,\"height\":64,\"caption\":\"Kompetensf\u00f6retagen\"},\"image\":{\"@id\":\"https:\/\/www.kompetensforetagen.se\/#\/schema\/logo\/image\/\"},\"sameAs\":[\"https:\/\/www.linkedin.com\/company\/10540032\/\"]}]}<\/script>\n<!-- \/ Yoast SEO Premium plugin. -->","yoast_head_json":{"title":"Information from Competence Agencies of Sweden about legislative changes in the Agency Work Act - Kompetensf\u00f6retagen","description":"Information on legislative changes in the Agency Work Act. Learn how the new rules affect staffing and hiring in Sweden.","robots":{"index":"index","follow":"follow","max-snippet":"max-snippet:-1","max-image-preview":"max-image-preview:large","max-video-preview":"max-video-preview:-1"},"canonical":"https:\/\/www.kompetensforetagen.se\/produkt\/information-from-competence-agencies-of-sweden-about-legislative-changes-in-the-agency-work-act\/","og_locale":"sv_SE","og_type":"article","og_title":"Information from Competence Agencies of Sweden about legislative changes in the Agency Work Act","og_description":"Information on legislative changes in the Agency Work Act. Learn how the new rules affect staffing and hiring in Sweden.","og_url":"https:\/\/www.kompetensforetagen.se\/produkt\/information-from-competence-agencies-of-sweden-about-legislative-changes-in-the-agency-work-act\/","og_site_name":"Kompetensf\u00f6retagen","article_modified_time":"2025-12-12T09:00:26+00:00","og_image":[{"width":768,"height":576,"url":"https:\/\/www.kompetensforetagen.se\/app\/uploads\/sites\/5\/2023\/04\/Default-x2.png","type":"image\/png"}],"twitter_card":"summary_large_image","twitter_misc":{"Ber\u00e4knad l\u00e4stid":"1 minut"},"schema":{"@context":"https:\/\/schema.org","@graph":[{"@type":"WebPage","@id":"https:\/\/www.kompetensforetagen.se\/produkt\/information-from-competence-agencies-of-sweden-about-legislative-changes-in-the-agency-work-act\/","url":"https:\/\/www.kompetensforetagen.se\/produkt\/information-from-competence-agencies-of-sweden-about-legislative-changes-in-the-agency-work-act\/","name":"Information from Competence Agencies of Sweden about legislative changes in the Agency Work Act - Kompetensf\u00f6retagen","isPartOf":{"@id":"https:\/\/www.kompetensforetagen.se\/#website"},"primaryImageOfPage":{"@id":"https:\/\/www.kompetensforetagen.se\/produkt\/information-from-competence-agencies-of-sweden-about-legislative-changes-in-the-agency-work-act\/#primaryimage"},"image":{"@id":"https:\/\/www.kompetensforetagen.se\/produkt\/information-from-competence-agencies-of-sweden-about-legislative-changes-in-the-agency-work-act\/#primaryimage"},"thumbnailUrl":"https:\/\/www.kompetensforetagen.se\/app\/uploads\/sites\/5\/2023\/04\/Default-x2.png","datePublished":"2023-04-11T09:35:46+00:00","dateModified":"2025-12-12T09:00:26+00:00","description":"Information on legislative changes in the Agency Work Act. Learn how the new rules affect staffing and hiring in Sweden.","breadcrumb":{"@id":"https:\/\/www.kompetensforetagen.se\/produkt\/information-from-competence-agencies-of-sweden-about-legislative-changes-in-the-agency-work-act\/#breadcrumb"},"inLanguage":"sv-SE","potentialAction":[{"@type":"ReadAction","target":["https:\/\/www.kompetensforetagen.se\/produkt\/information-from-competence-agencies-of-sweden-about-legislative-changes-in-the-agency-work-act\/"]}]},{"@type":"ImageObject","inLanguage":"sv-SE","@id":"https:\/\/www.kompetensforetagen.se\/produkt\/information-from-competence-agencies-of-sweden-about-legislative-changes-in-the-agency-work-act\/#primaryimage","url":"https:\/\/www.kompetensforetagen.se\/app\/uploads\/sites\/5\/2023\/04\/Default-x2.png","contentUrl":"https:\/\/www.kompetensforetagen.se\/app\/uploads\/sites\/5\/2023\/04\/Default-x2.png","width":768,"height":576,"caption":"ABTU - Allm\u00e4nna best\u00e4mmelser f\u00f6r tj\u00e4nsteuppdrag"},{"@type":"BreadcrumbList","@id":"https:\/\/www.kompetensforetagen.se\/produkt\/information-from-competence-agencies-of-sweden-about-legislative-changes-in-the-agency-work-act\/#breadcrumb","itemListElement":[{"@type":"ListItem","position":1,"name":"Home","item":"https:\/\/www.kompetensforetagen.se\/"},{"@type":"ListItem","position":2,"name":"Webbutik","item":"https:\/\/www.kompetensforetagen.se\/butik\/"},{"@type":"ListItem","position":3,"name":"Information from Competence Agencies of Sweden about legislative changes in the Agency Work Act"}]},{"@type":"WebSite","@id":"https:\/\/www.kompetensforetagen.se\/#website","url":"https:\/\/www.kompetensforetagen.se\/","name":"Kompetensf\u00f6retagen","description":"R\u00e4tt person p\u00e5 r\u00e4tt plats kan f\u00f6r\u00e4ndra v\u00e4rlden","publisher":{"@id":"https:\/\/www.kompetensforetagen.se\/#organization"},"potentialAction":[{"@type":"SearchAction","target":{"@type":"EntryPoint","urlTemplate":"https:\/\/www.kompetensforetagen.se\/?s={search_term_string}"},"query-input":{"@type":"PropertyValueSpecification","valueRequired":true,"valueName":"search_term_string"}}],"inLanguage":"sv-SE"},{"@type":"Organization","@id":"https:\/\/www.kompetensforetagen.se\/#organization","name":"Kompetensf\u00f6retagen","url":"https:\/\/www.kompetensforetagen.se\/","logo":{"@type":"ImageObject","inLanguage":"sv-SE","@id":"https:\/\/www.kompetensforetagen.se\/#\/schema\/logo\/image\/","url":"https:\/\/www.kompetensforetagen.se\/app\/uploads\/sites\/5\/2022\/10\/logga_svart.png","contentUrl":"https:\/\/www.kompetensforetagen.se\/app\/uploads\/sites\/5\/2022\/10\/logga_svart.png","width":752,"height":64,"caption":"Kompetensf\u00f6retagen"},"image":{"@id":"https:\/\/www.kompetensforetagen.se\/#\/schema\/logo\/image\/"},"sameAs":["https:\/\/www.linkedin.com\/company\/10540032\/"]}]}},"_links":{"self":[{"href":"https:\/\/www.kompetensforetagen.se\/api\/wp\/v2\/product\/12581","targetHints":{"allow":["GET"]}}],"collection":[{"href":"https:\/\/www.kompetensforetagen.se\/api\/wp\/v2\/product"}],"about":[{"href":"https:\/\/www.kompetensforetagen.se\/api\/wp\/v2\/types\/product"}],"wp:featuredmedia":[{"embeddable":true,"href":"https:\/\/www.kompetensforetagen.se\/api\/wp\/v2\/media\/12596"}],"wp:attachment":[{"href":"https:\/\/www.kompetensforetagen.se\/api\/wp\/v2\/media?parent=12581"}],"wp:term":[{"taxonomy":"product_brand","embeddable":true,"href":"https:\/\/www.kompetensforetagen.se\/api\/wp\/v2\/product_brand?post=12581"},{"taxonomy":"product_cat","embeddable":true,"href":"https:\/\/www.kompetensforetagen.se\/api\/wp\/v2\/product_cat?post=12581"},{"taxonomy":"product_tag","embeddable":true,"href":"https:\/\/www.kompetensforetagen.se\/api\/wp\/v2\/product_tag?post=12581"}],"curies":[{"name":"wp","href":"https:\/\/api.w.org\/{rel}","templated":true}]}}

<!-- This site is optimized with the Yoast SEO Premium plugin v26.8 (Yoast SEO v26.8) - https://yoast.com/product/yoast-seo-premium-wordpress/ -->
<title>Information from Competence Agencies of Sweden about legislative changes in the Agency Work Act - Kompetensföretagen</title>
<meta name="description" content="Information on legislative changes in the Agency Work Act. Learn how the new rules affect staffing and hiring in Sweden." />
<meta name="robots" content="index, follow, max-snippet:-1, max-image-preview:large, max-video-preview:-1" />
<link rel="canonical" href="https://www.kompetensforetagen.se/produkt/information-from-competence-agencies-of-sweden-about-legislative-changes-in-the-agency-work-act/" />
<meta property="og:locale" content="sv_SE" />
<meta property="og:type" content="article" />
<meta property="og:title" content="Information from Competence Agencies of Sweden about legislative changes in the Agency Work Act" />
<meta property="og:description" content="Information on legislative changes in the Agency Work Act. Learn how the new rules affect staffing and hiring in Sweden." />
<meta property="og:url" content="https://www.kompetensforetagen.se/produkt/information-from-competence-agencies-of-sweden-about-legislative-changes-in-the-agency-work-act/" />
<meta property="og:site_name" content="Kompetensföretagen" />
<meta property="article:modified_time" content="2025-12-12T09:00:26+00:00" />
<meta property="og:image" content="https://www.kompetensforetagen.se/app/uploads/sites/5/2023/04/Default-x2.png" />
	<meta property="og:image:width" content="768" />
	<meta property="og:image:height" content="576" />
	<meta property="og:image:type" content="image/png" />
<meta name="twitter:card" content="summary_large_image" />
<meta name="twitter:label1" content="Beräknad lästid" />
	<meta name="twitter:data1" content="1 minut" />
<script type="application/ld+json" class="yoast-schema-graph">{"@context":"https://schema.org","@graph":[{"@type":"WebPage","@id":"https://www.kompetensforetagen.se/produkt/information-from-competence-agencies-of-sweden-about-legislative-changes-in-the-agency-work-act/","url":"https://www.kompetensforetagen.se/produkt/information-from-competence-agencies-of-sweden-about-legislative-changes-in-the-agency-work-act/","name":"Information from Competence Agencies of Sweden about legislative changes in the Agency Work Act - Kompetensföretagen","isPartOf":{"@id":"https://www.kompetensforetagen.se/#website"},"primaryImageOfPage":{"@id":"https://www.kompetensforetagen.se/produkt/information-from-competence-agencies-of-sweden-about-legislative-changes-in-the-agency-work-act/#primaryimage"},"image":{"@id":"https://www.kompetensforetagen.se/produkt/information-from-competence-agencies-of-sweden-about-legislative-changes-in-the-agency-work-act/#primaryimage"},"thumbnailUrl":"https://www.kompetensforetagen.se/app/uploads/sites/5/2023/04/Default-x2.png","datePublished":"2023-04-11T09:35:46+00:00","dateModified":"2025-12-12T09:00:26+00:00","description":"Information on legislative changes in the Agency Work Act. Learn how the new rules affect staffing and hiring in Sweden.","breadcrumb":{"@id":"https://www.kompetensforetagen.se/produkt/information-from-competence-agencies-of-sweden-about-legislative-changes-in-the-agency-work-act/#breadcrumb"},"inLanguage":"sv-SE","potentialAction":[{"@type":"ReadAction","target":["https://www.kompetensforetagen.se/produkt/information-from-competence-agencies-of-sweden-about-legislative-changes-in-the-agency-work-act/"]}]},{"@type":"ImageObject","inLanguage":"sv-SE","@id":"https://www.kompetensforetagen.se/produkt/information-from-competence-agencies-of-sweden-about-legislative-changes-in-the-agency-work-act/#primaryimage","url":"https://www.kompetensforetagen.se/app/uploads/sites/5/2023/04/Default-x2.png","contentUrl":"https://www.kompetensforetagen.se/app/uploads/sites/5/2023/04/Default-x2.png","width":768,"height":576,"caption":"ABTU - Allmänna bestämmelser för tjänsteuppdrag"},{"@type":"BreadcrumbList","@id":"https://www.kompetensforetagen.se/produkt/information-from-competence-agencies-of-sweden-about-legislative-changes-in-the-agency-work-act/#breadcrumb","itemListElement":[{"@type":"ListItem","position":1,"name":"Home","item":"https://www.kompetensforetagen.se/"},{"@type":"ListItem","position":2,"name":"Webbutik","item":"https://www.kompetensforetagen.se/butik/"},{"@type":"ListItem","position":3,"name":"Information from Competence Agencies of Sweden about legislative changes in the Agency Work Act"}]},{"@type":"WebSite","@id":"https://www.kompetensforetagen.se/#website","url":"https://www.kompetensforetagen.se/","name":"Kompetensföretagen","description":"Rätt person på rätt plats kan förändra världen","publisher":{"@id":"https://www.kompetensforetagen.se/#organization"},"potentialAction":[{"@type":"SearchAction","target":{"@type":"EntryPoint","urlTemplate":"https://www.kompetensforetagen.se/?s={search_term_string}"},"query-input":{"@type":"PropertyValueSpecification","valueRequired":true,"valueName":"search_term_string"}}],"inLanguage":"sv-SE"},{"@type":"Organization","@id":"https://www.kompetensforetagen.se/#organization","name":"Kompetensföretagen","url":"https://www.kompetensforetagen.se/","logo":{"@type":"ImageObject","inLanguage":"sv-SE","@id":"https://www.kompetensforetagen.se/#/schema/logo/image/","url":"https://www.kompetensforetagen.se/app/uploads/sites/5/2022/10/logga_svart.png","contentUrl":"https://www.kompetensforetagen.se/app/uploads/sites/5/2022/10/logga_svart.png","width":752,"height":64,"caption":"Kompetensföretagen"},"image":{"@id":"https://www.kompetensforetagen.se/#/schema/logo/image/"},"sameAs":["https://www.linkedin.com/company/10540032/"]}]}</script>
<!-- / Yoast SEO Premium plugin. -->

Information from Competence Agencies of Sweden about legislative changes in the Agency Work Act - Kompetensföretagen

Kompetensföretagen

ABTU - Allmänna bestämmelser för tjänsteuppdrag

Rätt person på rätt plats kan förändra världen
