{"id":12572,"date":"2023-04-11T11:35:45","date_gmt":"2023-04-11T09:35:45","guid":{"rendered":"https:\/\/dev.kompetensforetagen.se\/?post_type=product&#038;p=12572"},"modified":"2025-12-12T10:02:41","modified_gmt":"2025-12-12T09:02:41","slug":"general-terms-and-conditions-abss-10-leasing-of-qualified-professional-staff","status":"publish","type":"product","link":"https:\/\/www.kompetensforetagen.se\/produkt\/general-terms-and-conditions-abss-10-leasing-of-qualified-professional-staff\/","title":{"rendered":"General terms and conditions ABSS \u2013 10 Leasing of qualified professional staff"},"content":{"rendered":"","protected":false},"excerpt":{"rendered":"<p>ABSS-10 is applicable to the leasing of qualified professional staff by a staffing agency to a Client company. By the service of leasing qualified professional staff is meant the commercial and legal relationship between the staffing agency and the Client company whereby the staffing company is remunerated for leasing its own qualified professional employees or those of a subcontractor to the Client company to perform work related to the Client companys operations and under the control and management of the Client company. ABSS-10 is (just like ABPU-10) used when The Agency Work Act is applicable. The Agency Work Act applies to workers who are employed by temporary-work agencies for the purpose of being temporarily assigned to work for a user undertaking under the latter\u2019s supervision and direction. Temporary-work agency is in the The Agency Work Act defined as any natural or legal person who employs temporary agency workers in order to assign them to user undertakings to work under their supervision and direction.<\/p>\n","protected":false},"featured_media":12596,"template":"","meta":{"_acf_changed":false},"product_brand":[],"product_cat":[237],"product_tag":[],"class_list":{"0":"post-12572","1":"product","2":"type-product","3":"status-publish","4":"has-post-thumbnail","6":"product_cat-bemanning-andra-konsulttjanster","8":"first","9":"instock","10":"downloadable","11":"taxable","12":"shipping-taxable","13":"product-type-simple"},"acf":[],"yoast_head":"<!-- This site is optimized with the Yoast SEO Premium plugin v26.8 (Yoast SEO v26.8) - https:\/\/yoast.com\/product\/yoast-seo-premium-wordpress\/ -->\n<title>General terms and conditions ABSS \u2013 10 Leasing of qualified professional staff - Kompetensf\u00f6retagen<\/title>\n<meta name=\"description\" content=\"Download ABSS 10 (English). General Terms and Conditions for leasing of qualified professional staff in Sweden.\" \/>\n<meta name=\"robots\" content=\"index, follow, max-snippet:-1, max-image-preview:large, max-video-preview:-1\" \/>\n<link rel=\"canonical\" href=\"https:\/\/www.kompetensforetagen.se\/produkt\/general-terms-and-conditions-abss-10-leasing-of-qualified-professional-staff\/\" \/>\n<meta property=\"og:locale\" content=\"sv_SE\" \/>\n<meta property=\"og:type\" content=\"article\" \/>\n<meta property=\"og:title\" content=\"General terms and conditions ABSS \u2013 10 Leasing of qualified professional staff\" \/>\n<meta property=\"og:description\" content=\"Download ABSS 10 (English). General Terms and Conditions for leasing of qualified professional staff in Sweden.\" \/>\n<meta property=\"og:url\" content=\"https:\/\/www.kompetensforetagen.se\/produkt\/general-terms-and-conditions-abss-10-leasing-of-qualified-professional-staff\/\" \/>\n<meta property=\"og:site_name\" content=\"Kompetensf\u00f6retagen\" \/>\n<meta property=\"article:modified_time\" content=\"2025-12-12T09:02:41+00:00\" \/>\n<meta property=\"og:image\" content=\"https:\/\/www.kompetensforetagen.se\/app\/uploads\/sites\/5\/2023\/04\/Default-x2.png\" \/>\n\t<meta property=\"og:image:width\" content=\"768\" \/>\n\t<meta property=\"og:image:height\" content=\"576\" \/>\n\t<meta property=\"og:image:type\" content=\"image\/png\" \/>\n<meta name=\"twitter:card\" content=\"summary_large_image\" \/>\n<meta name=\"twitter:label1\" content=\"Ber\u00e4knad l\u00e4stid\" \/>\n\t<meta name=\"twitter:data1\" content=\"1 minut\" \/>\n<script type=\"application\/ld+json\" class=\"yoast-schema-graph\">{\"@context\":\"https:\/\/schema.org\",\"@graph\":[{\"@type\":\"WebPage\",\"@id\":\"https:\/\/www.kompetensforetagen.se\/produkt\/general-terms-and-conditions-abss-10-leasing-of-qualified-professional-staff\/\",\"url\":\"https:\/\/www.kompetensforetagen.se\/produkt\/general-terms-and-conditions-abss-10-leasing-of-qualified-professional-staff\/\",\"name\":\"General terms and conditions ABSS \u2013 10 Leasing of qualified professional staff - Kompetensf\u00f6retagen\",\"isPartOf\":{\"@id\":\"https:\/\/www.kompetensforetagen.se\/#website\"},\"primaryImageOfPage\":{\"@id\":\"https:\/\/www.kompetensforetagen.se\/produkt\/general-terms-and-conditions-abss-10-leasing-of-qualified-professional-staff\/#primaryimage\"},\"image\":{\"@id\":\"https:\/\/www.kompetensforetagen.se\/produkt\/general-terms-and-conditions-abss-10-leasing-of-qualified-professional-staff\/#primaryimage\"},\"thumbnailUrl\":\"https:\/\/www.kompetensforetagen.se\/app\/uploads\/sites\/5\/2023\/04\/Default-x2.png\",\"datePublished\":\"2023-04-11T09:35:45+00:00\",\"dateModified\":\"2025-12-12T09:02:41+00:00\",\"description\":\"Download ABSS 10 (English). General Terms and Conditions for leasing of qualified professional staff in Sweden.\",\"breadcrumb\":{\"@id\":\"https:\/\/www.kompetensforetagen.se\/produkt\/general-terms-and-conditions-abss-10-leasing-of-qualified-professional-staff\/#breadcrumb\"},\"inLanguage\":\"sv-SE\",\"potentialAction\":[{\"@type\":\"ReadAction\",\"target\":[\"https:\/\/www.kompetensforetagen.se\/produkt\/general-terms-and-conditions-abss-10-leasing-of-qualified-professional-staff\/\"]}]},{\"@type\":\"ImageObject\",\"inLanguage\":\"sv-SE\",\"@id\":\"https:\/\/www.kompetensforetagen.se\/produkt\/general-terms-and-conditions-abss-10-leasing-of-qualified-professional-staff\/#primaryimage\",\"url\":\"https:\/\/www.kompetensforetagen.se\/app\/uploads\/sites\/5\/2023\/04\/Default-x2.png\",\"contentUrl\":\"https:\/\/www.kompetensforetagen.se\/app\/uploads\/sites\/5\/2023\/04\/Default-x2.png\",\"width\":768,\"height\":576,\"caption\":\"ABTU - Allm\u00e4nna best\u00e4mmelser f\u00f6r tj\u00e4nsteuppdrag\"},{\"@type\":\"BreadcrumbList\",\"@id\":\"https:\/\/www.kompetensforetagen.se\/produkt\/general-terms-and-conditions-abss-10-leasing-of-qualified-professional-staff\/#breadcrumb\",\"itemListElement\":[{\"@type\":\"ListItem\",\"position\":1,\"name\":\"Home\",\"item\":\"https:\/\/www.kompetensforetagen.se\/\"},{\"@type\":\"ListItem\",\"position\":2,\"name\":\"Webbutik\",\"item\":\"https:\/\/www.kompetensforetagen.se\/butik\/\"},{\"@type\":\"ListItem\",\"position\":3,\"name\":\"General terms and conditions ABSS \u2013 10 Leasing of qualified professional staff\"}]},{\"@type\":\"WebSite\",\"@id\":\"https:\/\/www.kompetensforetagen.se\/#website\",\"url\":\"https:\/\/www.kompetensforetagen.se\/\",\"name\":\"Kompetensf\u00f6retagen\",\"description\":\"R\u00e4tt person p\u00e5 r\u00e4tt plats kan f\u00f6r\u00e4ndra v\u00e4rlden\",\"publisher\":{\"@id\":\"https:\/\/www.kompetensforetagen.se\/#organization\"},\"potentialAction\":[{\"@type\":\"SearchAction\",\"target\":{\"@type\":\"EntryPoint\",\"urlTemplate\":\"https:\/\/www.kompetensforetagen.se\/?s={search_term_string}\"},\"query-input\":{\"@type\":\"PropertyValueSpecification\",\"valueRequired\":true,\"valueName\":\"search_term_string\"}}],\"inLanguage\":\"sv-SE\"},{\"@type\":\"Organization\",\"@id\":\"https:\/\/www.kompetensforetagen.se\/#organization\",\"name\":\"Kompetensf\u00f6retagen\",\"url\":\"https:\/\/www.kompetensforetagen.se\/\",\"logo\":{\"@type\":\"ImageObject\",\"inLanguage\":\"sv-SE\",\"@id\":\"https:\/\/www.kompetensforetagen.se\/#\/schema\/logo\/image\/\",\"url\":\"https:\/\/www.kompetensforetagen.se\/app\/uploads\/sites\/5\/2022\/10\/logga_svart.png\",\"contentUrl\":\"https:\/\/www.kompetensforetagen.se\/app\/uploads\/sites\/5\/2022\/10\/logga_svart.png\",\"width\":752,\"height\":64,\"caption\":\"Kompetensf\u00f6retagen\"},\"image\":{\"@id\":\"https:\/\/www.kompetensforetagen.se\/#\/schema\/logo\/image\/\"},\"sameAs\":[\"https:\/\/www.linkedin.com\/company\/10540032\/\"]}]}<\/script>\n<!-- \/ Yoast SEO Premium plugin. -->","yoast_head_json":{"title":"General terms and conditions ABSS \u2013 10 Leasing of qualified professional staff - Kompetensf\u00f6retagen","description":"Download ABSS 10 (English). General Terms and Conditions for leasing of qualified professional staff in Sweden.","robots":{"index":"index","follow":"follow","max-snippet":"max-snippet:-1","max-image-preview":"max-image-preview:large","max-video-preview":"max-video-preview:-1"},"canonical":"https:\/\/www.kompetensforetagen.se\/produkt\/general-terms-and-conditions-abss-10-leasing-of-qualified-professional-staff\/","og_locale":"sv_SE","og_type":"article","og_title":"General terms and conditions ABSS \u2013 10 Leasing of qualified professional staff","og_description":"Download ABSS 10 (English). General Terms and Conditions for leasing of qualified professional staff in Sweden.","og_url":"https:\/\/www.kompetensforetagen.se\/produkt\/general-terms-and-conditions-abss-10-leasing-of-qualified-professional-staff\/","og_site_name":"Kompetensf\u00f6retagen","article_modified_time":"2025-12-12T09:02:41+00:00","og_image":[{"width":768,"height":576,"url":"https:\/\/www.kompetensforetagen.se\/app\/uploads\/sites\/5\/2023\/04\/Default-x2.png","type":"image\/png"}],"twitter_card":"summary_large_image","twitter_misc":{"Ber\u00e4knad l\u00e4stid":"1 minut"},"schema":{"@context":"https:\/\/schema.org","@graph":[{"@type":"WebPage","@id":"https:\/\/www.kompetensforetagen.se\/produkt\/general-terms-and-conditions-abss-10-leasing-of-qualified-professional-staff\/","url":"https:\/\/www.kompetensforetagen.se\/produkt\/general-terms-and-conditions-abss-10-leasing-of-qualified-professional-staff\/","name":"General terms and conditions ABSS \u2013 10 Leasing of qualified professional staff - Kompetensf\u00f6retagen","isPartOf":{"@id":"https:\/\/www.kompetensforetagen.se\/#website"},"primaryImageOfPage":{"@id":"https:\/\/www.kompetensforetagen.se\/produkt\/general-terms-and-conditions-abss-10-leasing-of-qualified-professional-staff\/#primaryimage"},"image":{"@id":"https:\/\/www.kompetensforetagen.se\/produkt\/general-terms-and-conditions-abss-10-leasing-of-qualified-professional-staff\/#primaryimage"},"thumbnailUrl":"https:\/\/www.kompetensforetagen.se\/app\/uploads\/sites\/5\/2023\/04\/Default-x2.png","datePublished":"2023-04-11T09:35:45+00:00","dateModified":"2025-12-12T09:02:41+00:00","description":"Download ABSS 10 (English). General Terms and Conditions for leasing of qualified professional staff in Sweden.","breadcrumb":{"@id":"https:\/\/www.kompetensforetagen.se\/produkt\/general-terms-and-conditions-abss-10-leasing-of-qualified-professional-staff\/#breadcrumb"},"inLanguage":"sv-SE","potentialAction":[{"@type":"ReadAction","target":["https:\/\/www.kompetensforetagen.se\/produkt\/general-terms-and-conditions-abss-10-leasing-of-qualified-professional-staff\/"]}]},{"@type":"ImageObject","inLanguage":"sv-SE","@id":"https:\/\/www.kompetensforetagen.se\/produkt\/general-terms-and-conditions-abss-10-leasing-of-qualified-professional-staff\/#primaryimage","url":"https:\/\/www.kompetensforetagen.se\/app\/uploads\/sites\/5\/2023\/04\/Default-x2.png","contentUrl":"https:\/\/www.kompetensforetagen.se\/app\/uploads\/sites\/5\/2023\/04\/Default-x2.png","width":768,"height":576,"caption":"ABTU - Allm\u00e4nna best\u00e4mmelser f\u00f6r tj\u00e4nsteuppdrag"},{"@type":"BreadcrumbList","@id":"https:\/\/www.kompetensforetagen.se\/produkt\/general-terms-and-conditions-abss-10-leasing-of-qualified-professional-staff\/#breadcrumb","itemListElement":[{"@type":"ListItem","position":1,"name":"Home","item":"https:\/\/www.kompetensforetagen.se\/"},{"@type":"ListItem","position":2,"name":"Webbutik","item":"https:\/\/www.kompetensforetagen.se\/butik\/"},{"@type":"ListItem","position":3,"name":"General terms and conditions ABSS \u2013 10 Leasing of qualified professional staff"}]},{"@type":"WebSite","@id":"https:\/\/www.kompetensforetagen.se\/#website","url":"https:\/\/www.kompetensforetagen.se\/","name":"Kompetensf\u00f6retagen","description":"R\u00e4tt person p\u00e5 r\u00e4tt plats kan f\u00f6r\u00e4ndra v\u00e4rlden","publisher":{"@id":"https:\/\/www.kompetensforetagen.se\/#organization"},"potentialAction":[{"@type":"SearchAction","target":{"@type":"EntryPoint","urlTemplate":"https:\/\/www.kompetensforetagen.se\/?s={search_term_string}"},"query-input":{"@type":"PropertyValueSpecification","valueRequired":true,"valueName":"search_term_string"}}],"inLanguage":"sv-SE"},{"@type":"Organization","@id":"https:\/\/www.kompetensforetagen.se\/#organization","name":"Kompetensf\u00f6retagen","url":"https:\/\/www.kompetensforetagen.se\/","logo":{"@type":"ImageObject","inLanguage":"sv-SE","@id":"https:\/\/www.kompetensforetagen.se\/#\/schema\/logo\/image\/","url":"https:\/\/www.kompetensforetagen.se\/app\/uploads\/sites\/5\/2022\/10\/logga_svart.png","contentUrl":"https:\/\/www.kompetensforetagen.se\/app\/uploads\/sites\/5\/2022\/10\/logga_svart.png","width":752,"height":64,"caption":"Kompetensf\u00f6retagen"},"image":{"@id":"https:\/\/www.kompetensforetagen.se\/#\/schema\/logo\/image\/"},"sameAs":["https:\/\/www.linkedin.com\/company\/10540032\/"]}]}},"_links":{"self":[{"href":"https:\/\/www.kompetensforetagen.se\/api\/wp\/v2\/product\/12572","targetHints":{"allow":["GET"]}}],"collection":[{"href":"https:\/\/www.kompetensforetagen.se\/api\/wp\/v2\/product"}],"about":[{"href":"https:\/\/www.kompetensforetagen.se\/api\/wp\/v2\/types\/product"}],"wp:featuredmedia":[{"embeddable":true,"href":"https:\/\/www.kompetensforetagen.se\/api\/wp\/v2\/media\/12596"}],"wp:attachment":[{"href":"https:\/\/www.kompetensforetagen.se\/api\/wp\/v2\/media?parent=12572"}],"wp:term":[{"taxonomy":"product_brand","embeddable":true,"href":"https:\/\/www.kompetensforetagen.se\/api\/wp\/v2\/product_brand?post=12572"},{"taxonomy":"product_cat","embeddable":true,"href":"https:\/\/www.kompetensforetagen.se\/api\/wp\/v2\/product_cat?post=12572"},{"taxonomy":"product_tag","embeddable":true,"href":"https:\/\/www.kompetensforetagen.se\/api\/wp\/v2\/product_tag?post=12572"}],"curies":[{"name":"wp","href":"https:\/\/api.w.org\/{rel}","templated":true}]}}

<!-- This site is optimized with the Yoast SEO Premium plugin v26.8 (Yoast SEO v26.8) - https://yoast.com/product/yoast-seo-premium-wordpress/ -->
<title>General terms and conditions ABSS – 10 Leasing of qualified professional staff - Kompetensföretagen</title>
<meta name="description" content="Download ABSS 10 (English). General Terms and Conditions for leasing of qualified professional staff in Sweden." />
<meta name="robots" content="index, follow, max-snippet:-1, max-image-preview:large, max-video-preview:-1" />
<link rel="canonical" href="https://www.kompetensforetagen.se/produkt/general-terms-and-conditions-abss-10-leasing-of-qualified-professional-staff/" />
<meta property="og:locale" content="sv_SE" />
<meta property="og:type" content="article" />
<meta property="og:title" content="General terms and conditions ABSS – 10 Leasing of qualified professional staff" />
<meta property="og:description" content="Download ABSS 10 (English). General Terms and Conditions for leasing of qualified professional staff in Sweden." />
<meta property="og:url" content="https://www.kompetensforetagen.se/produkt/general-terms-and-conditions-abss-10-leasing-of-qualified-professional-staff/" />
<meta property="og:site_name" content="Kompetensföretagen" />
<meta property="article:modified_time" content="2025-12-12T09:02:41+00:00" />
<meta property="og:image" content="https://www.kompetensforetagen.se/app/uploads/sites/5/2023/04/Default-x2.png" />
	<meta property="og:image:width" content="768" />
	<meta property="og:image:height" content="576" />
	<meta property="og:image:type" content="image/png" />
<meta name="twitter:card" content="summary_large_image" />
<meta name="twitter:label1" content="Beräknad lästid" />
	<meta name="twitter:data1" content="1 minut" />
<script type="application/ld+json" class="yoast-schema-graph">{"@context":"https://schema.org","@graph":[{"@type":"WebPage","@id":"https://www.kompetensforetagen.se/produkt/general-terms-and-conditions-abss-10-leasing-of-qualified-professional-staff/","url":"https://www.kompetensforetagen.se/produkt/general-terms-and-conditions-abss-10-leasing-of-qualified-professional-staff/","name":"General terms and conditions ABSS – 10 Leasing of qualified professional staff - Kompetensföretagen","isPartOf":{"@id":"https://www.kompetensforetagen.se/#website"},"primaryImageOfPage":{"@id":"https://www.kompetensforetagen.se/produkt/general-terms-and-conditions-abss-10-leasing-of-qualified-professional-staff/#primaryimage"},"image":{"@id":"https://www.kompetensforetagen.se/produkt/general-terms-and-conditions-abss-10-leasing-of-qualified-professional-staff/#primaryimage"},"thumbnailUrl":"https://www.kompetensforetagen.se/app/uploads/sites/5/2023/04/Default-x2.png","datePublished":"2023-04-11T09:35:45+00:00","dateModified":"2025-12-12T09:02:41+00:00","description":"Download ABSS 10 (English). General Terms and Conditions for leasing of qualified professional staff in Sweden.","breadcrumb":{"@id":"https://www.kompetensforetagen.se/produkt/general-terms-and-conditions-abss-10-leasing-of-qualified-professional-staff/#breadcrumb"},"inLanguage":"sv-SE","potentialAction":[{"@type":"ReadAction","target":["https://www.kompetensforetagen.se/produkt/general-terms-and-conditions-abss-10-leasing-of-qualified-professional-staff/"]}]},{"@type":"ImageObject","inLanguage":"sv-SE","@id":"https://www.kompetensforetagen.se/produkt/general-terms-and-conditions-abss-10-leasing-of-qualified-professional-staff/#primaryimage","url":"https://www.kompetensforetagen.se/app/uploads/sites/5/2023/04/Default-x2.png","contentUrl":"https://www.kompetensforetagen.se/app/uploads/sites/5/2023/04/Default-x2.png","width":768,"height":576,"caption":"ABTU - Allmänna bestämmelser för tjänsteuppdrag"},{"@type":"BreadcrumbList","@id":"https://www.kompetensforetagen.se/produkt/general-terms-and-conditions-abss-10-leasing-of-qualified-professional-staff/#breadcrumb","itemListElement":[{"@type":"ListItem","position":1,"name":"Home","item":"https://www.kompetensforetagen.se/"},{"@type":"ListItem","position":2,"name":"Webbutik","item":"https://www.kompetensforetagen.se/butik/"},{"@type":"ListItem","position":3,"name":"General terms and conditions ABSS – 10 Leasing of qualified professional staff"}]},{"@type":"WebSite","@id":"https://www.kompetensforetagen.se/#website","url":"https://www.kompetensforetagen.se/","name":"Kompetensföretagen","description":"Rätt person på rätt plats kan förändra världen","publisher":{"@id":"https://www.kompetensforetagen.se/#organization"},"potentialAction":[{"@type":"SearchAction","target":{"@type":"EntryPoint","urlTemplate":"https://www.kompetensforetagen.se/?s={search_term_string}"},"query-input":{"@type":"PropertyValueSpecification","valueRequired":true,"valueName":"search_term_string"}}],"inLanguage":"sv-SE"},{"@type":"Organization","@id":"https://www.kompetensforetagen.se/#organization","name":"Kompetensföretagen","url":"https://www.kompetensforetagen.se/","logo":{"@type":"ImageObject","inLanguage":"sv-SE","@id":"https://www.kompetensforetagen.se/#/schema/logo/image/","url":"https://www.kompetensforetagen.se/app/uploads/sites/5/2022/10/logga_svart.png","contentUrl":"https://www.kompetensforetagen.se/app/uploads/sites/5/2022/10/logga_svart.png","width":752,"height":64,"caption":"Kompetensföretagen"},"image":{"@id":"https://www.kompetensforetagen.se/#/schema/logo/image/"},"sameAs":["https://www.linkedin.com/company/10540032/"]}]}</script>
<!-- / Yoast SEO Premium plugin. -->

General terms and conditions ABSS – 10 Leasing of qualified professional staff - Kompetensföretagen

Kompetensföretagen

ABTU - Allmänna bestämmelser för tjänsteuppdrag

Rätt person på rätt plats kan förändra världen
