{"id":12569,"date":"2023-04-11T11:35:45","date_gmt":"2023-04-11T09:35:45","guid":{"rendered":"https:\/\/dev.kompetensforetagen.se\/?post_type=product&#038;p=12569"},"modified":"2025-12-12T10:44:17","modified_gmt":"2025-12-12T09:44:17","slug":"allmanna-bestammelser-abre-10-rekrytering","status":"publish","type":"product","link":"https:\/\/www.kompetensforetagen.se\/produkt\/allmanna-bestammelser-abre-10-rekrytering\/","title":{"rendered":"Allm\u00e4nna best\u00e4mmelser ABRE \u2013 10 Rekrytering"},"content":{"rendered":"","protected":false},"excerpt":{"rendered":"<p>ABRE-10 anv\u00e4nds vid rekryteringsuppdrag, dvs. uppdrag som inneb\u00e4r att kunden avser att anst\u00e4lla en eller flera personer som leverant\u00f6ren f\u00e5r i uppdrag att v\u00e4lja ut och presentera f\u00f6r kunden.<\/p>\n","protected":false},"featured_media":12596,"template":"","meta":{"_acf_changed":false},"product_brand":[],"product_cat":[238],"product_tag":[],"class_list":{"0":"post-12569","1":"product","2":"type-product","3":"status-publish","4":"has-post-thumbnail","6":"product_cat-rekrytering","8":"first","9":"instock","10":"downloadable","11":"taxable","12":"shipping-taxable","13":"product-type-simple"},"acf":[],"yoast_head":"<!-- This site is optimized with the Yoast SEO Premium plugin v26.8 (Yoast SEO v26.8) - https:\/\/yoast.com\/product\/yoast-seo-premium-wordpress\/ -->\n<title>Allm\u00e4nna best\u00e4mmelser ABRE \u2013 10 Rekrytering - Kompetensf\u00f6retagen<\/title>\n<meta name=\"description\" content=\"Ladda ner ABRE 10. Allm\u00e4nna best\u00e4mmelser f\u00f6r rekrytering \u2013 branschstandarden f\u00f6r trygga och tydliga rekryteringsuppdrag.\" \/>\n<meta name=\"robots\" content=\"index, follow, max-snippet:-1, max-image-preview:large, max-video-preview:-1\" \/>\n<link rel=\"canonical\" href=\"https:\/\/www.kompetensforetagen.se\/produkt\/allmanna-bestammelser-abre-10-rekrytering\/\" \/>\n<meta property=\"og:locale\" content=\"sv_SE\" \/>\n<meta property=\"og:type\" content=\"article\" \/>\n<meta property=\"og:title\" content=\"Allm\u00e4nna best\u00e4mmelser ABRE \u2013 10 Rekrytering\" \/>\n<meta property=\"og:description\" content=\"Ladda ner ABRE 10. Allm\u00e4nna best\u00e4mmelser f\u00f6r rekrytering \u2013 branschstandarden f\u00f6r trygga och tydliga rekryteringsuppdrag.\" \/>\n<meta property=\"og:url\" content=\"https:\/\/www.kompetensforetagen.se\/produkt\/allmanna-bestammelser-abre-10-rekrytering\/\" \/>\n<meta property=\"og:site_name\" content=\"Kompetensf\u00f6retagen\" \/>\n<meta property=\"article:modified_time\" content=\"2025-12-12T09:44:17+00:00\" \/>\n<meta property=\"og:image\" content=\"https:\/\/www.kompetensforetagen.se\/app\/uploads\/sites\/5\/2023\/04\/Default-x2.png\" \/>\n\t<meta property=\"og:image:width\" content=\"768\" \/>\n\t<meta property=\"og:image:height\" content=\"576\" \/>\n\t<meta property=\"og:image:type\" content=\"image\/png\" \/>\n<meta name=\"twitter:card\" content=\"summary_large_image\" \/>\n<meta name=\"twitter:label1\" content=\"Ber\u00e4knad l\u00e4stid\" \/>\n\t<meta name=\"twitter:data1\" content=\"1 minut\" \/>\n<script type=\"application\/ld+json\" class=\"yoast-schema-graph\">{\"@context\":\"https:\/\/schema.org\",\"@graph\":[{\"@type\":\"WebPage\",\"@id\":\"https:\/\/www.kompetensforetagen.se\/produkt\/allmanna-bestammelser-abre-10-rekrytering\/\",\"url\":\"https:\/\/www.kompetensforetagen.se\/produkt\/allmanna-bestammelser-abre-10-rekrytering\/\",\"name\":\"Allm\u00e4nna best\u00e4mmelser ABRE \u2013 10 Rekrytering - Kompetensf\u00f6retagen\",\"isPartOf\":{\"@id\":\"https:\/\/www.kompetensforetagen.se\/#website\"},\"primaryImageOfPage\":{\"@id\":\"https:\/\/www.kompetensforetagen.se\/produkt\/allmanna-bestammelser-abre-10-rekrytering\/#primaryimage\"},\"image\":{\"@id\":\"https:\/\/www.kompetensforetagen.se\/produkt\/allmanna-bestammelser-abre-10-rekrytering\/#primaryimage\"},\"thumbnailUrl\":\"https:\/\/www.kompetensforetagen.se\/app\/uploads\/sites\/5\/2023\/04\/Default-x2.png\",\"datePublished\":\"2023-04-11T09:35:45+00:00\",\"dateModified\":\"2025-12-12T09:44:17+00:00\",\"description\":\"Ladda ner ABRE 10. Allm\u00e4nna best\u00e4mmelser f\u00f6r rekrytering \u2013 branschstandarden f\u00f6r trygga och tydliga rekryteringsuppdrag.\",\"breadcrumb\":{\"@id\":\"https:\/\/www.kompetensforetagen.se\/produkt\/allmanna-bestammelser-abre-10-rekrytering\/#breadcrumb\"},\"inLanguage\":\"sv-SE\",\"potentialAction\":[{\"@type\":\"ReadAction\",\"target\":[\"https:\/\/www.kompetensforetagen.se\/produkt\/allmanna-bestammelser-abre-10-rekrytering\/\"]}]},{\"@type\":\"ImageObject\",\"inLanguage\":\"sv-SE\",\"@id\":\"https:\/\/www.kompetensforetagen.se\/produkt\/allmanna-bestammelser-abre-10-rekrytering\/#primaryimage\",\"url\":\"https:\/\/www.kompetensforetagen.se\/app\/uploads\/sites\/5\/2023\/04\/Default-x2.png\",\"contentUrl\":\"https:\/\/www.kompetensforetagen.se\/app\/uploads\/sites\/5\/2023\/04\/Default-x2.png\",\"width\":768,\"height\":576,\"caption\":\"ABTU - Allm\u00e4nna best\u00e4mmelser f\u00f6r tj\u00e4nsteuppdrag\"},{\"@type\":\"BreadcrumbList\",\"@id\":\"https:\/\/www.kompetensforetagen.se\/produkt\/allmanna-bestammelser-abre-10-rekrytering\/#breadcrumb\",\"itemListElement\":[{\"@type\":\"ListItem\",\"position\":1,\"name\":\"Home\",\"item\":\"https:\/\/www.kompetensforetagen.se\/\"},{\"@type\":\"ListItem\",\"position\":2,\"name\":\"Webbutik\",\"item\":\"https:\/\/www.kompetensforetagen.se\/butik\/\"},{\"@type\":\"ListItem\",\"position\":3,\"name\":\"Allm\u00e4nna best\u00e4mmelser ABRE \u2013 10 Rekrytering\"}]},{\"@type\":\"WebSite\",\"@id\":\"https:\/\/www.kompetensforetagen.se\/#website\",\"url\":\"https:\/\/www.kompetensforetagen.se\/\",\"name\":\"Kompetensf\u00f6retagen\",\"description\":\"R\u00e4tt person p\u00e5 r\u00e4tt plats kan f\u00f6r\u00e4ndra v\u00e4rlden\",\"publisher\":{\"@id\":\"https:\/\/www.kompetensforetagen.se\/#organization\"},\"potentialAction\":[{\"@type\":\"SearchAction\",\"target\":{\"@type\":\"EntryPoint\",\"urlTemplate\":\"https:\/\/www.kompetensforetagen.se\/?s={search_term_string}\"},\"query-input\":{\"@type\":\"PropertyValueSpecification\",\"valueRequired\":true,\"valueName\":\"search_term_string\"}}],\"inLanguage\":\"sv-SE\"},{\"@type\":\"Organization\",\"@id\":\"https:\/\/www.kompetensforetagen.se\/#organization\",\"name\":\"Kompetensf\u00f6retagen\",\"url\":\"https:\/\/www.kompetensforetagen.se\/\",\"logo\":{\"@type\":\"ImageObject\",\"inLanguage\":\"sv-SE\",\"@id\":\"https:\/\/www.kompetensforetagen.se\/#\/schema\/logo\/image\/\",\"url\":\"https:\/\/www.kompetensforetagen.se\/app\/uploads\/sites\/5\/2022\/10\/logga_svart.png\",\"contentUrl\":\"https:\/\/www.kompetensforetagen.se\/app\/uploads\/sites\/5\/2022\/10\/logga_svart.png\",\"width\":752,\"height\":64,\"caption\":\"Kompetensf\u00f6retagen\"},\"image\":{\"@id\":\"https:\/\/www.kompetensforetagen.se\/#\/schema\/logo\/image\/\"},\"sameAs\":[\"https:\/\/www.linkedin.com\/company\/10540032\/\"]}]}<\/script>\n<!-- \/ Yoast SEO Premium plugin. -->","yoast_head_json":{"title":"Allm\u00e4nna best\u00e4mmelser ABRE \u2013 10 Rekrytering - Kompetensf\u00f6retagen","description":"Ladda ner ABRE 10. Allm\u00e4nna best\u00e4mmelser f\u00f6r rekrytering \u2013 branschstandarden f\u00f6r trygga och tydliga rekryteringsuppdrag.","robots":{"index":"index","follow":"follow","max-snippet":"max-snippet:-1","max-image-preview":"max-image-preview:large","max-video-preview":"max-video-preview:-1"},"canonical":"https:\/\/www.kompetensforetagen.se\/produkt\/allmanna-bestammelser-abre-10-rekrytering\/","og_locale":"sv_SE","og_type":"article","og_title":"Allm\u00e4nna best\u00e4mmelser ABRE \u2013 10 Rekrytering","og_description":"Ladda ner ABRE 10. Allm\u00e4nna best\u00e4mmelser f\u00f6r rekrytering \u2013 branschstandarden f\u00f6r trygga och tydliga rekryteringsuppdrag.","og_url":"https:\/\/www.kompetensforetagen.se\/produkt\/allmanna-bestammelser-abre-10-rekrytering\/","og_site_name":"Kompetensf\u00f6retagen","article_modified_time":"2025-12-12T09:44:17+00:00","og_image":[{"width":768,"height":576,"url":"https:\/\/www.kompetensforetagen.se\/app\/uploads\/sites\/5\/2023\/04\/Default-x2.png","type":"image\/png"}],"twitter_card":"summary_large_image","twitter_misc":{"Ber\u00e4knad l\u00e4stid":"1 minut"},"schema":{"@context":"https:\/\/schema.org","@graph":[{"@type":"WebPage","@id":"https:\/\/www.kompetensforetagen.se\/produkt\/allmanna-bestammelser-abre-10-rekrytering\/","url":"https:\/\/www.kompetensforetagen.se\/produkt\/allmanna-bestammelser-abre-10-rekrytering\/","name":"Allm\u00e4nna best\u00e4mmelser ABRE \u2013 10 Rekrytering - Kompetensf\u00f6retagen","isPartOf":{"@id":"https:\/\/www.kompetensforetagen.se\/#website"},"primaryImageOfPage":{"@id":"https:\/\/www.kompetensforetagen.se\/produkt\/allmanna-bestammelser-abre-10-rekrytering\/#primaryimage"},"image":{"@id":"https:\/\/www.kompetensforetagen.se\/produkt\/allmanna-bestammelser-abre-10-rekrytering\/#primaryimage"},"thumbnailUrl":"https:\/\/www.kompetensforetagen.se\/app\/uploads\/sites\/5\/2023\/04\/Default-x2.png","datePublished":"2023-04-11T09:35:45+00:00","dateModified":"2025-12-12T09:44:17+00:00","description":"Ladda ner ABRE 10. Allm\u00e4nna best\u00e4mmelser f\u00f6r rekrytering \u2013 branschstandarden f\u00f6r trygga och tydliga rekryteringsuppdrag.","breadcrumb":{"@id":"https:\/\/www.kompetensforetagen.se\/produkt\/allmanna-bestammelser-abre-10-rekrytering\/#breadcrumb"},"inLanguage":"sv-SE","potentialAction":[{"@type":"ReadAction","target":["https:\/\/www.kompetensforetagen.se\/produkt\/allmanna-bestammelser-abre-10-rekrytering\/"]}]},{"@type":"ImageObject","inLanguage":"sv-SE","@id":"https:\/\/www.kompetensforetagen.se\/produkt\/allmanna-bestammelser-abre-10-rekrytering\/#primaryimage","url":"https:\/\/www.kompetensforetagen.se\/app\/uploads\/sites\/5\/2023\/04\/Default-x2.png","contentUrl":"https:\/\/www.kompetensforetagen.se\/app\/uploads\/sites\/5\/2023\/04\/Default-x2.png","width":768,"height":576,"caption":"ABTU - Allm\u00e4nna best\u00e4mmelser f\u00f6r tj\u00e4nsteuppdrag"},{"@type":"BreadcrumbList","@id":"https:\/\/www.kompetensforetagen.se\/produkt\/allmanna-bestammelser-abre-10-rekrytering\/#breadcrumb","itemListElement":[{"@type":"ListItem","position":1,"name":"Home","item":"https:\/\/www.kompetensforetagen.se\/"},{"@type":"ListItem","position":2,"name":"Webbutik","item":"https:\/\/www.kompetensforetagen.se\/butik\/"},{"@type":"ListItem","position":3,"name":"Allm\u00e4nna best\u00e4mmelser ABRE \u2013 10 Rekrytering"}]},{"@type":"WebSite","@id":"https:\/\/www.kompetensforetagen.se\/#website","url":"https:\/\/www.kompetensforetagen.se\/","name":"Kompetensf\u00f6retagen","description":"R\u00e4tt person p\u00e5 r\u00e4tt plats kan f\u00f6r\u00e4ndra v\u00e4rlden","publisher":{"@id":"https:\/\/www.kompetensforetagen.se\/#organization"},"potentialAction":[{"@type":"SearchAction","target":{"@type":"EntryPoint","urlTemplate":"https:\/\/www.kompetensforetagen.se\/?s={search_term_string}"},"query-input":{"@type":"PropertyValueSpecification","valueRequired":true,"valueName":"search_term_string"}}],"inLanguage":"sv-SE"},{"@type":"Organization","@id":"https:\/\/www.kompetensforetagen.se\/#organization","name":"Kompetensf\u00f6retagen","url":"https:\/\/www.kompetensforetagen.se\/","logo":{"@type":"ImageObject","inLanguage":"sv-SE","@id":"https:\/\/www.kompetensforetagen.se\/#\/schema\/logo\/image\/","url":"https:\/\/www.kompetensforetagen.se\/app\/uploads\/sites\/5\/2022\/10\/logga_svart.png","contentUrl":"https:\/\/www.kompetensforetagen.se\/app\/uploads\/sites\/5\/2022\/10\/logga_svart.png","width":752,"height":64,"caption":"Kompetensf\u00f6retagen"},"image":{"@id":"https:\/\/www.kompetensforetagen.se\/#\/schema\/logo\/image\/"},"sameAs":["https:\/\/www.linkedin.com\/company\/10540032\/"]}]}},"_links":{"self":[{"href":"https:\/\/www.kompetensforetagen.se\/api\/wp\/v2\/product\/12569","targetHints":{"allow":["GET"]}}],"collection":[{"href":"https:\/\/www.kompetensforetagen.se\/api\/wp\/v2\/product"}],"about":[{"href":"https:\/\/www.kompetensforetagen.se\/api\/wp\/v2\/types\/product"}],"wp:featuredmedia":[{"embeddable":true,"href":"https:\/\/www.kompetensforetagen.se\/api\/wp\/v2\/media\/12596"}],"wp:attachment":[{"href":"https:\/\/www.kompetensforetagen.se\/api\/wp\/v2\/media?parent=12569"}],"wp:term":[{"taxonomy":"product_brand","embeddable":true,"href":"https:\/\/www.kompetensforetagen.se\/api\/wp\/v2\/product_brand?post=12569"},{"taxonomy":"product_cat","embeddable":true,"href":"https:\/\/www.kompetensforetagen.se\/api\/wp\/v2\/product_cat?post=12569"},{"taxonomy":"product_tag","embeddable":true,"href":"https:\/\/www.kompetensforetagen.se\/api\/wp\/v2\/product_tag?post=12569"}],"curies":[{"name":"wp","href":"https:\/\/api.w.org\/{rel}","templated":true}]}}

Allmänna bestämmelser ABRE – 10 Rekrytering

<p>ABRE-10 används vid rekryteringsuppdrag, dvs. uppdrag som innebär att kunden avser att anställa en eller flera personer som leverantören får i uppdrag att välja ut och presentera för kunden.</p>

<!-- This site is optimized with the Yoast SEO Premium plugin v26.8 (Yoast SEO v26.8) - https://yoast.com/product/yoast-seo-premium-wordpress/ -->
<title>Allmänna bestämmelser ABRE – 10 Rekrytering - Kompetensföretagen</title>
<meta name="description" content="Ladda ner ABRE 10. Allmänna bestämmelser för rekrytering – branschstandarden för trygga och tydliga rekryteringsuppdrag." />
<meta name="robots" content="index, follow, max-snippet:-1, max-image-preview:large, max-video-preview:-1" />
<link rel="canonical" href="https://www.kompetensforetagen.se/produkt/allmanna-bestammelser-abre-10-rekrytering/" />
<meta property="og:locale" content="sv_SE" />
<meta property="og:type" content="article" />
<meta property="og:title" content="Allmänna bestämmelser ABRE – 10 Rekrytering" />
<meta property="og:description" content="Ladda ner ABRE 10. Allmänna bestämmelser för rekrytering – branschstandarden för trygga och tydliga rekryteringsuppdrag." />
<meta property="og:url" content="https://www.kompetensforetagen.se/produkt/allmanna-bestammelser-abre-10-rekrytering/" />
<meta property="og:site_name" content="Kompetensföretagen" />
<meta property="article:modified_time" content="2025-12-12T09:44:17+00:00" />
<meta property="og:image" content="https://www.kompetensforetagen.se/app/uploads/sites/5/2023/04/Default-x2.png" />
	<meta property="og:image:width" content="768" />
	<meta property="og:image:height" content="576" />
	<meta property="og:image:type" content="image/png" />
<meta name="twitter:card" content="summary_large_image" />
<meta name="twitter:label1" content="Beräknad lästid" />
	<meta name="twitter:data1" content="1 minut" />
<script type="application/ld+json" class="yoast-schema-graph">{"@context":"https://schema.org","@graph":[{"@type":"WebPage","@id":"https://www.kompetensforetagen.se/produkt/allmanna-bestammelser-abre-10-rekrytering/","url":"https://www.kompetensforetagen.se/produkt/allmanna-bestammelser-abre-10-rekrytering/","name":"Allmänna bestämmelser ABRE – 10 Rekrytering - Kompetensföretagen","isPartOf":{"@id":"https://www.kompetensforetagen.se/#website"},"primaryImageOfPage":{"@id":"https://www.kompetensforetagen.se/produkt/allmanna-bestammelser-abre-10-rekrytering/#primaryimage"},"image":{"@id":"https://www.kompetensforetagen.se/produkt/allmanna-bestammelser-abre-10-rekrytering/#primaryimage"},"thumbnailUrl":"https://www.kompetensforetagen.se/app/uploads/sites/5/2023/04/Default-x2.png","datePublished":"2023-04-11T09:35:45+00:00","dateModified":"2025-12-12T09:44:17+00:00","description":"Ladda ner ABRE 10. Allmänna bestämmelser för rekrytering – branschstandarden för trygga och tydliga rekryteringsuppdrag.","breadcrumb":{"@id":"https://www.kompetensforetagen.se/produkt/allmanna-bestammelser-abre-10-rekrytering/#breadcrumb"},"inLanguage":"sv-SE","potentialAction":[{"@type":"ReadAction","target":["https://www.kompetensforetagen.se/produkt/allmanna-bestammelser-abre-10-rekrytering/"]}]},{"@type":"ImageObject","inLanguage":"sv-SE","@id":"https://www.kompetensforetagen.se/produkt/allmanna-bestammelser-abre-10-rekrytering/#primaryimage","url":"https://www.kompetensforetagen.se/app/uploads/sites/5/2023/04/Default-x2.png","contentUrl":"https://www.kompetensforetagen.se/app/uploads/sites/5/2023/04/Default-x2.png","width":768,"height":576,"caption":"ABTU - Allmänna bestämmelser för tjänsteuppdrag"},{"@type":"BreadcrumbList","@id":"https://www.kompetensforetagen.se/produkt/allmanna-bestammelser-abre-10-rekrytering/#breadcrumb","itemListElement":[{"@type":"ListItem","position":1,"name":"Home","item":"https://www.kompetensforetagen.se/"},{"@type":"ListItem","position":2,"name":"Webbutik","item":"https://www.kompetensforetagen.se/butik/"},{"@type":"ListItem","position":3,"name":"Allmänna bestämmelser ABRE – 10 Rekrytering"}]},{"@type":"WebSite","@id":"https://www.kompetensforetagen.se/#website","url":"https://www.kompetensforetagen.se/","name":"Kompetensföretagen","description":"Rätt person på rätt plats kan förändra världen","publisher":{"@id":"https://www.kompetensforetagen.se/#organization"},"potentialAction":[{"@type":"SearchAction","target":{"@type":"EntryPoint","urlTemplate":"https://www.kompetensforetagen.se/?s={search_term_string}"},"query-input":{"@type":"PropertyValueSpecification","valueRequired":true,"valueName":"search_term_string"}}],"inLanguage":"sv-SE"},{"@type":"Organization","@id":"https://www.kompetensforetagen.se/#organization","name":"Kompetensföretagen","url":"https://www.kompetensforetagen.se/","logo":{"@type":"ImageObject","inLanguage":"sv-SE","@id":"https://www.kompetensforetagen.se/#/schema/logo/image/","url":"https://www.kompetensforetagen.se/app/uploads/sites/5/2022/10/logga_svart.png","contentUrl":"https://www.kompetensforetagen.se/app/uploads/sites/5/2022/10/logga_svart.png","width":752,"height":64,"caption":"Kompetensföretagen"},"image":{"@id":"https://www.kompetensforetagen.se/#/schema/logo/image/"},"sameAs":["https://www.linkedin.com/company/10540032/"]}]}</script>
<!-- / Yoast SEO Premium plugin. -->

Allmänna bestämmelser ABRE – 10 Rekrytering - Kompetensföretagen

Ladda ner ABRE 10. Allmänna bestämmelser för rekrytering – branschstandarden för trygga och tydliga rekryteringsuppdrag.

Kompetensföretagen

ABTU - Allmänna bestämmelser för tjänsteuppdrag

Rätt person på rätt plats kan förändra världen
