{"id":18886,"date":"2024-12-10T10:15:10","date_gmt":"2024-12-10T09:15:10","guid":{"rendered":"https:\/\/www.kompetensforetagen.se\/?page_id=18886"},"modified":"2025-12-12T10:34:08","modified_gmt":"2025-12-12T09:34:08","slug":"24-manadersregelns-konsekvenser","status":"publish","type":"page","link":"https:\/\/www.kompetensforetagen.se\/24-manadersregelns-konsekvenser\/","title":{"rendered":"24-m\u00e5nadersregelns konsekvenser"},"content":{"rendered":"<div class=\"wp-block wp-block-core-paragraph\">\n<p>P\u00e5 uppdrag av Kompetensf\u00f6retagen har Demoskop genomf\u00f6rt en unders\u00f6kning bland v\u00e5ra medlemsf\u00f6retag om vilka konsekvenser 24-m\u00e5nadersregeln i uthyrningslagen har f\u00e5tt.<\/p>\n<\/div>\n\n<div id=\"block-iconlink-block_9629cb39d4e557b90714be878272e29d\" class=\"Icon-link Icon-link--arrow-tip\">\n      <a href=\"https:\/\/www.kompetensforetagen.se\/app\/uploads\/sites\/5\/2024\/12\/Kompetensforetagen_24-manadersregeln_Dec-2024_rapport-kvantitativ.pdf\" target=\"_blank\" class=\"Button is-button is-style-fill has-black-background-color has-black-border-color has-white-color Button--arrow-tip\">\n      <div class=\"Button__text\">\n        H\u00e4r hittar du unders\u00f6kningen\n      <\/div>\n      <div class=\"Button__arrow  arrow-tip \">\n                <div class=\"Button__line\"><\/div>\n                <svg class='icon icon--arrow-tip'  width=\"11\" height=\"16\" viewBox=\"0 0 11 16\" fill=\"none\" xmlns=\"http:\/\/www.w3.org\/2000\/svg\">\n<path d=\"M0.858398 15L9.2304 7.99664L0.967732 1.00001\" stroke=\"black\" stroke-width=\"2\" stroke-miterlimit=\"10\"\/>\n<\/svg>\n\n        <\/div>\n    <\/a>\n  <\/div>\n","protected":false},"excerpt":{"rendered":"<p>P\u00e5 uppdrag av Kompetensf\u00f6retagen har Demoskop genomf\u00f6rt en unders\u00f6kning bland v\u00e5ra medlemsf\u00f6retag om vilka konsekvenser 24-m\u00e5nadersregeln i uthyrningslagen har f\u00e5tt.<\/p>\n","protected":false},"author":222,"featured_media":18889,"parent":0,"menu_order":76,"comment_status":"closed","ping_status":"closed","template":"","meta":{"_acf_changed":false,"footnotes":""},"article_type":[],"agreement":[42],"for-members":[],"class_list":["post-18886","page","type-page","status-publish","has-post-thumbnail","hentry","agreement-9cce80f7-ff07-de11-b4e1-02bf9e69ca65"],"acf":[],"yoast_head":"<!-- This site is optimized with the Yoast SEO Premium plugin v26.8 (Yoast SEO v26.8) - https:\/\/yoast.com\/product\/yoast-seo-premium-wordpress\/ -->\n<title>24-m\u00e5nadersregelns konsekvenser - Kompetensf\u00f6retagen<\/title>\n<meta name=\"description\" content=\"24-m\u00e5nadersregelns konsekvenser. L\u00e4s om hur uthyrningslagen p\u00e5verkar inhyrning, anst\u00e4llningserbjudanden och kundens ansvar.\" \/>\n<meta name=\"robots\" content=\"index, follow, max-snippet:-1, max-image-preview:large, max-video-preview:-1\" \/>\n<link rel=\"canonical\" href=\"https:\/\/www.kompetensforetagen.se\/24-manadersregelns-konsekvenser\/\" \/>\n<meta property=\"og:locale\" content=\"sv_SE\" \/>\n<meta property=\"og:type\" content=\"article\" \/>\n<meta property=\"og:title\" content=\"24-m\u00e5nadersregelns konsekvenser\" \/>\n<meta property=\"og:description\" content=\"24-m\u00e5nadersregelns konsekvenser. L\u00e4s om hur uthyrningslagen p\u00e5verkar inhyrning, anst\u00e4llningserbjudanden och kundens ansvar.\" \/>\n<meta property=\"og:url\" content=\"https:\/\/www.kompetensforetagen.se\/24-manadersregelns-konsekvenser\/\" \/>\n<meta property=\"og:site_name\" content=\"Kompetensf\u00f6retagen\" \/>\n<meta property=\"article:modified_time\" content=\"2025-12-12T09:34:08+00:00\" \/>\n<meta property=\"og:image\" content=\"https:\/\/www.kompetensforetagen.se\/app\/uploads\/sites\/5\/2024\/12\/image.png\" \/>\n\t<meta property=\"og:image:width\" content=\"1000\" \/>\n\t<meta property=\"og:image:height\" content=\"563\" \/>\n\t<meta property=\"og:image:type\" content=\"image\/png\" \/>\n<meta name=\"twitter:card\" content=\"summary_large_image\" \/>\n<meta name=\"twitter:label1\" content=\"Ber\u00e4knad l\u00e4stid\" \/>\n\t<meta name=\"twitter:data1\" content=\"1 minut\" \/>\n<script type=\"application\/ld+json\" class=\"yoast-schema-graph\">{\"@context\":\"https:\/\/schema.org\",\"@graph\":[{\"@type\":\"WebPage\",\"@id\":\"https:\/\/www.kompetensforetagen.se\/24-manadersregelns-konsekvenser\/\",\"url\":\"https:\/\/www.kompetensforetagen.se\/24-manadersregelns-konsekvenser\/\",\"name\":\"24-m\u00e5nadersregelns konsekvenser - Kompetensf\u00f6retagen\",\"isPartOf\":{\"@id\":\"https:\/\/www.kompetensforetagen.se\/#website\"},\"primaryImageOfPage\":{\"@id\":\"https:\/\/www.kompetensforetagen.se\/24-manadersregelns-konsekvenser\/#primaryimage\"},\"image\":{\"@id\":\"https:\/\/www.kompetensforetagen.se\/24-manadersregelns-konsekvenser\/#primaryimage\"},\"thumbnailUrl\":\"https:\/\/www.kompetensforetagen.se\/app\/uploads\/sites\/5\/2024\/12\/image.png\",\"datePublished\":\"2024-12-10T09:15:10+00:00\",\"dateModified\":\"2025-12-12T09:34:08+00:00\",\"description\":\"24-m\u00e5nadersregelns konsekvenser. L\u00e4s om hur uthyrningslagen p\u00e5verkar inhyrning, anst\u00e4llningserbjudanden och kundens ansvar.\",\"breadcrumb\":{\"@id\":\"https:\/\/www.kompetensforetagen.se\/24-manadersregelns-konsekvenser\/#breadcrumb\"},\"inLanguage\":\"sv-SE\",\"potentialAction\":[{\"@type\":\"ReadAction\",\"target\":[\"https:\/\/www.kompetensforetagen.se\/24-manadersregelns-konsekvenser\/\"]}]},{\"@type\":\"ImageObject\",\"inLanguage\":\"sv-SE\",\"@id\":\"https:\/\/www.kompetensforetagen.se\/24-manadersregelns-konsekvenser\/#primaryimage\",\"url\":\"https:\/\/www.kompetensforetagen.se\/app\/uploads\/sites\/5\/2024\/12\/image.png\",\"contentUrl\":\"https:\/\/www.kompetensforetagen.se\/app\/uploads\/sites\/5\/2024\/12\/image.png\",\"width\":1000,\"height\":563},{\"@type\":\"BreadcrumbList\",\"@id\":\"https:\/\/www.kompetensforetagen.se\/24-manadersregelns-konsekvenser\/#breadcrumb\",\"itemListElement\":[{\"@type\":\"ListItem\",\"position\":1,\"name\":\"Home\",\"item\":\"https:\/\/www.kompetensforetagen.se\/\"},{\"@type\":\"ListItem\",\"position\":2,\"name\":\"24-m\u00e5nadersregelns konsekvenser\"}]},{\"@type\":\"WebSite\",\"@id\":\"https:\/\/www.kompetensforetagen.se\/#website\",\"url\":\"https:\/\/www.kompetensforetagen.se\/\",\"name\":\"Kompetensf\u00f6retagen\",\"description\":\"R\u00e4tt person p\u00e5 r\u00e4tt plats kan f\u00f6r\u00e4ndra v\u00e4rlden\",\"publisher\":{\"@id\":\"https:\/\/www.kompetensforetagen.se\/#organization\"},\"potentialAction\":[{\"@type\":\"SearchAction\",\"target\":{\"@type\":\"EntryPoint\",\"urlTemplate\":\"https:\/\/www.kompetensforetagen.se\/?s={search_term_string}\"},\"query-input\":{\"@type\":\"PropertyValueSpecification\",\"valueRequired\":true,\"valueName\":\"search_term_string\"}}],\"inLanguage\":\"sv-SE\"},{\"@type\":\"Organization\",\"@id\":\"https:\/\/www.kompetensforetagen.se\/#organization\",\"name\":\"Kompetensf\u00f6retagen\",\"url\":\"https:\/\/www.kompetensforetagen.se\/\",\"logo\":{\"@type\":\"ImageObject\",\"inLanguage\":\"sv-SE\",\"@id\":\"https:\/\/www.kompetensforetagen.se\/#\/schema\/logo\/image\/\",\"url\":\"https:\/\/www.kompetensforetagen.se\/app\/uploads\/sites\/5\/2022\/10\/logga_svart.png\",\"contentUrl\":\"https:\/\/www.kompetensforetagen.se\/app\/uploads\/sites\/5\/2022\/10\/logga_svart.png\",\"width\":752,\"height\":64,\"caption\":\"Kompetensf\u00f6retagen\"},\"image\":{\"@id\":\"https:\/\/www.kompetensforetagen.se\/#\/schema\/logo\/image\/\"},\"sameAs\":[\"https:\/\/www.linkedin.com\/company\/10540032\/\"]}]}<\/script>\n<!-- \/ Yoast SEO Premium plugin. -->","yoast_head_json":{"title":"24-m\u00e5nadersregelns konsekvenser - Kompetensf\u00f6retagen","description":"24-m\u00e5nadersregelns konsekvenser. L\u00e4s om hur uthyrningslagen p\u00e5verkar inhyrning, anst\u00e4llningserbjudanden och kundens ansvar.","robots":{"index":"index","follow":"follow","max-snippet":"max-snippet:-1","max-image-preview":"max-image-preview:large","max-video-preview":"max-video-preview:-1"},"canonical":"https:\/\/www.kompetensforetagen.se\/24-manadersregelns-konsekvenser\/","og_locale":"sv_SE","og_type":"article","og_title":"24-m\u00e5nadersregelns konsekvenser","og_description":"24-m\u00e5nadersregelns konsekvenser. L\u00e4s om hur uthyrningslagen p\u00e5verkar inhyrning, anst\u00e4llningserbjudanden och kundens ansvar.","og_url":"https:\/\/www.kompetensforetagen.se\/24-manadersregelns-konsekvenser\/","og_site_name":"Kompetensf\u00f6retagen","article_modified_time":"2025-12-12T09:34:08+00:00","og_image":[{"width":1000,"height":563,"url":"https:\/\/www.kompetensforetagen.se\/app\/uploads\/sites\/5\/2024\/12\/image.png","type":"image\/png"}],"twitter_card":"summary_large_image","twitter_misc":{"Ber\u00e4knad l\u00e4stid":"1 minut"},"schema":{"@context":"https:\/\/schema.org","@graph":[{"@type":"WebPage","@id":"https:\/\/www.kompetensforetagen.se\/24-manadersregelns-konsekvenser\/","url":"https:\/\/www.kompetensforetagen.se\/24-manadersregelns-konsekvenser\/","name":"24-m\u00e5nadersregelns konsekvenser - Kompetensf\u00f6retagen","isPartOf":{"@id":"https:\/\/www.kompetensforetagen.se\/#website"},"primaryImageOfPage":{"@id":"https:\/\/www.kompetensforetagen.se\/24-manadersregelns-konsekvenser\/#primaryimage"},"image":{"@id":"https:\/\/www.kompetensforetagen.se\/24-manadersregelns-konsekvenser\/#primaryimage"},"thumbnailUrl":"https:\/\/www.kompetensforetagen.se\/app\/uploads\/sites\/5\/2024\/12\/image.png","datePublished":"2024-12-10T09:15:10+00:00","dateModified":"2025-12-12T09:34:08+00:00","description":"24-m\u00e5nadersregelns konsekvenser. L\u00e4s om hur uthyrningslagen p\u00e5verkar inhyrning, anst\u00e4llningserbjudanden och kundens ansvar.","breadcrumb":{"@id":"https:\/\/www.kompetensforetagen.se\/24-manadersregelns-konsekvenser\/#breadcrumb"},"inLanguage":"sv-SE","potentialAction":[{"@type":"ReadAction","target":["https:\/\/www.kompetensforetagen.se\/24-manadersregelns-konsekvenser\/"]}]},{"@type":"ImageObject","inLanguage":"sv-SE","@id":"https:\/\/www.kompetensforetagen.se\/24-manadersregelns-konsekvenser\/#primaryimage","url":"https:\/\/www.kompetensforetagen.se\/app\/uploads\/sites\/5\/2024\/12\/image.png","contentUrl":"https:\/\/www.kompetensforetagen.se\/app\/uploads\/sites\/5\/2024\/12\/image.png","width":1000,"height":563},{"@type":"BreadcrumbList","@id":"https:\/\/www.kompetensforetagen.se\/24-manadersregelns-konsekvenser\/#breadcrumb","itemListElement":[{"@type":"ListItem","position":1,"name":"Home","item":"https:\/\/www.kompetensforetagen.se\/"},{"@type":"ListItem","position":2,"name":"24-m\u00e5nadersregelns konsekvenser"}]},{"@type":"WebSite","@id":"https:\/\/www.kompetensforetagen.se\/#website","url":"https:\/\/www.kompetensforetagen.se\/","name":"Kompetensf\u00f6retagen","description":"R\u00e4tt person p\u00e5 r\u00e4tt plats kan f\u00f6r\u00e4ndra v\u00e4rlden","publisher":{"@id":"https:\/\/www.kompetensforetagen.se\/#organization"},"potentialAction":[{"@type":"SearchAction","target":{"@type":"EntryPoint","urlTemplate":"https:\/\/www.kompetensforetagen.se\/?s={search_term_string}"},"query-input":{"@type":"PropertyValueSpecification","valueRequired":true,"valueName":"search_term_string"}}],"inLanguage":"sv-SE"},{"@type":"Organization","@id":"https:\/\/www.kompetensforetagen.se\/#organization","name":"Kompetensf\u00f6retagen","url":"https:\/\/www.kompetensforetagen.se\/","logo":{"@type":"ImageObject","inLanguage":"sv-SE","@id":"https:\/\/www.kompetensforetagen.se\/#\/schema\/logo\/image\/","url":"https:\/\/www.kompetensforetagen.se\/app\/uploads\/sites\/5\/2022\/10\/logga_svart.png","contentUrl":"https:\/\/www.kompetensforetagen.se\/app\/uploads\/sites\/5\/2022\/10\/logga_svart.png","width":752,"height":64,"caption":"Kompetensf\u00f6retagen"},"image":{"@id":"https:\/\/www.kompetensforetagen.se\/#\/schema\/logo\/image\/"},"sameAs":["https:\/\/www.linkedin.com\/company\/10540032\/"]}]}},"_links":{"self":[{"href":"https:\/\/www.kompetensforetagen.se\/api\/wp\/v2\/pages\/18886","targetHints":{"allow":["GET"]}}],"collection":[{"href":"https:\/\/www.kompetensforetagen.se\/api\/wp\/v2\/pages"}],"about":[{"href":"https:\/\/www.kompetensforetagen.se\/api\/wp\/v2\/types\/page"}],"author":[{"embeddable":true,"href":"https:\/\/www.kompetensforetagen.se\/api\/wp\/v2\/users\/222"}],"replies":[{"embeddable":true,"href":"https:\/\/www.kompetensforetagen.se\/api\/wp\/v2\/comments?post=18886"}],"version-history":[{"count":1,"href":"https:\/\/www.kompetensforetagen.se\/api\/wp\/v2\/pages\/18886\/revisions"}],"predecessor-version":[{"id":18890,"href":"https:\/\/www.kompetensforetagen.se\/api\/wp\/v2\/pages\/18886\/revisions\/18890"}],"wp:featuredmedia":[{"embeddable":true,"href":"https:\/\/www.kompetensforetagen.se\/api\/wp\/v2\/media\/18889"}],"wp:attachment":[{"href":"https:\/\/www.kompetensforetagen.se\/api\/wp\/v2\/media?parent=18886"}],"wp:term":[{"taxonomy":"type","embeddable":true,"href":"https:\/\/www.kompetensforetagen.se\/api\/wp\/v2\/article_type?post=18886"},{"taxonomy":"agreement","embeddable":true,"href":"https:\/\/www.kompetensforetagen.se\/api\/wp\/v2\/agreement?post=18886"},{"taxonomy":"for-members","embeddable":true,"href":"https:\/\/www.kompetensforetagen.se\/api\/wp\/v2\/for-members?post=18886"}],"curies":[{"name":"wp","href":"https:\/\/api.w.org\/{rel}","templated":true}]}}

24-månadersregelns konsekvenser

<div class="wp-block wp-block-core-paragraph">
<p>På uppdrag av Kompetensföretagen har Demoskop genomfört en undersökning bland våra medlemsföretag om vilka konsekvenser 24-månadersregeln i uthyrningslagen har fått.</p>
</div>

<div id="block-iconlink-block_9629cb39d4e557b90714be878272e29d" class="Icon-link Icon-link--arrow-tip">
      <a href="https://www.kompetensforetagen.se/app/uploads/sites/5/2024/12/Kompetensforetagen_24-manadersregeln_Dec-2024_rapport-kvantitativ.pdf" target="_blank" class="Button is-button is-style-fill has-black-background-color has-black-border-color has-white-color Button--arrow-tip">
      <div class="Button__text">
        Här hittar du undersökningen
      </div>
      <div class="Button__arrow  arrow-tip ">
                <div class="Button__line"></div>
                <svg class='icon icon--arrow-tip'  width="11" height="16" viewBox="0 0 11 16" fill="none" xmlns="http://www.w3.org/2000/svg">
<path d="M0.858398 15L9.2304 7.99664L0.967732 1.00001" stroke="black" stroke-width="2" stroke-miterlimit="10"/>
</svg>

        </div>
    </a>
  </div>

<p>På uppdrag av Kompetensföretagen har Demoskop genomfört en undersökning bland våra medlemsföretag om vilka konsekvenser 24-månadersregeln i uthyrningslagen har fått.</p>

<!-- This site is optimized with the Yoast SEO Premium plugin v26.8 (Yoast SEO v26.8) - https://yoast.com/product/yoast-seo-premium-wordpress/ -->
<title>24-månadersregelns konsekvenser - Kompetensföretagen</title>
<meta name="description" content="24-månadersregelns konsekvenser. Läs om hur uthyrningslagen påverkar inhyrning, anställningserbjudanden och kundens ansvar." />
<meta name="robots" content="index, follow, max-snippet:-1, max-image-preview:large, max-video-preview:-1" />
<link rel="canonical" href="https://www.kompetensforetagen.se/24-manadersregelns-konsekvenser/" />
<meta property="og:locale" content="sv_SE" />
<meta property="og:type" content="article" />
<meta property="og:title" content="24-månadersregelns konsekvenser" />
<meta property="og:description" content="24-månadersregelns konsekvenser. Läs om hur uthyrningslagen påverkar inhyrning, anställningserbjudanden och kundens ansvar." />
<meta property="og:url" content="https://www.kompetensforetagen.se/24-manadersregelns-konsekvenser/" />
<meta property="og:site_name" content="Kompetensföretagen" />
<meta property="article:modified_time" content="2025-12-12T09:34:08+00:00" />
<meta property="og:image" content="https://www.kompetensforetagen.se/app/uploads/sites/5/2024/12/image.png" />
	<meta property="og:image:width" content="1000" />
	<meta property="og:image:height" content="563" />
	<meta property="og:image:type" content="image/png" />
<meta name="twitter:card" content="summary_large_image" />
<meta name="twitter:label1" content="Beräknad lästid" />
	<meta name="twitter:data1" content="1 minut" />
<script type="application/ld+json" class="yoast-schema-graph">{"@context":"https://schema.org","@graph":[{"@type":"WebPage","@id":"https://www.kompetensforetagen.se/24-manadersregelns-konsekvenser/","url":"https://www.kompetensforetagen.se/24-manadersregelns-konsekvenser/","name":"24-månadersregelns konsekvenser - Kompetensföretagen","isPartOf":{"@id":"https://www.kompetensforetagen.se/#website"},"primaryImageOfPage":{"@id":"https://www.kompetensforetagen.se/24-manadersregelns-konsekvenser/#primaryimage"},"image":{"@id":"https://www.kompetensforetagen.se/24-manadersregelns-konsekvenser/#primaryimage"},"thumbnailUrl":"https://www.kompetensforetagen.se/app/uploads/sites/5/2024/12/image.png","datePublished":"2024-12-10T09:15:10+00:00","dateModified":"2025-12-12T09:34:08+00:00","description":"24-månadersregelns konsekvenser. Läs om hur uthyrningslagen påverkar inhyrning, anställningserbjudanden och kundens ansvar.","breadcrumb":{"@id":"https://www.kompetensforetagen.se/24-manadersregelns-konsekvenser/#breadcrumb"},"inLanguage":"sv-SE","potentialAction":[{"@type":"ReadAction","target":["https://www.kompetensforetagen.se/24-manadersregelns-konsekvenser/"]}]},{"@type":"ImageObject","inLanguage":"sv-SE","@id":"https://www.kompetensforetagen.se/24-manadersregelns-konsekvenser/#primaryimage","url":"https://www.kompetensforetagen.se/app/uploads/sites/5/2024/12/image.png","contentUrl":"https://www.kompetensforetagen.se/app/uploads/sites/5/2024/12/image.png","width":1000,"height":563},{"@type":"BreadcrumbList","@id":"https://www.kompetensforetagen.se/24-manadersregelns-konsekvenser/#breadcrumb","itemListElement":[{"@type":"ListItem","position":1,"name":"Home","item":"https://www.kompetensforetagen.se/"},{"@type":"ListItem","position":2,"name":"24-månadersregelns konsekvenser"}]},{"@type":"WebSite","@id":"https://www.kompetensforetagen.se/#website","url":"https://www.kompetensforetagen.se/","name":"Kompetensföretagen","description":"Rätt person på rätt plats kan förändra världen","publisher":{"@id":"https://www.kompetensforetagen.se/#organization"},"potentialAction":[{"@type":"SearchAction","target":{"@type":"EntryPoint","urlTemplate":"https://www.kompetensforetagen.se/?s={search_term_string}"},"query-input":{"@type":"PropertyValueSpecification","valueRequired":true,"valueName":"search_term_string"}}],"inLanguage":"sv-SE"},{"@type":"Organization","@id":"https://www.kompetensforetagen.se/#organization","name":"Kompetensföretagen","url":"https://www.kompetensforetagen.se/","logo":{"@type":"ImageObject","inLanguage":"sv-SE","@id":"https://www.kompetensforetagen.se/#/schema/logo/image/","url":"https://www.kompetensforetagen.se/app/uploads/sites/5/2022/10/logga_svart.png","contentUrl":"https://www.kompetensforetagen.se/app/uploads/sites/5/2022/10/logga_svart.png","width":752,"height":64,"caption":"Kompetensföretagen"},"image":{"@id":"https://www.kompetensforetagen.se/#/schema/logo/image/"},"sameAs":["https://www.linkedin.com/company/10540032/"]}]}</script>
<!-- / Yoast SEO Premium plugin. -->

24-månadersregelns konsekvenser - Kompetensföretagen

24-månadersregelns konsekvenser. Läs om hur uthyrningslagen påverkar inhyrning, anställningserbjudanden och kundens ansvar.

Kompetensföretagen

Rätt person på rätt plats kan förändra världen
