{"id":9842,"date":"2022-06-29T10:38:21","date_gmt":"2022-06-29T08:38:21","guid":{"rendered":"https:\/\/www.almega.se\/app\/uploads\/sites\/5\/2022\/06\/inhyrningsbegransingarna-i-uthyrningslagen.pptx"},"modified":"2022-06-29T11:33:05","modified_gmt":"2022-06-29T09:33:05","slug":"inhyrningsbegransingarna-i-uthyrningslagen","status":"inherit","type":"attachment","link":"https:\/\/www.kompetensforetagen.se\/2022\/01\/las-presentation\/inhyrningsbegransingarna-i-uthyrningslagen\/","title":{"rendered":"inhyrningsbegransingarna-i-uthyrningslagen"},"author":6358,"featured_media":0,"comment_status":"closed","ping_status":"closed","template":"","meta":{"_acf_changed":false},"class_list":["post-9842","attachment","type-attachment","status-inherit","hentry"],"acf":[],"yoast_head":"<!-- This site is optimized with the Yoast SEO Premium plugin v26.8 (Yoast SEO v26.8) - https:\/\/yoast.com\/product\/yoast-seo-premium-wordpress\/ -->\n<title>inhyrningsbegransingarna-i-uthyrningslagen - Kompetensf\u00f6retagen<\/title>\n<meta name=\"robots\" content=\"index, follow, max-snippet:-1, max-image-preview:large, max-video-preview:-1\" \/>\n<link rel=\"canonical\" href=\"https:\/\/www.kompetensforetagen.se\/app\/uploads\/sites\/5\/2022\/06\/inhyrningsbegransingarna-i-uthyrningslagen.pptx\" \/>\n<meta property=\"og:locale\" content=\"sv_SE\" \/>\n<meta property=\"og:type\" content=\"article\" \/>\n<meta property=\"og:title\" content=\"inhyrningsbegransingarna-i-uthyrningslagen - Kompetensf\u00f6retagen\" \/>\n<meta property=\"og:description\" content=\"inhyrningsbegransingarna-i-uthyrningslagen\" \/>\n<meta property=\"og:url\" content=\"https:\/\/www.kompetensforetagen.se\/app\/uploads\/sites\/5\/2022\/06\/inhyrningsbegransingarna-i-uthyrningslagen.pptx\" \/>\n<meta property=\"og:site_name\" content=\"Kompetensf\u00f6retagen\" \/>\n<meta property=\"article:modified_time\" content=\"2022-06-29T09:33:05+00:00\" \/>\n<meta name=\"twitter:card\" content=\"summary_large_image\" \/>\n<script type=\"application\/ld+json\" class=\"yoast-schema-graph\">{\"@context\":\"https:\/\/schema.org\",\"@graph\":[{\"@type\":\"WebPage\",\"@id\":\"https:\/\/www.kompetensforetagen.se\/app\/uploads\/sites\/5\/2022\/06\/inhyrningsbegransingarna-i-uthyrningslagen.pptx\",\"url\":\"https:\/\/www.kompetensforetagen.se\/app\/uploads\/sites\/5\/2022\/06\/inhyrningsbegransingarna-i-uthyrningslagen.pptx\",\"name\":\"inhyrningsbegransingarna-i-uthyrningslagen - Kompetensf\u00f6retagen\",\"isPartOf\":{\"@id\":\"https:\/\/www.kompetensforetagen.se\/#website\"},\"datePublished\":\"2022-06-29T08:38:21+00:00\",\"dateModified\":\"2022-06-29T09:33:05+00:00\",\"breadcrumb\":{\"@id\":\"https:\/\/www.kompetensforetagen.se\/app\/uploads\/sites\/5\/2022\/06\/inhyrningsbegransingarna-i-uthyrningslagen.pptx#breadcrumb\"},\"inLanguage\":\"sv-SE\",\"potentialAction\":[{\"@type\":\"ReadAction\",\"target\":[\"https:\/\/www.kompetensforetagen.se\/app\/uploads\/sites\/5\/2022\/06\/inhyrningsbegransingarna-i-uthyrningslagen.pptx\"]}]},{\"@type\":\"BreadcrumbList\",\"@id\":\"https:\/\/www.kompetensforetagen.se\/app\/uploads\/sites\/5\/2022\/06\/inhyrningsbegransingarna-i-uthyrningslagen.pptx#breadcrumb\",\"itemListElement\":[{\"@type\":\"ListItem\",\"position\":1,\"name\":\"Home\",\"item\":\"https:\/\/www.kompetensforetagen.se\/\"},{\"@type\":\"ListItem\",\"position\":2,\"name\":\"LAS-presentation\",\"item\":\"https:\/\/www.kompetensforetagen.se\/2022\/01\/las-presentation\/\"},{\"@type\":\"ListItem\",\"position\":3,\"name\":\"inhyrningsbegransingarna-i-uthyrningslagen\"}]},{\"@type\":\"WebSite\",\"@id\":\"https:\/\/www.kompetensforetagen.se\/#website\",\"url\":\"https:\/\/www.kompetensforetagen.se\/\",\"name\":\"Kompetensf\u00f6retagen\",\"description\":\"R\u00e4tt person p\u00e5 r\u00e4tt plats kan f\u00f6r\u00e4ndra v\u00e4rlden\",\"publisher\":{\"@id\":\"https:\/\/www.kompetensforetagen.se\/#organization\"},\"potentialAction\":[{\"@type\":\"SearchAction\",\"target\":{\"@type\":\"EntryPoint\",\"urlTemplate\":\"https:\/\/www.kompetensforetagen.se\/?s={search_term_string}\"},\"query-input\":{\"@type\":\"PropertyValueSpecification\",\"valueRequired\":true,\"valueName\":\"search_term_string\"}}],\"inLanguage\":\"sv-SE\"},{\"@type\":\"Organization\",\"@id\":\"https:\/\/www.kompetensforetagen.se\/#organization\",\"name\":\"Kompetensf\u00f6retagen\",\"url\":\"https:\/\/www.kompetensforetagen.se\/\",\"logo\":{\"@type\":\"ImageObject\",\"inLanguage\":\"sv-SE\",\"@id\":\"https:\/\/www.kompetensforetagen.se\/#\/schema\/logo\/image\/\",\"url\":\"https:\/\/www.kompetensforetagen.se\/app\/uploads\/sites\/5\/2022\/10\/logga_svart.png\",\"contentUrl\":\"https:\/\/www.kompetensforetagen.se\/app\/uploads\/sites\/5\/2022\/10\/logga_svart.png\",\"width\":752,\"height\":64,\"caption\":\"Kompetensf\u00f6retagen\"},\"image\":{\"@id\":\"https:\/\/www.kompetensforetagen.se\/#\/schema\/logo\/image\/\"},\"sameAs\":[\"https:\/\/www.linkedin.com\/company\/10540032\/\"]}]}<\/script>\n<!-- \/ Yoast SEO Premium plugin. -->","yoast_head_json":{"title":"inhyrningsbegransingarna-i-uthyrningslagen - Kompetensf\u00f6retagen","robots":{"index":"index","follow":"follow","max-snippet":"max-snippet:-1","max-image-preview":"max-image-preview:large","max-video-preview":"max-video-preview:-1"},"canonical":"https:\/\/www.kompetensforetagen.se\/app\/uploads\/sites\/5\/2022\/06\/inhyrningsbegransingarna-i-uthyrningslagen.pptx","og_locale":"sv_SE","og_type":"article","og_title":"inhyrningsbegransingarna-i-uthyrningslagen - Kompetensf\u00f6retagen","og_description":"inhyrningsbegransingarna-i-uthyrningslagen","og_url":"https:\/\/www.kompetensforetagen.se\/app\/uploads\/sites\/5\/2022\/06\/inhyrningsbegransingarna-i-uthyrningslagen.pptx","og_site_name":"Kompetensf\u00f6retagen","article_modified_time":"2022-06-29T09:33:05+00:00","twitter_card":"summary_large_image","schema":{"@context":"https:\/\/schema.org","@graph":[{"@type":"WebPage","@id":"https:\/\/www.kompetensforetagen.se\/app\/uploads\/sites\/5\/2022\/06\/inhyrningsbegransingarna-i-uthyrningslagen.pptx","url":"https:\/\/www.kompetensforetagen.se\/app\/uploads\/sites\/5\/2022\/06\/inhyrningsbegransingarna-i-uthyrningslagen.pptx","name":"inhyrningsbegransingarna-i-uthyrningslagen - Kompetensf\u00f6retagen","isPartOf":{"@id":"https:\/\/www.kompetensforetagen.se\/#website"},"datePublished":"2022-06-29T08:38:21+00:00","dateModified":"2022-06-29T09:33:05+00:00","breadcrumb":{"@id":"https:\/\/www.kompetensforetagen.se\/app\/uploads\/sites\/5\/2022\/06\/inhyrningsbegransingarna-i-uthyrningslagen.pptx#breadcrumb"},"inLanguage":"sv-SE","potentialAction":[{"@type":"ReadAction","target":["https:\/\/www.kompetensforetagen.se\/app\/uploads\/sites\/5\/2022\/06\/inhyrningsbegransingarna-i-uthyrningslagen.pptx"]}]},{"@type":"BreadcrumbList","@id":"https:\/\/www.kompetensforetagen.se\/app\/uploads\/sites\/5\/2022\/06\/inhyrningsbegransingarna-i-uthyrningslagen.pptx#breadcrumb","itemListElement":[{"@type":"ListItem","position":1,"name":"Home","item":"https:\/\/www.kompetensforetagen.se\/"},{"@type":"ListItem","position":2,"name":"LAS-presentation","item":"https:\/\/www.kompetensforetagen.se\/2022\/01\/las-presentation\/"},{"@type":"ListItem","position":3,"name":"inhyrningsbegransingarna-i-uthyrningslagen"}]},{"@type":"WebSite","@id":"https:\/\/www.kompetensforetagen.se\/#website","url":"https:\/\/www.kompetensforetagen.se\/","name":"Kompetensf\u00f6retagen","description":"R\u00e4tt person p\u00e5 r\u00e4tt plats kan f\u00f6r\u00e4ndra v\u00e4rlden","publisher":{"@id":"https:\/\/www.kompetensforetagen.se\/#organization"},"potentialAction":[{"@type":"SearchAction","target":{"@type":"EntryPoint","urlTemplate":"https:\/\/www.kompetensforetagen.se\/?s={search_term_string}"},"query-input":{"@type":"PropertyValueSpecification","valueRequired":true,"valueName":"search_term_string"}}],"inLanguage":"sv-SE"},{"@type":"Organization","@id":"https:\/\/www.kompetensforetagen.se\/#organization","name":"Kompetensf\u00f6retagen","url":"https:\/\/www.kompetensforetagen.se\/","logo":{"@type":"ImageObject","inLanguage":"sv-SE","@id":"https:\/\/www.kompetensforetagen.se\/#\/schema\/logo\/image\/","url":"https:\/\/www.kompetensforetagen.se\/app\/uploads\/sites\/5\/2022\/10\/logga_svart.png","contentUrl":"https:\/\/www.kompetensforetagen.se\/app\/uploads\/sites\/5\/2022\/10\/logga_svart.png","width":752,"height":64,"caption":"Kompetensf\u00f6retagen"},"image":{"@id":"https:\/\/www.kompetensforetagen.se\/#\/schema\/logo\/image\/"},"sameAs":["https:\/\/www.linkedin.com\/company\/10540032\/"]}]}},"description":{"rendered":"<p class=\"attachment\"><a href='https:\/\/www.kompetensforetagen.se\/app\/uploads\/sites\/5\/2022\/06\/inhyrningsbegransingarna-i-uthyrningslagen.pptx'>inhyrningsbegransingarna-i-uthyrningslagen<\/a><\/p>\n"},"caption":{"rendered":"<p>inhyrningsbegransingarna-i-uthyrningslagen<\/p>\n"},"alt_text":"","media_type":"file","mime_type":"application\/vnd.openxmlformats-officedocument.presentationml.presentation","media_details":{},"post":8861,"source_url":"https:\/\/www.kompetensforetagen.se\/app\/uploads\/sites\/5\/2022\/06\/inhyrningsbegransingarna-i-uthyrningslagen.pptx","_links":{"self":[{"href":"https:\/\/www.kompetensforetagen.se\/api\/wp\/v2\/media\/9842","targetHints":{"allow":["GET"]}}],"collection":[{"href":"https:\/\/www.kompetensforetagen.se\/api\/wp\/v2\/media"}],"about":[{"href":"https:\/\/www.kompetensforetagen.se\/api\/wp\/v2\/types\/attachment"}],"author":[{"embeddable":true,"href":"https:\/\/www.kompetensforetagen.se\/api\/wp\/v2\/users\/6358"}],"replies":[{"embeddable":true,"href":"https:\/\/www.kompetensforetagen.se\/api\/wp\/v2\/comments?post=9842"}],"wp:attached-to":[{"embeddable":true,"post_type":"post","id":8861,"href":"https:\/\/www.kompetensforetagen.se\/api\/wp\/v2\/posts\/8861"}],"curies":[{"name":"wp","href":"https:\/\/api.w.org\/{rel}","templated":true}]}}

<!-- This site is optimized with the Yoast SEO Premium plugin v26.8 (Yoast SEO v26.8) - https://yoast.com/product/yoast-seo-premium-wordpress/ -->
<title>inhyrningsbegransingarna-i-uthyrningslagen - Kompetensföretagen</title>
<meta name="robots" content="index, follow, max-snippet:-1, max-image-preview:large, max-video-preview:-1" />
<link rel="canonical" href="https://www.kompetensforetagen.se/app/uploads/sites/5/2022/06/inhyrningsbegransingarna-i-uthyrningslagen.pptx" />
<meta property="og:locale" content="sv_SE" />
<meta property="og:type" content="article" />
<meta property="og:title" content="inhyrningsbegransingarna-i-uthyrningslagen - Kompetensföretagen" />
<meta property="og:description" content="inhyrningsbegransingarna-i-uthyrningslagen" />
<meta property="og:url" content="https://www.kompetensforetagen.se/app/uploads/sites/5/2022/06/inhyrningsbegransingarna-i-uthyrningslagen.pptx" />
<meta property="og:site_name" content="Kompetensföretagen" />
<meta property="article:modified_time" content="2022-06-29T09:33:05+00:00" />
<meta name="twitter:card" content="summary_large_image" />
<script type="application/ld+json" class="yoast-schema-graph">{"@context":"https://schema.org","@graph":[{"@type":"WebPage","@id":"https://www.kompetensforetagen.se/app/uploads/sites/5/2022/06/inhyrningsbegransingarna-i-uthyrningslagen.pptx","url":"https://www.kompetensforetagen.se/app/uploads/sites/5/2022/06/inhyrningsbegransingarna-i-uthyrningslagen.pptx","name":"inhyrningsbegransingarna-i-uthyrningslagen - Kompetensföretagen","isPartOf":{"@id":"https://www.kompetensforetagen.se/#website"},"datePublished":"2022-06-29T08:38:21+00:00","dateModified":"2022-06-29T09:33:05+00:00","breadcrumb":{"@id":"https://www.kompetensforetagen.se/app/uploads/sites/5/2022/06/inhyrningsbegransingarna-i-uthyrningslagen.pptx#breadcrumb"},"inLanguage":"sv-SE","potentialAction":[{"@type":"ReadAction","target":["https://www.kompetensforetagen.se/app/uploads/sites/5/2022/06/inhyrningsbegransingarna-i-uthyrningslagen.pptx"]}]},{"@type":"BreadcrumbList","@id":"https://www.kompetensforetagen.se/app/uploads/sites/5/2022/06/inhyrningsbegransingarna-i-uthyrningslagen.pptx#breadcrumb","itemListElement":[{"@type":"ListItem","position":1,"name":"Home","item":"https://www.kompetensforetagen.se/"},{"@type":"ListItem","position":2,"name":"LAS-presentation","item":"https://www.kompetensforetagen.se/2022/01/las-presentation/"},{"@type":"ListItem","position":3,"name":"inhyrningsbegransingarna-i-uthyrningslagen"}]},{"@type":"WebSite","@id":"https://www.kompetensforetagen.se/#website","url":"https://www.kompetensforetagen.se/","name":"Kompetensföretagen","description":"Rätt person på rätt plats kan förändra världen","publisher":{"@id":"https://www.kompetensforetagen.se/#organization"},"potentialAction":[{"@type":"SearchAction","target":{"@type":"EntryPoint","urlTemplate":"https://www.kompetensforetagen.se/?s={search_term_string}"},"query-input":{"@type":"PropertyValueSpecification","valueRequired":true,"valueName":"search_term_string"}}],"inLanguage":"sv-SE"},{"@type":"Organization","@id":"https://www.kompetensforetagen.se/#organization","name":"Kompetensföretagen","url":"https://www.kompetensforetagen.se/","logo":{"@type":"ImageObject","inLanguage":"sv-SE","@id":"https://www.kompetensforetagen.se/#/schema/logo/image/","url":"https://www.kompetensforetagen.se/app/uploads/sites/5/2022/10/logga_svart.png","contentUrl":"https://www.kompetensforetagen.se/app/uploads/sites/5/2022/10/logga_svart.png","width":752,"height":64,"caption":"Kompetensföretagen"},"image":{"@id":"https://www.kompetensforetagen.se/#/schema/logo/image/"},"sameAs":["https://www.linkedin.com/company/10540032/"]}]}</script>
<!-- / Yoast SEO Premium plugin. -->

inhyrningsbegransingarna-i-uthyrningslagen - Kompetensföretagen

Kompetensföretagen

Rätt person på rätt plats kan förändra världen
