{"id":7738,"date":"2021-08-26T12:46:07","date_gmt":"2021-08-26T10:46:07","guid":{"rendered":"https:\/\/www.almega.se\/app\/uploads\/sites\/5\/2021\/08\/justice-2060093_1920.jpg"},"modified":"2025-12-02T13:02:00","modified_gmt":"2025-12-02T12:02:00","slug":"justice-2060093_1920","status":"inherit","type":"attachment","link":"https:\/\/www.kompetensforetagen.se\/medlemssidor\/justice-2060093_1920\/","title":{"rendered":"justice-2060093_1920"},"author":6058,"featured_media":0,"comment_status":"closed","ping_status":"closed","template":"","meta":{"_acf_changed":false},"class_list":["post-7738","attachment","type-attachment","status-inherit","hentry"],"acf":[],"yoast_head":"<!-- This site is optimized with the Yoast SEO Premium plugin v26.8 (Yoast SEO v26.8) - https:\/\/yoast.com\/product\/yoast-seo-premium-wordpress\/ -->\n<title>justice-2060093_1920 - Kompetensf\u00f6retagen<\/title>\n<meta name=\"robots\" content=\"index, follow, max-snippet:-1, max-image-preview:large, max-video-preview:-1\" \/>\n<link rel=\"canonical\" href=\"https:\/\/www.kompetensforetagen.se\/app\/uploads\/sites\/5\/2021\/08\/justice-2060093_1920.jpg\" \/>\n<meta property=\"og:locale\" content=\"sv_SE\" \/>\n<meta property=\"og:type\" content=\"article\" \/>\n<meta property=\"og:title\" content=\"justice-2060093_1920 - Kompetensf\u00f6retagen\" \/>\n<meta property=\"og:url\" content=\"https:\/\/www.kompetensforetagen.se\/app\/uploads\/sites\/5\/2021\/08\/justice-2060093_1920.jpg\" \/>\n<meta property=\"og:site_name\" content=\"Kompetensf\u00f6retagen\" \/>\n<meta property=\"article:modified_time\" content=\"2025-12-02T12:02:00+00:00\" \/>\n<meta property=\"og:image\" content=\"https:\/\/www.kompetensforetagen.se\/app\/uploads\/sites\/5\/2021\/08\/justice-2060093_1920.jpg\" \/>\n\t<meta property=\"og:image:width\" content=\"1920\" \/>\n\t<meta property=\"og:image:height\" content=\"1280\" \/>\n\t<meta property=\"og:image:type\" content=\"image\/jpeg\" \/>\n<meta name=\"twitter:card\" content=\"summary_large_image\" \/>\n<script type=\"application\/ld+json\" class=\"yoast-schema-graph\">{\"@context\":\"https:\/\/schema.org\",\"@graph\":[{\"@type\":\"WebPage\",\"@id\":\"https:\/\/www.kompetensforetagen.se\/app\/uploads\/sites\/5\/2021\/08\/justice-2060093_1920.jpg\",\"url\":\"https:\/\/www.kompetensforetagen.se\/app\/uploads\/sites\/5\/2021\/08\/justice-2060093_1920.jpg\",\"name\":\"justice-2060093_1920 - Kompetensf\u00f6retagen\",\"isPartOf\":{\"@id\":\"https:\/\/www.kompetensforetagen.se\/#website\"},\"datePublished\":\"2021-08-26T10:46:07+00:00\",\"dateModified\":\"2025-12-02T12:02:00+00:00\",\"breadcrumb\":{\"@id\":\"https:\/\/www.kompetensforetagen.se\/app\/uploads\/sites\/5\/2021\/08\/justice-2060093_1920.jpg#breadcrumb\"},\"inLanguage\":\"sv-SE\",\"potentialAction\":[{\"@type\":\"ReadAction\",\"target\":[\"https:\/\/www.kompetensforetagen.se\/app\/uploads\/sites\/5\/2021\/08\/justice-2060093_1920.jpg\"]}]},{\"@type\":\"BreadcrumbList\",\"@id\":\"https:\/\/www.kompetensforetagen.se\/app\/uploads\/sites\/5\/2021\/08\/justice-2060093_1920.jpg#breadcrumb\",\"itemListElement\":[{\"@type\":\"ListItem\",\"position\":1,\"name\":\"Home\",\"item\":\"https:\/\/www.kompetensforetagen.se\/\"},{\"@type\":\"ListItem\",\"position\":2,\"name\":\"Medlemssidor\",\"item\":\"https:\/\/www.kompetensforetagen.se\/medlemssidor\/\"},{\"@type\":\"ListItem\",\"position\":3,\"name\":\"justice-2060093_1920\"}]},{\"@type\":\"WebSite\",\"@id\":\"https:\/\/www.kompetensforetagen.se\/#website\",\"url\":\"https:\/\/www.kompetensforetagen.se\/\",\"name\":\"Kompetensf\u00f6retagen\",\"description\":\"R\u00e4tt person p\u00e5 r\u00e4tt plats kan f\u00f6r\u00e4ndra v\u00e4rlden\",\"publisher\":{\"@id\":\"https:\/\/www.kompetensforetagen.se\/#organization\"},\"potentialAction\":[{\"@type\":\"SearchAction\",\"target\":{\"@type\":\"EntryPoint\",\"urlTemplate\":\"https:\/\/www.kompetensforetagen.se\/?s={search_term_string}\"},\"query-input\":{\"@type\":\"PropertyValueSpecification\",\"valueRequired\":true,\"valueName\":\"search_term_string\"}}],\"inLanguage\":\"sv-SE\"},{\"@type\":\"Organization\",\"@id\":\"https:\/\/www.kompetensforetagen.se\/#organization\",\"name\":\"Kompetensf\u00f6retagen\",\"url\":\"https:\/\/www.kompetensforetagen.se\/\",\"logo\":{\"@type\":\"ImageObject\",\"inLanguage\":\"sv-SE\",\"@id\":\"https:\/\/www.kompetensforetagen.se\/#\/schema\/logo\/image\/\",\"url\":\"https:\/\/www.kompetensforetagen.se\/app\/uploads\/sites\/5\/2022\/10\/logga_svart.png\",\"contentUrl\":\"https:\/\/www.kompetensforetagen.se\/app\/uploads\/sites\/5\/2022\/10\/logga_svart.png\",\"width\":752,\"height\":64,\"caption\":\"Kompetensf\u00f6retagen\"},\"image\":{\"@id\":\"https:\/\/www.kompetensforetagen.se\/#\/schema\/logo\/image\/\"},\"sameAs\":[\"https:\/\/www.linkedin.com\/company\/10540032\/\"]}]}<\/script>\n<!-- \/ Yoast SEO Premium plugin. -->","yoast_head_json":{"title":"justice-2060093_1920 - Kompetensf\u00f6retagen","robots":{"index":"index","follow":"follow","max-snippet":"max-snippet:-1","max-image-preview":"max-image-preview:large","max-video-preview":"max-video-preview:-1"},"canonical":"https:\/\/www.kompetensforetagen.se\/app\/uploads\/sites\/5\/2021\/08\/justice-2060093_1920.jpg","og_locale":"sv_SE","og_type":"article","og_title":"justice-2060093_1920 - Kompetensf\u00f6retagen","og_url":"https:\/\/www.kompetensforetagen.se\/app\/uploads\/sites\/5\/2021\/08\/justice-2060093_1920.jpg","og_site_name":"Kompetensf\u00f6retagen","article_modified_time":"2025-12-02T12:02:00+00:00","og_image":[{"width":1920,"height":1280,"url":"https:\/\/www.kompetensforetagen.se\/app\/uploads\/sites\/5\/2021\/08\/justice-2060093_1920.jpg","type":"image\/jpeg"}],"twitter_card":"summary_large_image","schema":{"@context":"https:\/\/schema.org","@graph":[{"@type":"WebPage","@id":"https:\/\/www.kompetensforetagen.se\/app\/uploads\/sites\/5\/2021\/08\/justice-2060093_1920.jpg","url":"https:\/\/www.kompetensforetagen.se\/app\/uploads\/sites\/5\/2021\/08\/justice-2060093_1920.jpg","name":"justice-2060093_1920 - Kompetensf\u00f6retagen","isPartOf":{"@id":"https:\/\/www.kompetensforetagen.se\/#website"},"datePublished":"2021-08-26T10:46:07+00:00","dateModified":"2025-12-02T12:02:00+00:00","breadcrumb":{"@id":"https:\/\/www.kompetensforetagen.se\/app\/uploads\/sites\/5\/2021\/08\/justice-2060093_1920.jpg#breadcrumb"},"inLanguage":"sv-SE","potentialAction":[{"@type":"ReadAction","target":["https:\/\/www.kompetensforetagen.se\/app\/uploads\/sites\/5\/2021\/08\/justice-2060093_1920.jpg"]}]},{"@type":"BreadcrumbList","@id":"https:\/\/www.kompetensforetagen.se\/app\/uploads\/sites\/5\/2021\/08\/justice-2060093_1920.jpg#breadcrumb","itemListElement":[{"@type":"ListItem","position":1,"name":"Home","item":"https:\/\/www.kompetensforetagen.se\/"},{"@type":"ListItem","position":2,"name":"Medlemssidor","item":"https:\/\/www.kompetensforetagen.se\/medlemssidor\/"},{"@type":"ListItem","position":3,"name":"justice-2060093_1920"}]},{"@type":"WebSite","@id":"https:\/\/www.kompetensforetagen.se\/#website","url":"https:\/\/www.kompetensforetagen.se\/","name":"Kompetensf\u00f6retagen","description":"R\u00e4tt person p\u00e5 r\u00e4tt plats kan f\u00f6r\u00e4ndra v\u00e4rlden","publisher":{"@id":"https:\/\/www.kompetensforetagen.se\/#organization"},"potentialAction":[{"@type":"SearchAction","target":{"@type":"EntryPoint","urlTemplate":"https:\/\/www.kompetensforetagen.se\/?s={search_term_string}"},"query-input":{"@type":"PropertyValueSpecification","valueRequired":true,"valueName":"search_term_string"}}],"inLanguage":"sv-SE"},{"@type":"Organization","@id":"https:\/\/www.kompetensforetagen.se\/#organization","name":"Kompetensf\u00f6retagen","url":"https:\/\/www.kompetensforetagen.se\/","logo":{"@type":"ImageObject","inLanguage":"sv-SE","@id":"https:\/\/www.kompetensforetagen.se\/#\/schema\/logo\/image\/","url":"https:\/\/www.kompetensforetagen.se\/app\/uploads\/sites\/5\/2022\/10\/logga_svart.png","contentUrl":"https:\/\/www.kompetensforetagen.se\/app\/uploads\/sites\/5\/2022\/10\/logga_svart.png","width":752,"height":64,"caption":"Kompetensf\u00f6retagen"},"image":{"@id":"https:\/\/www.kompetensforetagen.se\/#\/schema\/logo\/image\/"},"sameAs":["https:\/\/www.linkedin.com\/company\/10540032\/"]}]}},"description":{"rendered":"<p class=\"attachment\"><a href='https:\/\/www.kompetensforetagen.se\/app\/uploads\/sites\/5\/2021\/08\/justice-2060093_1920.jpg'><img loading=\"lazy\" decoding=\"async\" width=\"580\" height=\"387\" src=\"https:\/\/www.kompetensforetagen.se\/app\/uploads\/sites\/5\/2021\/08\/justice-2060093_1920-580x387.jpg\" class=\"attachment-medium size-medium\" alt=\"Staty av r\u00e4ttvisans gudinna Justitia mot bl\u00e5 himmel som symboliserar arbetsr\u00e4tt och juridisk trygghet.\" srcset=\"https:\/\/www.kompetensforetagen.se\/app\/uploads\/sites\/5\/2021\/08\/justice-2060093_1920-580x387.jpg 580w, https:\/\/www.kompetensforetagen.se\/app\/uploads\/sites\/5\/2021\/08\/justice-2060093_1920-1180x787.jpg 1180w, https:\/\/www.kompetensforetagen.se\/app\/uploads\/sites\/5\/2021\/08\/justice-2060093_1920-380x253.jpg 380w, https:\/\/www.kompetensforetagen.se\/app\/uploads\/sites\/5\/2021\/08\/justice-2060093_1920-768x512.jpg 768w, https:\/\/www.kompetensforetagen.se\/app\/uploads\/sites\/5\/2021\/08\/justice-2060093_1920-1536x1024.jpg 1536w, https:\/\/www.kompetensforetagen.se\/app\/uploads\/sites\/5\/2021\/08\/justice-2060093_1920.jpg 1920w\" sizes=\"auto, (max-width: 580px) 100vw, 580px\" \/><\/a><\/p>\n"},"caption":{"rendered":""},"alt_text":"Staty av r\u00e4ttvisans gudinna Justitia mot bl\u00e5 himmel som symboliserar arbetsr\u00e4tt och juridisk trygghet.","media_type":"image","mime_type":"image\/jpeg","media_details":{"width":1920,"height":1280,"file":"2021\/08\/justice-2060093_1920.jpg","sizes":{"medium":{"file":"justice-2060093_1920-580x387.jpg","width":580,"height":387,"mime_type":"image\/jpeg","source_url":"https:\/\/www.kompetensforetagen.se\/app\/uploads\/sites\/5\/2021\/08\/justice-2060093_1920-580x387.jpg"},"large":{"file":"justice-2060093_1920-1180x787.jpg","width":1180,"height":787,"mime_type":"image\/jpeg","source_url":"https:\/\/www.kompetensforetagen.se\/app\/uploads\/sites\/5\/2021\/08\/justice-2060093_1920-1180x787.jpg"},"thumbnail":{"file":"justice-2060093_1920-380x253.jpg","width":380,"height":253,"mime_type":"image\/jpeg","source_url":"https:\/\/www.kompetensforetagen.se\/app\/uploads\/sites\/5\/2021\/08\/justice-2060093_1920-380x253.jpg"},"medium_large":{"file":"justice-2060093_1920-768x512.jpg","width":768,"height":512,"mime_type":"image\/jpeg","source_url":"https:\/\/www.kompetensforetagen.se\/app\/uploads\/sites\/5\/2021\/08\/justice-2060093_1920-768x512.jpg"},"1536x1536":{"file":"justice-2060093_1920-1536x1024.jpg","width":1536,"height":1024,"mime_type":"image\/jpeg","source_url":"https:\/\/www.kompetensforetagen.se\/app\/uploads\/sites\/5\/2021\/08\/justice-2060093_1920-1536x1024.jpg"},"full":{"file":"justice-2060093_1920.jpg","width":1920,"height":1280,"mime_type":"image\/jpeg","source_url":"https:\/\/www.kompetensforetagen.se\/app\/uploads\/sites\/5\/2021\/08\/justice-2060093_1920.jpg"}},"image_meta":{"aperture":"2","credit":"","camera":"Canon EOS 6D","caption":"","created_timestamp":"0","copyright":"","focal_length":"50","iso":"100","shutter_speed":"0.00025","title":"","orientation":"0","keywords":[]}},"post":560,"source_url":"https:\/\/www.kompetensforetagen.se\/app\/uploads\/sites\/5\/2021\/08\/justice-2060093_1920.jpg","_links":{"self":[{"href":"https:\/\/www.kompetensforetagen.se\/api\/wp\/v2\/media\/7738","targetHints":{"allow":["GET"]}}],"collection":[{"href":"https:\/\/www.kompetensforetagen.se\/api\/wp\/v2\/media"}],"about":[{"href":"https:\/\/www.kompetensforetagen.se\/api\/wp\/v2\/types\/attachment"}],"author":[{"embeddable":true,"href":"https:\/\/www.kompetensforetagen.se\/api\/wp\/v2\/users\/6058"}],"replies":[{"embeddable":true,"href":"https:\/\/www.kompetensforetagen.se\/api\/wp\/v2\/comments?post=7738"}],"wp:attached-to":[{"embeddable":true,"post_type":"page","id":560,"href":"https:\/\/www.kompetensforetagen.se\/api\/wp\/v2\/pages\/560"}],"curies":[{"name":"wp","href":"https:\/\/api.w.org\/{rel}","templated":true}]}}

<!-- This site is optimized with the Yoast SEO Premium plugin v26.8 (Yoast SEO v26.8) - https://yoast.com/product/yoast-seo-premium-wordpress/ -->
<title>justice-2060093_1920 - Kompetensföretagen</title>
<meta name="robots" content="index, follow, max-snippet:-1, max-image-preview:large, max-video-preview:-1" />
<link rel="canonical" href="https://www.kompetensforetagen.se/app/uploads/sites/5/2021/08/justice-2060093_1920.jpg" />
<meta property="og:locale" content="sv_SE" />
<meta property="og:type" content="article" />
<meta property="og:title" content="justice-2060093_1920 - Kompetensföretagen" />
<meta property="og:url" content="https://www.kompetensforetagen.se/app/uploads/sites/5/2021/08/justice-2060093_1920.jpg" />
<meta property="og:site_name" content="Kompetensföretagen" />
<meta property="article:modified_time" content="2025-12-02T12:02:00+00:00" />
<meta property="og:image" content="https://www.kompetensforetagen.se/app/uploads/sites/5/2021/08/justice-2060093_1920.jpg" />
	<meta property="og:image:width" content="1920" />
	<meta property="og:image:height" content="1280" />
	<meta property="og:image:type" content="image/jpeg" />
<meta name="twitter:card" content="summary_large_image" />
<script type="application/ld+json" class="yoast-schema-graph">{"@context":"https://schema.org","@graph":[{"@type":"WebPage","@id":"https://www.kompetensforetagen.se/app/uploads/sites/5/2021/08/justice-2060093_1920.jpg","url":"https://www.kompetensforetagen.se/app/uploads/sites/5/2021/08/justice-2060093_1920.jpg","name":"justice-2060093_1920 - Kompetensföretagen","isPartOf":{"@id":"https://www.kompetensforetagen.se/#website"},"datePublished":"2021-08-26T10:46:07+00:00","dateModified":"2025-12-02T12:02:00+00:00","breadcrumb":{"@id":"https://www.kompetensforetagen.se/app/uploads/sites/5/2021/08/justice-2060093_1920.jpg#breadcrumb"},"inLanguage":"sv-SE","potentialAction":[{"@type":"ReadAction","target":["https://www.kompetensforetagen.se/app/uploads/sites/5/2021/08/justice-2060093_1920.jpg"]}]},{"@type":"BreadcrumbList","@id":"https://www.kompetensforetagen.se/app/uploads/sites/5/2021/08/justice-2060093_1920.jpg#breadcrumb","itemListElement":[{"@type":"ListItem","position":1,"name":"Home","item":"https://www.kompetensforetagen.se/"},{"@type":"ListItem","position":2,"name":"Medlemssidor","item":"https://www.kompetensforetagen.se/medlemssidor/"},{"@type":"ListItem","position":3,"name":"justice-2060093_1920"}]},{"@type":"WebSite","@id":"https://www.kompetensforetagen.se/#website","url":"https://www.kompetensforetagen.se/","name":"Kompetensföretagen","description":"Rätt person på rätt plats kan förändra världen","publisher":{"@id":"https://www.kompetensforetagen.se/#organization"},"potentialAction":[{"@type":"SearchAction","target":{"@type":"EntryPoint","urlTemplate":"https://www.kompetensforetagen.se/?s={search_term_string}"},"query-input":{"@type":"PropertyValueSpecification","valueRequired":true,"valueName":"search_term_string"}}],"inLanguage":"sv-SE"},{"@type":"Organization","@id":"https://www.kompetensforetagen.se/#organization","name":"Kompetensföretagen","url":"https://www.kompetensforetagen.se/","logo":{"@type":"ImageObject","inLanguage":"sv-SE","@id":"https://www.kompetensforetagen.se/#/schema/logo/image/","url":"https://www.kompetensforetagen.se/app/uploads/sites/5/2022/10/logga_svart.png","contentUrl":"https://www.kompetensforetagen.se/app/uploads/sites/5/2022/10/logga_svart.png","width":752,"height":64,"caption":"Kompetensföretagen"},"image":{"@id":"https://www.kompetensforetagen.se/#/schema/logo/image/"},"sameAs":["https://www.linkedin.com/company/10540032/"]}]}</script>
<!-- / Yoast SEO Premium plugin. -->

justice-2060093_1920 - Kompetensföretagen

Kompetensföretagen

Rätt person på rätt plats kan förändra världen

<p class="attachment"><a href='https://www.kompetensforetagen.se/app/uploads/sites/5/2021/08/justice-2060093_1920.jpg'><img loading="lazy" decoding="async" width="580" height="387" src="https://www.kompetensforetagen.se/app/uploads/sites/5/2021/08/justice-2060093_1920-580x387.jpg" class="attachment-medium size-medium" alt="Staty av rättvisans gudinna Justitia mot blå himmel som symboliserar arbetsrätt och juridisk trygghet." srcset="https://www.kompetensforetagen.se/app/uploads/sites/5/2021/08/justice-2060093_1920-580x387.jpg 580w, https://www.kompetensforetagen.se/app/uploads/sites/5/2021/08/justice-2060093_1920-1180x787.jpg 1180w, https://www.kompetensforetagen.se/app/uploads/sites/5/2021/08/justice-2060093_1920-380x253.jpg 380w, https://www.kompetensforetagen.se/app/uploads/sites/5/2021/08/justice-2060093_1920-768x512.jpg 768w, https://www.kompetensforetagen.se/app/uploads/sites/5/2021/08/justice-2060093_1920-1536x1024.jpg 1536w, https://www.kompetensforetagen.se/app/uploads/sites/5/2021/08/justice-2060093_1920.jpg 1920w" sizes="auto, (max-width: 580px) 100vw, 580px" /></a></p>

Staty av rättvisans gudinna Justitia mot blå himmel som symboliserar arbetsrätt och juridisk trygghet.
