{"id":7622,"date":"2021-08-16T12:51:53","date_gmt":"2021-08-16T10:51:53","guid":{"rendered":"https:\/\/www.almega.se\/app\/uploads\/sites\/5\/2021\/08\/rekrytering.png"},"modified":"2025-12-15T11:01:08","modified_gmt":"2025-12-15T10:01:08","slug":"rekrytering","status":"inherit","type":"attachment","link":"https:\/\/www.kompetensforetagen.se\/rekrytering\/","title":{"rendered":"rekrytering"},"author":6058,"featured_media":0,"comment_status":"closed","ping_status":"closed","template":"","meta":{"_acf_changed":false},"class_list":["post-7622","attachment","type-attachment","status-inherit","hentry"],"acf":[],"yoast_head":"<!-- This site is optimized with the Yoast SEO Premium plugin v26.8 (Yoast SEO v26.8) - https:\/\/yoast.com\/product\/yoast-seo-premium-wordpress\/ -->\n<title>rekrytering - Kompetensf\u00f6retagen<\/title>\n<meta name=\"description\" content=\"Rekryteringstj\u00e4nster och branschfakta. Information f\u00f6r dig som arbetar med rekrytering eller ska k\u00f6pa rekryteringstj\u00e4nster.\" \/>\n<meta name=\"robots\" content=\"index, follow, max-snippet:-1, max-image-preview:large, max-video-preview:-1\" \/>\n<link rel=\"canonical\" href=\"https:\/\/www.kompetensforetagen.se\/app\/uploads\/sites\/5\/2021\/08\/rekrytering.png\" \/>\n<meta property=\"og:locale\" content=\"sv_SE\" \/>\n<meta property=\"og:type\" content=\"article\" \/>\n<meta property=\"og:title\" content=\"rekrytering - Kompetensf\u00f6retagen\" \/>\n<meta property=\"og:description\" content=\"Rekryteringstj\u00e4nster och branschfakta. Information f\u00f6r dig som arbetar med rekrytering eller ska k\u00f6pa rekryteringstj\u00e4nster.\" \/>\n<meta property=\"og:url\" content=\"https:\/\/www.kompetensforetagen.se\/app\/uploads\/sites\/5\/2021\/08\/rekrytering.png\" \/>\n<meta property=\"og:site_name\" content=\"Kompetensf\u00f6retagen\" \/>\n<meta property=\"article:modified_time\" content=\"2025-12-15T10:01:08+00:00\" \/>\n<meta property=\"og:image\" content=\"https:\/\/www.kompetensforetagen.se\/app\/uploads\/sites\/5\/2021\/08\/rekrytering.png\" \/>\n\t<meta property=\"og:image:width\" content=\"1640\" \/>\n\t<meta property=\"og:image:height\" content=\"924\" \/>\n\t<meta property=\"og:image:type\" content=\"image\/png\" \/>\n<meta name=\"twitter:card\" content=\"summary_large_image\" \/>\n<script type=\"application\/ld+json\" class=\"yoast-schema-graph\">{\"@context\":\"https:\/\/schema.org\",\"@graph\":[{\"@type\":\"WebPage\",\"@id\":\"https:\/\/www.kompetensforetagen.se\/app\/uploads\/sites\/5\/2021\/08\/rekrytering.png\",\"url\":\"https:\/\/www.kompetensforetagen.se\/app\/uploads\/sites\/5\/2021\/08\/rekrytering.png\",\"name\":\"rekrytering - Kompetensf\u00f6retagen\",\"isPartOf\":{\"@id\":\"https:\/\/www.kompetensforetagen.se\/#website\"},\"datePublished\":\"2021-08-16T10:51:53+00:00\",\"dateModified\":\"2025-12-15T10:01:08+00:00\",\"description\":\"Rekryteringstj\u00e4nster och branschfakta. Information f\u00f6r dig som arbetar med rekrytering eller ska k\u00f6pa rekryteringstj\u00e4nster.\",\"breadcrumb\":{\"@id\":\"https:\/\/www.kompetensforetagen.se\/app\/uploads\/sites\/5\/2021\/08\/rekrytering.png#breadcrumb\"},\"inLanguage\":\"sv-SE\",\"potentialAction\":[{\"@type\":\"ReadAction\",\"target\":[\"https:\/\/www.kompetensforetagen.se\/app\/uploads\/sites\/5\/2021\/08\/rekrytering.png\"]}]},{\"@type\":\"BreadcrumbList\",\"@id\":\"https:\/\/www.kompetensforetagen.se\/app\/uploads\/sites\/5\/2021\/08\/rekrytering.png#breadcrumb\",\"itemListElement\":[{\"@type\":\"ListItem\",\"position\":1,\"name\":\"Home\",\"item\":\"https:\/\/www.kompetensforetagen.se\/\"},{\"@type\":\"ListItem\",\"position\":2,\"name\":\"rekrytering\"}]},{\"@type\":\"WebSite\",\"@id\":\"https:\/\/www.kompetensforetagen.se\/#website\",\"url\":\"https:\/\/www.kompetensforetagen.se\/\",\"name\":\"Kompetensf\u00f6retagen\",\"description\":\"R\u00e4tt person p\u00e5 r\u00e4tt plats kan f\u00f6r\u00e4ndra v\u00e4rlden\",\"publisher\":{\"@id\":\"https:\/\/www.kompetensforetagen.se\/#organization\"},\"potentialAction\":[{\"@type\":\"SearchAction\",\"target\":{\"@type\":\"EntryPoint\",\"urlTemplate\":\"https:\/\/www.kompetensforetagen.se\/?s={search_term_string}\"},\"query-input\":{\"@type\":\"PropertyValueSpecification\",\"valueRequired\":true,\"valueName\":\"search_term_string\"}}],\"inLanguage\":\"sv-SE\"},{\"@type\":\"Organization\",\"@id\":\"https:\/\/www.kompetensforetagen.se\/#organization\",\"name\":\"Kompetensf\u00f6retagen\",\"url\":\"https:\/\/www.kompetensforetagen.se\/\",\"logo\":{\"@type\":\"ImageObject\",\"inLanguage\":\"sv-SE\",\"@id\":\"https:\/\/www.kompetensforetagen.se\/#\/schema\/logo\/image\/\",\"url\":\"https:\/\/www.kompetensforetagen.se\/app\/uploads\/sites\/5\/2022\/10\/logga_svart.png\",\"contentUrl\":\"https:\/\/www.kompetensforetagen.se\/app\/uploads\/sites\/5\/2022\/10\/logga_svart.png\",\"width\":752,\"height\":64,\"caption\":\"Kompetensf\u00f6retagen\"},\"image\":{\"@id\":\"https:\/\/www.kompetensforetagen.se\/#\/schema\/logo\/image\/\"},\"sameAs\":[\"https:\/\/www.linkedin.com\/company\/10540032\/\"]}]}<\/script>\n<!-- \/ Yoast SEO Premium plugin. -->","yoast_head_json":{"title":"rekrytering - Kompetensf\u00f6retagen","description":"Rekryteringstj\u00e4nster och branschfakta. Information f\u00f6r dig som arbetar med rekrytering eller ska k\u00f6pa rekryteringstj\u00e4nster.","robots":{"index":"index","follow":"follow","max-snippet":"max-snippet:-1","max-image-preview":"max-image-preview:large","max-video-preview":"max-video-preview:-1"},"canonical":"https:\/\/www.kompetensforetagen.se\/app\/uploads\/sites\/5\/2021\/08\/rekrytering.png","og_locale":"sv_SE","og_type":"article","og_title":"rekrytering - Kompetensf\u00f6retagen","og_description":"Rekryteringstj\u00e4nster och branschfakta. Information f\u00f6r dig som arbetar med rekrytering eller ska k\u00f6pa rekryteringstj\u00e4nster.","og_url":"https:\/\/www.kompetensforetagen.se\/app\/uploads\/sites\/5\/2021\/08\/rekrytering.png","og_site_name":"Kompetensf\u00f6retagen","article_modified_time":"2025-12-15T10:01:08+00:00","og_image":[{"width":1640,"height":924,"url":"https:\/\/www.kompetensforetagen.se\/app\/uploads\/sites\/5\/2021\/08\/rekrytering.png","type":"image\/png"}],"twitter_card":"summary_large_image","schema":{"@context":"https:\/\/schema.org","@graph":[{"@type":"WebPage","@id":"https:\/\/www.kompetensforetagen.se\/app\/uploads\/sites\/5\/2021\/08\/rekrytering.png","url":"https:\/\/www.kompetensforetagen.se\/app\/uploads\/sites\/5\/2021\/08\/rekrytering.png","name":"rekrytering - Kompetensf\u00f6retagen","isPartOf":{"@id":"https:\/\/www.kompetensforetagen.se\/#website"},"datePublished":"2021-08-16T10:51:53+00:00","dateModified":"2025-12-15T10:01:08+00:00","description":"Rekryteringstj\u00e4nster och branschfakta. Information f\u00f6r dig som arbetar med rekrytering eller ska k\u00f6pa rekryteringstj\u00e4nster.","breadcrumb":{"@id":"https:\/\/www.kompetensforetagen.se\/app\/uploads\/sites\/5\/2021\/08\/rekrytering.png#breadcrumb"},"inLanguage":"sv-SE","potentialAction":[{"@type":"ReadAction","target":["https:\/\/www.kompetensforetagen.se\/app\/uploads\/sites\/5\/2021\/08\/rekrytering.png"]}]},{"@type":"BreadcrumbList","@id":"https:\/\/www.kompetensforetagen.se\/app\/uploads\/sites\/5\/2021\/08\/rekrytering.png#breadcrumb","itemListElement":[{"@type":"ListItem","position":1,"name":"Home","item":"https:\/\/www.kompetensforetagen.se\/"},{"@type":"ListItem","position":2,"name":"rekrytering"}]},{"@type":"WebSite","@id":"https:\/\/www.kompetensforetagen.se\/#website","url":"https:\/\/www.kompetensforetagen.se\/","name":"Kompetensf\u00f6retagen","description":"R\u00e4tt person p\u00e5 r\u00e4tt plats kan f\u00f6r\u00e4ndra v\u00e4rlden","publisher":{"@id":"https:\/\/www.kompetensforetagen.se\/#organization"},"potentialAction":[{"@type":"SearchAction","target":{"@type":"EntryPoint","urlTemplate":"https:\/\/www.kompetensforetagen.se\/?s={search_term_string}"},"query-input":{"@type":"PropertyValueSpecification","valueRequired":true,"valueName":"search_term_string"}}],"inLanguage":"sv-SE"},{"@type":"Organization","@id":"https:\/\/www.kompetensforetagen.se\/#organization","name":"Kompetensf\u00f6retagen","url":"https:\/\/www.kompetensforetagen.se\/","logo":{"@type":"ImageObject","inLanguage":"sv-SE","@id":"https:\/\/www.kompetensforetagen.se\/#\/schema\/logo\/image\/","url":"https:\/\/www.kompetensforetagen.se\/app\/uploads\/sites\/5\/2022\/10\/logga_svart.png","contentUrl":"https:\/\/www.kompetensforetagen.se\/app\/uploads\/sites\/5\/2022\/10\/logga_svart.png","width":752,"height":64,"caption":"Kompetensf\u00f6retagen"},"image":{"@id":"https:\/\/www.kompetensforetagen.se\/#\/schema\/logo\/image\/"},"sameAs":["https:\/\/www.linkedin.com\/company\/10540032\/"]}]}},"description":{"rendered":"<p class=\"attachment\"><a href='https:\/\/www.kompetensforetagen.se\/app\/uploads\/sites\/5\/2021\/08\/rekrytering.png'><img loading=\"lazy\" decoding=\"async\" width=\"580\" height=\"327\" src=\"https:\/\/www.kompetensforetagen.se\/app\/uploads\/sites\/5\/2021\/08\/rekrytering-580x327.png\" class=\"attachment-medium size-medium\" alt=\"Grafik: Rekrytering inom bemanningstj\u00e4nster\" srcset=\"https:\/\/www.kompetensforetagen.se\/app\/uploads\/sites\/5\/2021\/08\/rekrytering-580x327.png 580w, https:\/\/www.kompetensforetagen.se\/app\/uploads\/sites\/5\/2021\/08\/rekrytering-1180x665.png 1180w, https:\/\/www.kompetensforetagen.se\/app\/uploads\/sites\/5\/2021\/08\/rekrytering-380x214.png 380w, https:\/\/www.kompetensforetagen.se\/app\/uploads\/sites\/5\/2021\/08\/rekrytering-768x433.png 768w, https:\/\/www.kompetensforetagen.se\/app\/uploads\/sites\/5\/2021\/08\/rekrytering-1536x865.png 1536w, https:\/\/www.kompetensforetagen.se\/app\/uploads\/sites\/5\/2021\/08\/rekrytering.png 1640w\" sizes=\"auto, (max-width: 580px) 100vw, 580px\" \/><\/a><\/p>\n"},"caption":{"rendered":""},"alt_text":"Grafik: Rekrytering inom bemanningstj\u00e4nster","media_type":"image","mime_type":"image\/png","media_details":{"width":1640,"height":924,"file":"2021\/08\/rekrytering.png","sizes":{"medium":{"file":"rekrytering-580x327.png","width":580,"height":327,"mime_type":"image\/png","source_url":"https:\/\/www.kompetensforetagen.se\/app\/uploads\/sites\/5\/2021\/08\/rekrytering-580x327.png"},"large":{"file":"rekrytering-1180x665.png","width":1180,"height":665,"mime_type":"image\/png","source_url":"https:\/\/www.kompetensforetagen.se\/app\/uploads\/sites\/5\/2021\/08\/rekrytering-1180x665.png"},"thumbnail":{"file":"rekrytering-380x214.png","width":380,"height":214,"mime_type":"image\/png","source_url":"https:\/\/www.kompetensforetagen.se\/app\/uploads\/sites\/5\/2021\/08\/rekrytering-380x214.png"},"medium_large":{"file":"rekrytering-768x433.png","width":768,"height":433,"mime_type":"image\/png","source_url":"https:\/\/www.kompetensforetagen.se\/app\/uploads\/sites\/5\/2021\/08\/rekrytering-768x433.png"},"1536x1536":{"file":"rekrytering-1536x865.png","width":1536,"height":865,"mime_type":"image\/png","source_url":"https:\/\/www.kompetensforetagen.se\/app\/uploads\/sites\/5\/2021\/08\/rekrytering-1536x865.png"},"full":{"file":"rekrytering.png","width":1640,"height":924,"mime_type":"image\/png","source_url":"https:\/\/www.kompetensforetagen.se\/app\/uploads\/sites\/5\/2021\/08\/rekrytering.png"}},"image_meta":{"aperture":"0","credit":"","camera":"","caption":"","created_timestamp":"0","copyright":"","focal_length":"0","iso":"0","shutter_speed":"0","title":"","orientation":"0","keywords":[]}},"post":null,"source_url":"https:\/\/www.kompetensforetagen.se\/app\/uploads\/sites\/5\/2021\/08\/rekrytering.png","_links":{"self":[{"href":"https:\/\/www.kompetensforetagen.se\/api\/wp\/v2\/media\/7622","targetHints":{"allow":["GET"]}}],"collection":[{"href":"https:\/\/www.kompetensforetagen.se\/api\/wp\/v2\/media"}],"about":[{"href":"https:\/\/www.kompetensforetagen.se\/api\/wp\/v2\/types\/attachment"}],"author":[{"embeddable":true,"href":"https:\/\/www.kompetensforetagen.se\/api\/wp\/v2\/users\/6058"}],"replies":[{"embeddable":true,"href":"https:\/\/www.kompetensforetagen.se\/api\/wp\/v2\/comments?post=7622"}]}}

<!-- This site is optimized with the Yoast SEO Premium plugin v26.8 (Yoast SEO v26.8) - https://yoast.com/product/yoast-seo-premium-wordpress/ -->
<title>rekrytering - Kompetensföretagen</title>
<meta name="description" content="Rekryteringstjänster och branschfakta. Information för dig som arbetar med rekrytering eller ska köpa rekryteringstjänster." />
<meta name="robots" content="index, follow, max-snippet:-1, max-image-preview:large, max-video-preview:-1" />
<link rel="canonical" href="https://www.kompetensforetagen.se/app/uploads/sites/5/2021/08/rekrytering.png" />
<meta property="og:locale" content="sv_SE" />
<meta property="og:type" content="article" />
<meta property="og:title" content="rekrytering - Kompetensföretagen" />
<meta property="og:description" content="Rekryteringstjänster och branschfakta. Information för dig som arbetar med rekrytering eller ska köpa rekryteringstjänster." />
<meta property="og:url" content="https://www.kompetensforetagen.se/app/uploads/sites/5/2021/08/rekrytering.png" />
<meta property="og:site_name" content="Kompetensföretagen" />
<meta property="article:modified_time" content="2025-12-15T10:01:08+00:00" />
<meta property="og:image" content="https://www.kompetensforetagen.se/app/uploads/sites/5/2021/08/rekrytering.png" />
	<meta property="og:image:width" content="1640" />
	<meta property="og:image:height" content="924" />
	<meta property="og:image:type" content="image/png" />
<meta name="twitter:card" content="summary_large_image" />
<script type="application/ld+json" class="yoast-schema-graph">{"@context":"https://schema.org","@graph":[{"@type":"WebPage","@id":"https://www.kompetensforetagen.se/app/uploads/sites/5/2021/08/rekrytering.png","url":"https://www.kompetensforetagen.se/app/uploads/sites/5/2021/08/rekrytering.png","name":"rekrytering - Kompetensföretagen","isPartOf":{"@id":"https://www.kompetensforetagen.se/#website"},"datePublished":"2021-08-16T10:51:53+00:00","dateModified":"2025-12-15T10:01:08+00:00","description":"Rekryteringstjänster och branschfakta. Information för dig som arbetar med rekrytering eller ska köpa rekryteringstjänster.","breadcrumb":{"@id":"https://www.kompetensforetagen.se/app/uploads/sites/5/2021/08/rekrytering.png#breadcrumb"},"inLanguage":"sv-SE","potentialAction":[{"@type":"ReadAction","target":["https://www.kompetensforetagen.se/app/uploads/sites/5/2021/08/rekrytering.png"]}]},{"@type":"BreadcrumbList","@id":"https://www.kompetensforetagen.se/app/uploads/sites/5/2021/08/rekrytering.png#breadcrumb","itemListElement":[{"@type":"ListItem","position":1,"name":"Home","item":"https://www.kompetensforetagen.se/"},{"@type":"ListItem","position":2,"name":"rekrytering"}]},{"@type":"WebSite","@id":"https://www.kompetensforetagen.se/#website","url":"https://www.kompetensforetagen.se/","name":"Kompetensföretagen","description":"Rätt person på rätt plats kan förändra världen","publisher":{"@id":"https://www.kompetensforetagen.se/#organization"},"potentialAction":[{"@type":"SearchAction","target":{"@type":"EntryPoint","urlTemplate":"https://www.kompetensforetagen.se/?s={search_term_string}"},"query-input":{"@type":"PropertyValueSpecification","valueRequired":true,"valueName":"search_term_string"}}],"inLanguage":"sv-SE"},{"@type":"Organization","@id":"https://www.kompetensforetagen.se/#organization","name":"Kompetensföretagen","url":"https://www.kompetensforetagen.se/","logo":{"@type":"ImageObject","inLanguage":"sv-SE","@id":"https://www.kompetensforetagen.se/#/schema/logo/image/","url":"https://www.kompetensforetagen.se/app/uploads/sites/5/2022/10/logga_svart.png","contentUrl":"https://www.kompetensforetagen.se/app/uploads/sites/5/2022/10/logga_svart.png","width":752,"height":64,"caption":"Kompetensföretagen"},"image":{"@id":"https://www.kompetensforetagen.se/#/schema/logo/image/"},"sameAs":["https://www.linkedin.com/company/10540032/"]}]}</script>
<!-- / Yoast SEO Premium plugin. -->

rekrytering - Kompetensföretagen

Rekryteringstjänster och branschfakta. Information för dig som arbetar med rekrytering eller ska köpa rekryteringstjänster.

Kompetensföretagen

Rätt person på rätt plats kan förändra världen

<p class="attachment"><a href='https://www.kompetensforetagen.se/app/uploads/sites/5/2021/08/rekrytering.png'><img loading="lazy" decoding="async" width="580" height="327" src="https://www.kompetensforetagen.se/app/uploads/sites/5/2021/08/rekrytering-580x327.png" class="attachment-medium size-medium" alt="Grafik: Rekrytering inom bemanningstjänster" srcset="https://www.kompetensforetagen.se/app/uploads/sites/5/2021/08/rekrytering-580x327.png 580w, https://www.kompetensforetagen.se/app/uploads/sites/5/2021/08/rekrytering-1180x665.png 1180w, https://www.kompetensforetagen.se/app/uploads/sites/5/2021/08/rekrytering-380x214.png 380w, https://www.kompetensforetagen.se/app/uploads/sites/5/2021/08/rekrytering-768x433.png 768w, https://www.kompetensforetagen.se/app/uploads/sites/5/2021/08/rekrytering-1536x865.png 1536w, https://www.kompetensforetagen.se/app/uploads/sites/5/2021/08/rekrytering.png 1640w" sizes="auto, (max-width: 580px) 100vw, 580px" /></a></p>

Grafik: Rekrytering inom bemanningstjänster
