{"id":6568,"date":"2021-03-05T11:40:43","date_gmt":"2021-03-05T10:40:43","guid":{"rendered":"https:\/\/www.almega.se\/app\/uploads\/sites\/5\/2021\/03\/gothlin-klara-kompetens.jpg"},"modified":"2025-12-02T13:08:17","modified_gmt":"2025-12-02T12:08:17","slug":"gothlin-klara-kompetens","status":"inherit","type":"attachment","link":"https:\/\/www.kompetensforetagen.se\/2021\/03\/fran-kanslan-av-maktloshet-till-viktiga-insatser\/gothlin-klara-kompetens\/","title":{"rendered":"gothlin-klara-kompetens"},"author":6058,"featured_media":0,"comment_status":"closed","ping_status":"closed","template":"","meta":{"_acf_changed":false},"class_list":["post-6568","attachment","type-attachment","status-inherit","hentry"],"acf":[],"yoast_head":"<!-- This site is optimized with the Yoast SEO Premium plugin v26.8 (Yoast SEO v26.8) - https:\/\/yoast.com\/product\/yoast-seo-premium-wordpress\/ -->\n<title>gothlin-klara-kompetens - Kompetensf\u00f6retagen<\/title>\n<meta name=\"robots\" content=\"index, follow, max-snippet:-1, max-image-preview:large, max-video-preview:-1\" \/>\n<link rel=\"canonical\" href=\"https:\/\/www.kompetensforetagen.se\/app\/uploads\/sites\/5\/2021\/03\/gothlin-klara-kompetens-scaled.jpg\" \/>\n<meta property=\"og:locale\" content=\"sv_SE\" \/>\n<meta property=\"og:type\" content=\"article\" \/>\n<meta property=\"og:title\" content=\"gothlin-klara-kompetens - Kompetensf\u00f6retagen\" \/>\n<meta property=\"og:url\" content=\"https:\/\/www.kompetensforetagen.se\/app\/uploads\/sites\/5\/2021\/03\/gothlin-klara-kompetens-scaled.jpg\" \/>\n<meta property=\"og:site_name\" content=\"Kompetensf\u00f6retagen\" \/>\n<meta property=\"article:modified_time\" content=\"2025-12-02T12:08:17+00:00\" \/>\n<meta property=\"og:image\" content=\"https:\/\/www.kompetensforetagen.se\/app\/uploads\/sites\/5\/2021\/03\/gothlin-klara-kompetens-scaled.jpg\" \/>\n\t<meta property=\"og:image:width\" content=\"1920\" \/>\n\t<meta property=\"og:image:height\" content=\"2560\" \/>\n\t<meta property=\"og:image:type\" content=\"image\/jpeg\" \/>\n<meta name=\"twitter:card\" content=\"summary_large_image\" \/>\n<script type=\"application\/ld+json\" class=\"yoast-schema-graph\">{\"@context\":\"https:\/\/schema.org\",\"@graph\":[{\"@type\":\"WebPage\",\"@id\":\"https:\/\/www.kompetensforetagen.se\/app\/uploads\/sites\/5\/2021\/03\/gothlin-klara-kompetens-scaled.jpg\",\"url\":\"https:\/\/www.kompetensforetagen.se\/app\/uploads\/sites\/5\/2021\/03\/gothlin-klara-kompetens-scaled.jpg\",\"name\":\"gothlin-klara-kompetens - Kompetensf\u00f6retagen\",\"isPartOf\":{\"@id\":\"https:\/\/www.kompetensforetagen.se\/#website\"},\"datePublished\":\"2021-03-05T10:40:43+00:00\",\"dateModified\":\"2025-12-02T12:08:17+00:00\",\"breadcrumb\":{\"@id\":\"https:\/\/www.kompetensforetagen.se\/app\/uploads\/sites\/5\/2021\/03\/gothlin-klara-kompetens-scaled.jpg#breadcrumb\"},\"inLanguage\":\"sv-SE\",\"potentialAction\":[{\"@type\":\"ReadAction\",\"target\":[\"https:\/\/www.kompetensforetagen.se\/app\/uploads\/sites\/5\/2021\/03\/gothlin-klara-kompetens-scaled.jpg\"]}]},{\"@type\":\"BreadcrumbList\",\"@id\":\"https:\/\/www.kompetensforetagen.se\/app\/uploads\/sites\/5\/2021\/03\/gothlin-klara-kompetens-scaled.jpg#breadcrumb\",\"itemListElement\":[{\"@type\":\"ListItem\",\"position\":1,\"name\":\"Home\",\"item\":\"https:\/\/www.kompetensforetagen.se\/\"},{\"@type\":\"ListItem\",\"position\":2,\"name\":\"Fr\u00e5n k\u00e4nslan av maktl\u00f6shet till viktiga insatser\",\"item\":\"https:\/\/www.kompetensforetagen.se\/2021\/03\/fran-kanslan-av-maktloshet-till-viktiga-insatser\/\"},{\"@type\":\"ListItem\",\"position\":3,\"name\":\"gothlin-klara-kompetens\"}]},{\"@type\":\"WebSite\",\"@id\":\"https:\/\/www.kompetensforetagen.se\/#website\",\"url\":\"https:\/\/www.kompetensforetagen.se\/\",\"name\":\"Kompetensf\u00f6retagen\",\"description\":\"R\u00e4tt person p\u00e5 r\u00e4tt plats kan f\u00f6r\u00e4ndra v\u00e4rlden\",\"publisher\":{\"@id\":\"https:\/\/www.kompetensforetagen.se\/#organization\"},\"potentialAction\":[{\"@type\":\"SearchAction\",\"target\":{\"@type\":\"EntryPoint\",\"urlTemplate\":\"https:\/\/www.kompetensforetagen.se\/?s={search_term_string}\"},\"query-input\":{\"@type\":\"PropertyValueSpecification\",\"valueRequired\":true,\"valueName\":\"search_term_string\"}}],\"inLanguage\":\"sv-SE\"},{\"@type\":\"Organization\",\"@id\":\"https:\/\/www.kompetensforetagen.se\/#organization\",\"name\":\"Kompetensf\u00f6retagen\",\"url\":\"https:\/\/www.kompetensforetagen.se\/\",\"logo\":{\"@type\":\"ImageObject\",\"inLanguage\":\"sv-SE\",\"@id\":\"https:\/\/www.kompetensforetagen.se\/#\/schema\/logo\/image\/\",\"url\":\"https:\/\/www.kompetensforetagen.se\/app\/uploads\/sites\/5\/2022\/10\/logga_svart.png\",\"contentUrl\":\"https:\/\/www.kompetensforetagen.se\/app\/uploads\/sites\/5\/2022\/10\/logga_svart.png\",\"width\":752,\"height\":64,\"caption\":\"Kompetensf\u00f6retagen\"},\"image\":{\"@id\":\"https:\/\/www.kompetensforetagen.se\/#\/schema\/logo\/image\/\"},\"sameAs\":[\"https:\/\/www.linkedin.com\/company\/10540032\/\"]}]}<\/script>\n<!-- \/ Yoast SEO Premium plugin. -->","yoast_head_json":{"title":"gothlin-klara-kompetens - Kompetensf\u00f6retagen","robots":{"index":"index","follow":"follow","max-snippet":"max-snippet:-1","max-image-preview":"max-image-preview:large","max-video-preview":"max-video-preview:-1"},"canonical":"https:\/\/www.kompetensforetagen.se\/app\/uploads\/sites\/5\/2021\/03\/gothlin-klara-kompetens-scaled.jpg","og_locale":"sv_SE","og_type":"article","og_title":"gothlin-klara-kompetens - Kompetensf\u00f6retagen","og_url":"https:\/\/www.kompetensforetagen.se\/app\/uploads\/sites\/5\/2021\/03\/gothlin-klara-kompetens-scaled.jpg","og_site_name":"Kompetensf\u00f6retagen","article_modified_time":"2025-12-02T12:08:17+00:00","og_image":[{"width":1920,"height":2560,"url":"https:\/\/www.kompetensforetagen.se\/app\/uploads\/sites\/5\/2021\/03\/gothlin-klara-kompetens-scaled.jpg","type":"image\/jpeg"}],"twitter_card":"summary_large_image","schema":{"@context":"https:\/\/schema.org","@graph":[{"@type":"WebPage","@id":"https:\/\/www.kompetensforetagen.se\/app\/uploads\/sites\/5\/2021\/03\/gothlin-klara-kompetens-scaled.jpg","url":"https:\/\/www.kompetensforetagen.se\/app\/uploads\/sites\/5\/2021\/03\/gothlin-klara-kompetens-scaled.jpg","name":"gothlin-klara-kompetens - Kompetensf\u00f6retagen","isPartOf":{"@id":"https:\/\/www.kompetensforetagen.se\/#website"},"datePublished":"2021-03-05T10:40:43+00:00","dateModified":"2025-12-02T12:08:17+00:00","breadcrumb":{"@id":"https:\/\/www.kompetensforetagen.se\/app\/uploads\/sites\/5\/2021\/03\/gothlin-klara-kompetens-scaled.jpg#breadcrumb"},"inLanguage":"sv-SE","potentialAction":[{"@type":"ReadAction","target":["https:\/\/www.kompetensforetagen.se\/app\/uploads\/sites\/5\/2021\/03\/gothlin-klara-kompetens-scaled.jpg"]}]},{"@type":"BreadcrumbList","@id":"https:\/\/www.kompetensforetagen.se\/app\/uploads\/sites\/5\/2021\/03\/gothlin-klara-kompetens-scaled.jpg#breadcrumb","itemListElement":[{"@type":"ListItem","position":1,"name":"Home","item":"https:\/\/www.kompetensforetagen.se\/"},{"@type":"ListItem","position":2,"name":"Fr\u00e5n k\u00e4nslan av maktl\u00f6shet till viktiga insatser","item":"https:\/\/www.kompetensforetagen.se\/2021\/03\/fran-kanslan-av-maktloshet-till-viktiga-insatser\/"},{"@type":"ListItem","position":3,"name":"gothlin-klara-kompetens"}]},{"@type":"WebSite","@id":"https:\/\/www.kompetensforetagen.se\/#website","url":"https:\/\/www.kompetensforetagen.se\/","name":"Kompetensf\u00f6retagen","description":"R\u00e4tt person p\u00e5 r\u00e4tt plats kan f\u00f6r\u00e4ndra v\u00e4rlden","publisher":{"@id":"https:\/\/www.kompetensforetagen.se\/#organization"},"potentialAction":[{"@type":"SearchAction","target":{"@type":"EntryPoint","urlTemplate":"https:\/\/www.kompetensforetagen.se\/?s={search_term_string}"},"query-input":{"@type":"PropertyValueSpecification","valueRequired":true,"valueName":"search_term_string"}}],"inLanguage":"sv-SE"},{"@type":"Organization","@id":"https:\/\/www.kompetensforetagen.se\/#organization","name":"Kompetensf\u00f6retagen","url":"https:\/\/www.kompetensforetagen.se\/","logo":{"@type":"ImageObject","inLanguage":"sv-SE","@id":"https:\/\/www.kompetensforetagen.se\/#\/schema\/logo\/image\/","url":"https:\/\/www.kompetensforetagen.se\/app\/uploads\/sites\/5\/2022\/10\/logga_svart.png","contentUrl":"https:\/\/www.kompetensforetagen.se\/app\/uploads\/sites\/5\/2022\/10\/logga_svart.png","width":752,"height":64,"caption":"Kompetensf\u00f6retagen"},"image":{"@id":"https:\/\/www.kompetensforetagen.se\/#\/schema\/logo\/image\/"},"sameAs":["https:\/\/www.linkedin.com\/company\/10540032\/"]}]}},"description":{"rendered":"<p class=\"attachment\"><a href='https:\/\/www.kompetensforetagen.se\/app\/uploads\/sites\/5\/2021\/03\/gothlin-klara-kompetens-scaled.jpg'><img loading=\"lazy\" decoding=\"async\" width=\"580\" height=\"773\" src=\"https:\/\/www.kompetensforetagen.se\/app\/uploads\/sites\/5\/2021\/03\/gothlin-klara-kompetens-580x773.jpg\" class=\"attachment-medium size-medium\" alt=\"G\u00f6thlin fr\u00e5n Klara Kompetens, om kvalitetss\u00e4kring i branschen.\" srcset=\"https:\/\/www.kompetensforetagen.se\/app\/uploads\/sites\/5\/2021\/03\/gothlin-klara-kompetens-580x773.jpg 580w, https:\/\/www.kompetensforetagen.se\/app\/uploads\/sites\/5\/2021\/03\/gothlin-klara-kompetens-1180x1573.jpg 1180w, https:\/\/www.kompetensforetagen.se\/app\/uploads\/sites\/5\/2021\/03\/gothlin-klara-kompetens-380x507.jpg 380w, https:\/\/www.kompetensforetagen.se\/app\/uploads\/sites\/5\/2021\/03\/gothlin-klara-kompetens-768x1024.jpg 768w, https:\/\/www.kompetensforetagen.se\/app\/uploads\/sites\/5\/2021\/03\/gothlin-klara-kompetens-1152x1536.jpg 1152w, https:\/\/www.kompetensforetagen.se\/app\/uploads\/sites\/5\/2021\/03\/gothlin-klara-kompetens-1536x2048.jpg 1536w, https:\/\/www.kompetensforetagen.se\/app\/uploads\/sites\/5\/2021\/03\/gothlin-klara-kompetens-scaled.jpg 1920w\" sizes=\"auto, (max-width: 580px) 100vw, 580px\" \/><\/a><\/p>\n"},"caption":{"rendered":""},"alt_text":"G\u00f6thlin fr\u00e5n Klara Kompetens, om kvalitetss\u00e4kring i branschen.","media_type":"image","mime_type":"image\/jpeg","media_details":{"width":1920,"height":2560,"file":"2021\/03\/gothlin-klara-kompetens-scaled.jpg","sizes":{"medium":{"file":"gothlin-klara-kompetens-580x773.jpg","width":580,"height":773,"mime_type":"image\/jpeg","source_url":"https:\/\/www.kompetensforetagen.se\/app\/uploads\/sites\/5\/2021\/03\/gothlin-klara-kompetens-580x773.jpg"},"large":{"file":"gothlin-klara-kompetens-1180x1573.jpg","width":1180,"height":1573,"mime_type":"image\/jpeg","source_url":"https:\/\/www.kompetensforetagen.se\/app\/uploads\/sites\/5\/2021\/03\/gothlin-klara-kompetens-1180x1573.jpg"},"thumbnail":{"file":"gothlin-klara-kompetens-380x507.jpg","width":380,"height":507,"mime_type":"image\/jpeg","source_url":"https:\/\/www.kompetensforetagen.se\/app\/uploads\/sites\/5\/2021\/03\/gothlin-klara-kompetens-380x507.jpg"},"medium_large":{"file":"gothlin-klara-kompetens-768x1024.jpg","width":768,"height":1024,"mime_type":"image\/jpeg","source_url":"https:\/\/www.kompetensforetagen.se\/app\/uploads\/sites\/5\/2021\/03\/gothlin-klara-kompetens-768x1024.jpg"},"1536x1536":{"file":"gothlin-klara-kompetens-1152x1536.jpg","width":1152,"height":1536,"mime_type":"image\/jpeg","source_url":"https:\/\/www.kompetensforetagen.se\/app\/uploads\/sites\/5\/2021\/03\/gothlin-klara-kompetens-1152x1536.jpg"},"2048x2048":{"file":"gothlin-klara-kompetens-1536x2048.jpg","width":1536,"height":2048,"mime_type":"image\/jpeg","source_url":"https:\/\/www.kompetensforetagen.se\/app\/uploads\/sites\/5\/2021\/03\/gothlin-klara-kompetens-1536x2048.jpg"},"full":{"file":"gothlin-klara-kompetens-scaled.jpg","width":1920,"height":2560,"mime_type":"image\/jpeg","source_url":"https:\/\/www.kompetensforetagen.se\/app\/uploads\/sites\/5\/2021\/03\/gothlin-klara-kompetens-scaled.jpg"}},"image_meta":{"aperture":"1.8","credit":"","camera":"iPhone 11","caption":"","created_timestamp":"1602844136","copyright":"","focal_length":"4.25","iso":"320","shutter_speed":"0.02","title":"","orientation":1,"keywords":[]},"original_image":"gothlin-klara-kompetens.jpg"},"post":6566,"source_url":"https:\/\/www.kompetensforetagen.se\/app\/uploads\/sites\/5\/2021\/03\/gothlin-klara-kompetens-scaled.jpg","_links":{"self":[{"href":"https:\/\/www.kompetensforetagen.se\/api\/wp\/v2\/media\/6568","targetHints":{"allow":["GET"]}}],"collection":[{"href":"https:\/\/www.kompetensforetagen.se\/api\/wp\/v2\/media"}],"about":[{"href":"https:\/\/www.kompetensforetagen.se\/api\/wp\/v2\/types\/attachment"}],"author":[{"embeddable":true,"href":"https:\/\/www.kompetensforetagen.se\/api\/wp\/v2\/users\/6058"}],"replies":[{"embeddable":true,"href":"https:\/\/www.kompetensforetagen.se\/api\/wp\/v2\/comments?post=6568"}],"wp:attached-to":[{"embeddable":true,"post_type":"post","id":6566,"href":"https:\/\/www.kompetensforetagen.se\/api\/wp\/v2\/posts\/6566"}],"curies":[{"name":"wp","href":"https:\/\/api.w.org\/{rel}","templated":true}]}}

<!-- This site is optimized with the Yoast SEO Premium plugin v26.8 (Yoast SEO v26.8) - https://yoast.com/product/yoast-seo-premium-wordpress/ -->
<title>gothlin-klara-kompetens - Kompetensföretagen</title>
<meta name="robots" content="index, follow, max-snippet:-1, max-image-preview:large, max-video-preview:-1" />
<link rel="canonical" href="https://www.kompetensforetagen.se/app/uploads/sites/5/2021/03/gothlin-klara-kompetens-scaled.jpg" />
<meta property="og:locale" content="sv_SE" />
<meta property="og:type" content="article" />
<meta property="og:title" content="gothlin-klara-kompetens - Kompetensföretagen" />
<meta property="og:url" content="https://www.kompetensforetagen.se/app/uploads/sites/5/2021/03/gothlin-klara-kompetens-scaled.jpg" />
<meta property="og:site_name" content="Kompetensföretagen" />
<meta property="article:modified_time" content="2025-12-02T12:08:17+00:00" />
<meta property="og:image" content="https://www.kompetensforetagen.se/app/uploads/sites/5/2021/03/gothlin-klara-kompetens-scaled.jpg" />
	<meta property="og:image:width" content="1920" />
	<meta property="og:image:height" content="2560" />
	<meta property="og:image:type" content="image/jpeg" />
<meta name="twitter:card" content="summary_large_image" />
<script type="application/ld+json" class="yoast-schema-graph">{"@context":"https://schema.org","@graph":[{"@type":"WebPage","@id":"https://www.kompetensforetagen.se/app/uploads/sites/5/2021/03/gothlin-klara-kompetens-scaled.jpg","url":"https://www.kompetensforetagen.se/app/uploads/sites/5/2021/03/gothlin-klara-kompetens-scaled.jpg","name":"gothlin-klara-kompetens - Kompetensföretagen","isPartOf":{"@id":"https://www.kompetensforetagen.se/#website"},"datePublished":"2021-03-05T10:40:43+00:00","dateModified":"2025-12-02T12:08:17+00:00","breadcrumb":{"@id":"https://www.kompetensforetagen.se/app/uploads/sites/5/2021/03/gothlin-klara-kompetens-scaled.jpg#breadcrumb"},"inLanguage":"sv-SE","potentialAction":[{"@type":"ReadAction","target":["https://www.kompetensforetagen.se/app/uploads/sites/5/2021/03/gothlin-klara-kompetens-scaled.jpg"]}]},{"@type":"BreadcrumbList","@id":"https://www.kompetensforetagen.se/app/uploads/sites/5/2021/03/gothlin-klara-kompetens-scaled.jpg#breadcrumb","itemListElement":[{"@type":"ListItem","position":1,"name":"Home","item":"https://www.kompetensforetagen.se/"},{"@type":"ListItem","position":2,"name":"Från känslan av maktlöshet till viktiga insatser","item":"https://www.kompetensforetagen.se/2021/03/fran-kanslan-av-maktloshet-till-viktiga-insatser/"},{"@type":"ListItem","position":3,"name":"gothlin-klara-kompetens"}]},{"@type":"WebSite","@id":"https://www.kompetensforetagen.se/#website","url":"https://www.kompetensforetagen.se/","name":"Kompetensföretagen","description":"Rätt person på rätt plats kan förändra världen","publisher":{"@id":"https://www.kompetensforetagen.se/#organization"},"potentialAction":[{"@type":"SearchAction","target":{"@type":"EntryPoint","urlTemplate":"https://www.kompetensforetagen.se/?s={search_term_string}"},"query-input":{"@type":"PropertyValueSpecification","valueRequired":true,"valueName":"search_term_string"}}],"inLanguage":"sv-SE"},{"@type":"Organization","@id":"https://www.kompetensforetagen.se/#organization","name":"Kompetensföretagen","url":"https://www.kompetensforetagen.se/","logo":{"@type":"ImageObject","inLanguage":"sv-SE","@id":"https://www.kompetensforetagen.se/#/schema/logo/image/","url":"https://www.kompetensforetagen.se/app/uploads/sites/5/2022/10/logga_svart.png","contentUrl":"https://www.kompetensforetagen.se/app/uploads/sites/5/2022/10/logga_svart.png","width":752,"height":64,"caption":"Kompetensföretagen"},"image":{"@id":"https://www.kompetensforetagen.se/#/schema/logo/image/"},"sameAs":["https://www.linkedin.com/company/10540032/"]}]}</script>
<!-- / Yoast SEO Premium plugin. -->

gothlin-klara-kompetens - Kompetensföretagen

Kompetensföretagen

Från känslan av maktlöshet till viktiga insatser

Rätt person på rätt plats kan förändra världen

<p class="attachment"><a href='https://www.kompetensforetagen.se/app/uploads/sites/5/2021/03/gothlin-klara-kompetens-scaled.jpg'><img loading="lazy" decoding="async" width="580" height="773" src="https://www.kompetensforetagen.se/app/uploads/sites/5/2021/03/gothlin-klara-kompetens-580x773.jpg" class="attachment-medium size-medium" alt="Göthlin från Klara Kompetens, om kvalitetssäkring i branschen." srcset="https://www.kompetensforetagen.se/app/uploads/sites/5/2021/03/gothlin-klara-kompetens-580x773.jpg 580w, https://www.kompetensforetagen.se/app/uploads/sites/5/2021/03/gothlin-klara-kompetens-1180x1573.jpg 1180w, https://www.kompetensforetagen.se/app/uploads/sites/5/2021/03/gothlin-klara-kompetens-380x507.jpg 380w, https://www.kompetensforetagen.se/app/uploads/sites/5/2021/03/gothlin-klara-kompetens-768x1024.jpg 768w, https://www.kompetensforetagen.se/app/uploads/sites/5/2021/03/gothlin-klara-kompetens-1152x1536.jpg 1152w, https://www.kompetensforetagen.se/app/uploads/sites/5/2021/03/gothlin-klara-kompetens-1536x2048.jpg 1536w, https://www.kompetensforetagen.se/app/uploads/sites/5/2021/03/gothlin-klara-kompetens-scaled.jpg 1920w" sizes="auto, (max-width: 580px) 100vw, 580px" /></a></p>

Göthlin från Klara Kompetens, om kvalitetssäkring i branschen.
