{"id":6407,"date":"2021-02-17T13:28:06","date_gmt":"2021-02-17T12:28:06","guid":{"rendered":"https:\/\/www.almega.se\/app\/uploads\/sites\/5\/2021\/02\/gettyimages-681890029.jpg"},"modified":"2022-06-30T12:21:53","modified_gmt":"2022-06-30T10:21:53","slug":"manual-workers-discussing-while-standing-at-construction-site","status":"inherit","type":"attachment","link":"https:\/\/www.kompetensforetagen.se\/statistik\/kompetensforetagens-rapporter-och-statistik-2-2-2-2\/manual-workers-discussing-while-standing-at-construction-site\/","title":{"rendered":"Manual workers discussing while standing at construction site"},"author":6058,"featured_media":0,"comment_status":"closed","ping_status":"closed","template":"","meta":{"_acf_changed":false},"class_list":["post-6407","attachment","type-attachment","status-inherit","hentry"],"acf":[],"yoast_head":"<!-- This site is optimized with the Yoast SEO Premium plugin v26.8 (Yoast SEO v26.8) - https:\/\/yoast.com\/product\/yoast-seo-premium-wordpress\/ -->\n<title>Manual workers discussing while standing at construction site - Kompetensf\u00f6retagen<\/title>\n<meta name=\"robots\" content=\"index, follow, max-snippet:-1, max-image-preview:large, max-video-preview:-1\" \/>\n<link rel=\"canonical\" href=\"https:\/\/www.kompetensforetagen.se\/app\/uploads\/sites\/5\/2021\/02\/gettyimages-681890029-scaled.jpg\" \/>\n<meta property=\"og:locale\" content=\"sv_SE\" \/>\n<meta property=\"og:type\" content=\"article\" \/>\n<meta property=\"og:title\" content=\"Manual workers discussing while standing at construction site - Kompetensf\u00f6retagen\" \/>\n<meta property=\"og:url\" content=\"https:\/\/www.kompetensforetagen.se\/app\/uploads\/sites\/5\/2021\/02\/gettyimages-681890029-scaled.jpg\" \/>\n<meta property=\"og:site_name\" content=\"Kompetensf\u00f6retagen\" \/>\n<meta property=\"article:modified_time\" content=\"2022-06-30T10:21:53+00:00\" \/>\n<meta property=\"og:image\" content=\"https:\/\/www.kompetensforetagen.se\/app\/uploads\/sites\/5\/2021\/02\/gettyimages-681890029-scaled.jpg\" \/>\n\t<meta property=\"og:image:width\" content=\"2560\" \/>\n\t<meta property=\"og:image:height\" content=\"1706\" \/>\n\t<meta property=\"og:image:type\" content=\"image\/jpeg\" \/>\n<meta name=\"twitter:card\" content=\"summary_large_image\" \/>\n<script type=\"application\/ld+json\" class=\"yoast-schema-graph\">{\"@context\":\"https:\/\/schema.org\",\"@graph\":[{\"@type\":\"WebPage\",\"@id\":\"https:\/\/www.kompetensforetagen.se\/app\/uploads\/sites\/5\/2021\/02\/gettyimages-681890029-scaled.jpg\",\"url\":\"https:\/\/www.kompetensforetagen.se\/app\/uploads\/sites\/5\/2021\/02\/gettyimages-681890029-scaled.jpg\",\"name\":\"Manual workers discussing while standing at construction site - Kompetensf\u00f6retagen\",\"isPartOf\":{\"@id\":\"https:\/\/www.kompetensforetagen.se\/#website\"},\"datePublished\":\"2021-02-17T12:28:06+00:00\",\"dateModified\":\"2022-06-30T10:21:53+00:00\",\"breadcrumb\":{\"@id\":\"https:\/\/www.kompetensforetagen.se\/app\/uploads\/sites\/5\/2021\/02\/gettyimages-681890029-scaled.jpg#breadcrumb\"},\"inLanguage\":\"sv-SE\",\"potentialAction\":[{\"@type\":\"ReadAction\",\"target\":[\"https:\/\/www.kompetensforetagen.se\/app\/uploads\/sites\/5\/2021\/02\/gettyimages-681890029-scaled.jpg\"]}]},{\"@type\":\"BreadcrumbList\",\"@id\":\"https:\/\/www.kompetensforetagen.se\/app\/uploads\/sites\/5\/2021\/02\/gettyimages-681890029-scaled.jpg#breadcrumb\",\"itemListElement\":[{\"@type\":\"ListItem\",\"position\":1,\"name\":\"Home\",\"item\":\"https:\/\/www.kompetensforetagen.se\/\"},{\"@type\":\"ListItem\",\"position\":2,\"name\":\"Rapporter och statistik\",\"item\":\"https:\/\/www.kompetensforetagen.se\/statistik\/\"},{\"@type\":\"ListItem\",\"position\":3,\"name\":\"\u00d6vriga rapporter och presentationer\",\"item\":\"https:\/\/www.kompetensforetagen.se\/statistik\/kompetensforetagens-rapporter-och-statistik-2-2-2-2\/\"},{\"@type\":\"ListItem\",\"position\":4,\"name\":\"Manual workers discussing while standing at construction site\"}]},{\"@type\":\"WebSite\",\"@id\":\"https:\/\/www.kompetensforetagen.se\/#website\",\"url\":\"https:\/\/www.kompetensforetagen.se\/\",\"name\":\"Kompetensf\u00f6retagen\",\"description\":\"R\u00e4tt person p\u00e5 r\u00e4tt plats kan f\u00f6r\u00e4ndra v\u00e4rlden\",\"publisher\":{\"@id\":\"https:\/\/www.kompetensforetagen.se\/#organization\"},\"potentialAction\":[{\"@type\":\"SearchAction\",\"target\":{\"@type\":\"EntryPoint\",\"urlTemplate\":\"https:\/\/www.kompetensforetagen.se\/?s={search_term_string}\"},\"query-input\":{\"@type\":\"PropertyValueSpecification\",\"valueRequired\":true,\"valueName\":\"search_term_string\"}}],\"inLanguage\":\"sv-SE\"},{\"@type\":\"Organization\",\"@id\":\"https:\/\/www.kompetensforetagen.se\/#organization\",\"name\":\"Kompetensf\u00f6retagen\",\"url\":\"https:\/\/www.kompetensforetagen.se\/\",\"logo\":{\"@type\":\"ImageObject\",\"inLanguage\":\"sv-SE\",\"@id\":\"https:\/\/www.kompetensforetagen.se\/#\/schema\/logo\/image\/\",\"url\":\"https:\/\/www.kompetensforetagen.se\/app\/uploads\/sites\/5\/2022\/10\/logga_svart.png\",\"contentUrl\":\"https:\/\/www.kompetensforetagen.se\/app\/uploads\/sites\/5\/2022\/10\/logga_svart.png\",\"width\":752,\"height\":64,\"caption\":\"Kompetensf\u00f6retagen\"},\"image\":{\"@id\":\"https:\/\/www.kompetensforetagen.se\/#\/schema\/logo\/image\/\"},\"sameAs\":[\"https:\/\/www.linkedin.com\/company\/10540032\/\"]}]}<\/script>\n<!-- \/ Yoast SEO Premium plugin. -->","yoast_head_json":{"title":"Manual workers discussing while standing at construction site - Kompetensf\u00f6retagen","robots":{"index":"index","follow":"follow","max-snippet":"max-snippet:-1","max-image-preview":"max-image-preview:large","max-video-preview":"max-video-preview:-1"},"canonical":"https:\/\/www.kompetensforetagen.se\/app\/uploads\/sites\/5\/2021\/02\/gettyimages-681890029-scaled.jpg","og_locale":"sv_SE","og_type":"article","og_title":"Manual workers discussing while standing at construction site - Kompetensf\u00f6retagen","og_url":"https:\/\/www.kompetensforetagen.se\/app\/uploads\/sites\/5\/2021\/02\/gettyimages-681890029-scaled.jpg","og_site_name":"Kompetensf\u00f6retagen","article_modified_time":"2022-06-30T10:21:53+00:00","og_image":[{"width":2560,"height":1706,"url":"https:\/\/www.kompetensforetagen.se\/app\/uploads\/sites\/5\/2021\/02\/gettyimages-681890029-scaled.jpg","type":"image\/jpeg"}],"twitter_card":"summary_large_image","schema":{"@context":"https:\/\/schema.org","@graph":[{"@type":"WebPage","@id":"https:\/\/www.kompetensforetagen.se\/app\/uploads\/sites\/5\/2021\/02\/gettyimages-681890029-scaled.jpg","url":"https:\/\/www.kompetensforetagen.se\/app\/uploads\/sites\/5\/2021\/02\/gettyimages-681890029-scaled.jpg","name":"Manual workers discussing while standing at construction site - Kompetensf\u00f6retagen","isPartOf":{"@id":"https:\/\/www.kompetensforetagen.se\/#website"},"datePublished":"2021-02-17T12:28:06+00:00","dateModified":"2022-06-30T10:21:53+00:00","breadcrumb":{"@id":"https:\/\/www.kompetensforetagen.se\/app\/uploads\/sites\/5\/2021\/02\/gettyimages-681890029-scaled.jpg#breadcrumb"},"inLanguage":"sv-SE","potentialAction":[{"@type":"ReadAction","target":["https:\/\/www.kompetensforetagen.se\/app\/uploads\/sites\/5\/2021\/02\/gettyimages-681890029-scaled.jpg"]}]},{"@type":"BreadcrumbList","@id":"https:\/\/www.kompetensforetagen.se\/app\/uploads\/sites\/5\/2021\/02\/gettyimages-681890029-scaled.jpg#breadcrumb","itemListElement":[{"@type":"ListItem","position":1,"name":"Home","item":"https:\/\/www.kompetensforetagen.se\/"},{"@type":"ListItem","position":2,"name":"Rapporter och statistik","item":"https:\/\/www.kompetensforetagen.se\/statistik\/"},{"@type":"ListItem","position":3,"name":"\u00d6vriga rapporter och presentationer","item":"https:\/\/www.kompetensforetagen.se\/statistik\/kompetensforetagens-rapporter-och-statistik-2-2-2-2\/"},{"@type":"ListItem","position":4,"name":"Manual workers discussing while standing at construction site"}]},{"@type":"WebSite","@id":"https:\/\/www.kompetensforetagen.se\/#website","url":"https:\/\/www.kompetensforetagen.se\/","name":"Kompetensf\u00f6retagen","description":"R\u00e4tt person p\u00e5 r\u00e4tt plats kan f\u00f6r\u00e4ndra v\u00e4rlden","publisher":{"@id":"https:\/\/www.kompetensforetagen.se\/#organization"},"potentialAction":[{"@type":"SearchAction","target":{"@type":"EntryPoint","urlTemplate":"https:\/\/www.kompetensforetagen.se\/?s={search_term_string}"},"query-input":{"@type":"PropertyValueSpecification","valueRequired":true,"valueName":"search_term_string"}}],"inLanguage":"sv-SE"},{"@type":"Organization","@id":"https:\/\/www.kompetensforetagen.se\/#organization","name":"Kompetensf\u00f6retagen","url":"https:\/\/www.kompetensforetagen.se\/","logo":{"@type":"ImageObject","inLanguage":"sv-SE","@id":"https:\/\/www.kompetensforetagen.se\/#\/schema\/logo\/image\/","url":"https:\/\/www.kompetensforetagen.se\/app\/uploads\/sites\/5\/2022\/10\/logga_svart.png","contentUrl":"https:\/\/www.kompetensforetagen.se\/app\/uploads\/sites\/5\/2022\/10\/logga_svart.png","width":752,"height":64,"caption":"Kompetensf\u00f6retagen"},"image":{"@id":"https:\/\/www.kompetensforetagen.se\/#\/schema\/logo\/image\/"},"sameAs":["https:\/\/www.linkedin.com\/company\/10540032\/"]}]}},"description":{"rendered":"<p class=\"attachment\"><a href='https:\/\/www.kompetensforetagen.se\/app\/uploads\/sites\/5\/2021\/02\/gettyimages-681890029-scaled.jpg'><img loading=\"lazy\" decoding=\"async\" width=\"580\" height=\"387\" src=\"https:\/\/www.kompetensforetagen.se\/app\/uploads\/sites\/5\/2021\/02\/gettyimages-681890029-580x387.jpg\" class=\"attachment-medium size-medium\" alt=\"Kvinna med skyddshj\u00e4lm och pappersark i handen st\u00e5r v\u00e4nd med ryggen mot kameran och tittar p\u00e5\" srcset=\"https:\/\/www.kompetensforetagen.se\/app\/uploads\/sites\/5\/2021\/02\/gettyimages-681890029-580x387.jpg 580w, https:\/\/www.kompetensforetagen.se\/app\/uploads\/sites\/5\/2021\/02\/gettyimages-681890029-1180x786.jpg 1180w, https:\/\/www.kompetensforetagen.se\/app\/uploads\/sites\/5\/2021\/02\/gettyimages-681890029-380x253.jpg 380w, https:\/\/www.kompetensforetagen.se\/app\/uploads\/sites\/5\/2021\/02\/gettyimages-681890029-768x512.jpg 768w, https:\/\/www.kompetensforetagen.se\/app\/uploads\/sites\/5\/2021\/02\/gettyimages-681890029-1536x1024.jpg 1536w, https:\/\/www.kompetensforetagen.se\/app\/uploads\/sites\/5\/2021\/02\/gettyimages-681890029-2048x1365.jpg 2048w\" sizes=\"auto, (max-width: 580px) 100vw, 580px\" \/><\/a><\/p>\n"},"caption":{"rendered":""},"alt_text":"Kvinna med skyddshj\u00e4lm och pappersark i handen st\u00e5r v\u00e4nd med ryggen mot kameran och tittar p\u00e5","media_type":"image","mime_type":"image\/jpeg","media_details":{"width":2560,"height":1706,"file":"2021\/02\/gettyimages-681890029-scaled.jpg","sizes":{"medium":{"file":"gettyimages-681890029-580x387.jpg","width":580,"height":387,"mime_type":"image\/jpeg","source_url":"https:\/\/www.kompetensforetagen.se\/app\/uploads\/sites\/5\/2021\/02\/gettyimages-681890029-580x387.jpg"},"large":{"file":"gettyimages-681890029-1180x786.jpg","width":1180,"height":786,"mime_type":"image\/jpeg","source_url":"https:\/\/www.kompetensforetagen.se\/app\/uploads\/sites\/5\/2021\/02\/gettyimages-681890029-1180x786.jpg"},"thumbnail":{"file":"gettyimages-681890029-380x253.jpg","width":380,"height":253,"mime_type":"image\/jpeg","source_url":"https:\/\/www.kompetensforetagen.se\/app\/uploads\/sites\/5\/2021\/02\/gettyimages-681890029-380x253.jpg"},"medium_large":{"file":"gettyimages-681890029-768x512.jpg","width":768,"height":512,"mime_type":"image\/jpeg","source_url":"https:\/\/www.kompetensforetagen.se\/app\/uploads\/sites\/5\/2021\/02\/gettyimages-681890029-768x512.jpg"},"1536x1536":{"file":"gettyimages-681890029-1536x1024.jpg","width":1536,"height":1024,"mime_type":"image\/jpeg","source_url":"https:\/\/www.kompetensforetagen.se\/app\/uploads\/sites\/5\/2021\/02\/gettyimages-681890029-1536x1024.jpg"},"2048x2048":{"file":"gettyimages-681890029-2048x1365.jpg","width":2048,"height":1365,"mime_type":"image\/jpeg","source_url":"https:\/\/www.kompetensforetagen.se\/app\/uploads\/sites\/5\/2021\/02\/gettyimages-681890029-2048x1365.jpg"},"full":{"file":"gettyimages-681890029-scaled.jpg","width":2560,"height":1706,"mime_type":"image\/jpeg","source_url":"https:\/\/www.kompetensforetagen.se\/app\/uploads\/sites\/5\/2021\/02\/gettyimages-681890029-scaled.jpg"}},"image_meta":{"aperture":"0","credit":"Getty Images\/Maskot","camera":"","caption":"","created_timestamp":"0","copyright":"Copyright Maskot .","focal_length":"0","iso":"0","shutter_speed":"0","title":"Manual workers discussing while standing at construction site","orientation":"0","keywords":["25-29 years","35-39 Years","40-44 years","working","Manual Worker","mixed race person","constructing","construction site","Foreman","construction worker","Construction Industry","manager","day","Discussion","Europe","photography","Four people","color image","full length","Horizontal","Headwear","industry","indoors","caucasian ethnicity","communication","Coworker","mature men","mature adult","mid adult","mid adult men","Partnership - Teamwork","talking","reflective clothing","Scandinavia","protection","hardhat","protective workwear","Stockholm","standing","Sweden","safety","teamwork","three quarter length","young women","young men","Young adult","development","Occupation","Professional Occupation"]},"original_image":"gettyimages-681890029.jpg"},"post":1068,"source_url":"https:\/\/www.kompetensforetagen.se\/app\/uploads\/sites\/5\/2021\/02\/gettyimages-681890029-scaled.jpg","_links":{"self":[{"href":"https:\/\/www.kompetensforetagen.se\/api\/wp\/v2\/media\/6407","targetHints":{"allow":["GET"]}}],"collection":[{"href":"https:\/\/www.kompetensforetagen.se\/api\/wp\/v2\/media"}],"about":[{"href":"https:\/\/www.kompetensforetagen.se\/api\/wp\/v2\/types\/attachment"}],"author":[{"embeddable":true,"href":"https:\/\/www.kompetensforetagen.se\/api\/wp\/v2\/users\/6058"}],"replies":[{"embeddable":true,"href":"https:\/\/www.kompetensforetagen.se\/api\/wp\/v2\/comments?post=6407"}],"wp:attached-to":[{"embeddable":true,"post_type":"page","id":1068,"href":"https:\/\/www.kompetensforetagen.se\/api\/wp\/v2\/pages\/1068"}],"curies":[{"name":"wp","href":"https:\/\/api.w.org\/{rel}","templated":true}]}}

<!-- This site is optimized with the Yoast SEO Premium plugin v26.8 (Yoast SEO v26.8) - https://yoast.com/product/yoast-seo-premium-wordpress/ -->
<title>Manual workers discussing while standing at construction site - Kompetensföretagen</title>
<meta name="robots" content="index, follow, max-snippet:-1, max-image-preview:large, max-video-preview:-1" />
<link rel="canonical" href="https://www.kompetensforetagen.se/app/uploads/sites/5/2021/02/gettyimages-681890029-scaled.jpg" />
<meta property="og:locale" content="sv_SE" />
<meta property="og:type" content="article" />
<meta property="og:title" content="Manual workers discussing while standing at construction site - Kompetensföretagen" />
<meta property="og:url" content="https://www.kompetensforetagen.se/app/uploads/sites/5/2021/02/gettyimages-681890029-scaled.jpg" />
<meta property="og:site_name" content="Kompetensföretagen" />
<meta property="article:modified_time" content="2022-06-30T10:21:53+00:00" />
<meta property="og:image" content="https://www.kompetensforetagen.se/app/uploads/sites/5/2021/02/gettyimages-681890029-scaled.jpg" />
	<meta property="og:image:width" content="2560" />
	<meta property="og:image:height" content="1706" />
	<meta property="og:image:type" content="image/jpeg" />
<meta name="twitter:card" content="summary_large_image" />
<script type="application/ld+json" class="yoast-schema-graph">{"@context":"https://schema.org","@graph":[{"@type":"WebPage","@id":"https://www.kompetensforetagen.se/app/uploads/sites/5/2021/02/gettyimages-681890029-scaled.jpg","url":"https://www.kompetensforetagen.se/app/uploads/sites/5/2021/02/gettyimages-681890029-scaled.jpg","name":"Manual workers discussing while standing at construction site - Kompetensföretagen","isPartOf":{"@id":"https://www.kompetensforetagen.se/#website"},"datePublished":"2021-02-17T12:28:06+00:00","dateModified":"2022-06-30T10:21:53+00:00","breadcrumb":{"@id":"https://www.kompetensforetagen.se/app/uploads/sites/5/2021/02/gettyimages-681890029-scaled.jpg#breadcrumb"},"inLanguage":"sv-SE","potentialAction":[{"@type":"ReadAction","target":["https://www.kompetensforetagen.se/app/uploads/sites/5/2021/02/gettyimages-681890029-scaled.jpg"]}]},{"@type":"BreadcrumbList","@id":"https://www.kompetensforetagen.se/app/uploads/sites/5/2021/02/gettyimages-681890029-scaled.jpg#breadcrumb","itemListElement":[{"@type":"ListItem","position":1,"name":"Home","item":"https://www.kompetensforetagen.se/"},{"@type":"ListItem","position":2,"name":"Rapporter och statistik","item":"https://www.kompetensforetagen.se/statistik/"},{"@type":"ListItem","position":3,"name":"Övriga rapporter och presentationer","item":"https://www.kompetensforetagen.se/statistik/kompetensforetagens-rapporter-och-statistik-2-2-2-2/"},{"@type":"ListItem","position":4,"name":"Manual workers discussing while standing at construction site"}]},{"@type":"WebSite","@id":"https://www.kompetensforetagen.se/#website","url":"https://www.kompetensforetagen.se/","name":"Kompetensföretagen","description":"Rätt person på rätt plats kan förändra världen","publisher":{"@id":"https://www.kompetensforetagen.se/#organization"},"potentialAction":[{"@type":"SearchAction","target":{"@type":"EntryPoint","urlTemplate":"https://www.kompetensforetagen.se/?s={search_term_string}"},"query-input":{"@type":"PropertyValueSpecification","valueRequired":true,"valueName":"search_term_string"}}],"inLanguage":"sv-SE"},{"@type":"Organization","@id":"https://www.kompetensforetagen.se/#organization","name":"Kompetensföretagen","url":"https://www.kompetensforetagen.se/","logo":{"@type":"ImageObject","inLanguage":"sv-SE","@id":"https://www.kompetensforetagen.se/#/schema/logo/image/","url":"https://www.kompetensforetagen.se/app/uploads/sites/5/2022/10/logga_svart.png","contentUrl":"https://www.kompetensforetagen.se/app/uploads/sites/5/2022/10/logga_svart.png","width":752,"height":64,"caption":"Kompetensföretagen"},"image":{"@id":"https://www.kompetensforetagen.se/#/schema/logo/image/"},"sameAs":["https://www.linkedin.com/company/10540032/"]}]}</script>
<!-- / Yoast SEO Premium plugin. -->

Manual workers discussing while standing at construction site - Kompetensföretagen

Kompetensföretagen

Övriga rapporter och presentationer

Rätt person på rätt plats kan förändra världen

<p class="attachment"><a href='https://www.kompetensforetagen.se/app/uploads/sites/5/2021/02/gettyimages-681890029-scaled.jpg'><img loading="lazy" decoding="async" width="580" height="387" src="https://www.kompetensforetagen.se/app/uploads/sites/5/2021/02/gettyimages-681890029-580x387.jpg" class="attachment-medium size-medium" alt="Kvinna med skyddshjälm och pappersark i handen står vänd med ryggen mot kameran och tittar på" srcset="https://www.kompetensforetagen.se/app/uploads/sites/5/2021/02/gettyimages-681890029-580x387.jpg 580w, https://www.kompetensforetagen.se/app/uploads/sites/5/2021/02/gettyimages-681890029-1180x786.jpg 1180w, https://www.kompetensforetagen.se/app/uploads/sites/5/2021/02/gettyimages-681890029-380x253.jpg 380w, https://www.kompetensforetagen.se/app/uploads/sites/5/2021/02/gettyimages-681890029-768x512.jpg 768w, https://www.kompetensforetagen.se/app/uploads/sites/5/2021/02/gettyimages-681890029-1536x1024.jpg 1536w, https://www.kompetensforetagen.se/app/uploads/sites/5/2021/02/gettyimages-681890029-2048x1365.jpg 2048w" sizes="auto, (max-width: 580px) 100vw, 580px" /></a></p>

Kvinna med skyddshjälm och pappersark i handen står vänd med ryggen mot kameran och tittar på
