{"id":18181,"date":"2024-09-02T17:38:09","date_gmt":"2024-09-02T15:38:09","guid":{"rendered":"https:\/\/www.kompetensforetagen.se\/app\/uploads\/sites\/5\/2024\/09\/chefeconom-annika-winsth.jpg"},"modified":"2025-12-01T12:48:54","modified_gmt":"2025-12-01T11:48:54","slug":"chefeconom-annika-winsth","status":"inherit","type":"attachment","link":"https:\/\/www.kompetensforetagen.se\/event\/arets-event-for-kompetensbranschen\/chefeconom-annika-winsth\/","title":{"rendered":"chefeconom-annika-winsth"},"author":222,"featured_media":0,"comment_status":"closed","ping_status":"closed","template":"","meta":{"_acf_changed":false},"class_list":["post-18181","attachment","type-attachment","status-inherit","hentry"],"acf":[],"yoast_head":"<!-- This site is optimized with the Yoast SEO Premium plugin v26.8 (Yoast SEO v26.8) - https:\/\/yoast.com\/product\/yoast-seo-premium-wordpress\/ -->\n<title>chefeconom-annika-winsth - Kompetensf\u00f6retagen<\/title>\n<meta name=\"robots\" content=\"index, follow, max-snippet:-1, max-image-preview:large, max-video-preview:-1\" \/>\n<link rel=\"canonical\" href=\"https:\/\/www.kompetensforetagen.se\/app\/uploads\/sites\/5\/2024\/09\/chefeconom-annika-winsth.jpg\" \/>\n<meta property=\"og:locale\" content=\"sv_SE\" \/>\n<meta property=\"og:type\" content=\"article\" \/>\n<meta property=\"og:title\" content=\"chefeconom-annika-winsth - Kompetensf\u00f6retagen\" \/>\n<meta property=\"og:url\" content=\"https:\/\/www.kompetensforetagen.se\/app\/uploads\/sites\/5\/2024\/09\/chefeconom-annika-winsth.jpg\" \/>\n<meta property=\"og:site_name\" content=\"Kompetensf\u00f6retagen\" \/>\n<meta property=\"article:modified_time\" content=\"2025-12-01T11:48:54+00:00\" \/>\n<meta property=\"og:image\" content=\"https:\/\/www.kompetensforetagen.se\/app\/uploads\/sites\/5\/2024\/09\/chefeconom-annika-winsth.jpg\" \/>\n\t<meta property=\"og:image:width\" content=\"1300\" \/>\n\t<meta property=\"og:image:height\" content=\"732\" \/>\n\t<meta property=\"og:image:type\" content=\"image\/jpeg\" \/>\n<meta name=\"twitter:card\" content=\"summary_large_image\" \/>\n<script type=\"application\/ld+json\" class=\"yoast-schema-graph\">{\"@context\":\"https:\/\/schema.org\",\"@graph\":[{\"@type\":\"WebPage\",\"@id\":\"https:\/\/www.kompetensforetagen.se\/app\/uploads\/sites\/5\/2024\/09\/chefeconom-annika-winsth.jpg\",\"url\":\"https:\/\/www.kompetensforetagen.se\/app\/uploads\/sites\/5\/2024\/09\/chefeconom-annika-winsth.jpg\",\"name\":\"chefeconom-annika-winsth - Kompetensf\u00f6retagen\",\"isPartOf\":{\"@id\":\"https:\/\/www.kompetensforetagen.se\/#website\"},\"datePublished\":\"2024-09-02T15:38:09+00:00\",\"dateModified\":\"2025-12-01T11:48:54+00:00\",\"breadcrumb\":{\"@id\":\"https:\/\/www.kompetensforetagen.se\/app\/uploads\/sites\/5\/2024\/09\/chefeconom-annika-winsth.jpg#breadcrumb\"},\"inLanguage\":\"sv-SE\",\"potentialAction\":[{\"@type\":\"ReadAction\",\"target\":[\"https:\/\/www.kompetensforetagen.se\/app\/uploads\/sites\/5\/2024\/09\/chefeconom-annika-winsth.jpg\"]}]},{\"@type\":\"BreadcrumbList\",\"@id\":\"https:\/\/www.kompetensforetagen.se\/app\/uploads\/sites\/5\/2024\/09\/chefeconom-annika-winsth.jpg#breadcrumb\",\"itemListElement\":[{\"@type\":\"ListItem\",\"position\":1,\"name\":\"Home\",\"item\":\"https:\/\/www.kompetensforetagen.se\/\"},{\"@type\":\"ListItem\",\"position\":2,\"name\":\"Event\",\"item\":\"https:\/\/www.kompetensforetagen.se\/event\/\"},{\"@type\":\"ListItem\",\"position\":3,\"name\":\"\u00c5rets h\u00e4ndelse f\u00f6r f\u00f6retagen inom rekrytering, bemanning och omst\u00e4llning\",\"item\":\"https:\/\/www.kompetensforetagen.se\/event\/arets-event-for-kompetensbranschen\/\"},{\"@type\":\"ListItem\",\"position\":4,\"name\":\"chefeconom-annika-winsth\"}]},{\"@type\":\"WebSite\",\"@id\":\"https:\/\/www.kompetensforetagen.se\/#website\",\"url\":\"https:\/\/www.kompetensforetagen.se\/\",\"name\":\"Kompetensf\u00f6retagen\",\"description\":\"R\u00e4tt person p\u00e5 r\u00e4tt plats kan f\u00f6r\u00e4ndra v\u00e4rlden\",\"publisher\":{\"@id\":\"https:\/\/www.kompetensforetagen.se\/#organization\"},\"potentialAction\":[{\"@type\":\"SearchAction\",\"target\":{\"@type\":\"EntryPoint\",\"urlTemplate\":\"https:\/\/www.kompetensforetagen.se\/?s={search_term_string}\"},\"query-input\":{\"@type\":\"PropertyValueSpecification\",\"valueRequired\":true,\"valueName\":\"search_term_string\"}}],\"inLanguage\":\"sv-SE\"},{\"@type\":\"Organization\",\"@id\":\"https:\/\/www.kompetensforetagen.se\/#organization\",\"name\":\"Kompetensf\u00f6retagen\",\"url\":\"https:\/\/www.kompetensforetagen.se\/\",\"logo\":{\"@type\":\"ImageObject\",\"inLanguage\":\"sv-SE\",\"@id\":\"https:\/\/www.kompetensforetagen.se\/#\/schema\/logo\/image\/\",\"url\":\"https:\/\/www.kompetensforetagen.se\/app\/uploads\/sites\/5\/2022\/10\/logga_svart.png\",\"contentUrl\":\"https:\/\/www.kompetensforetagen.se\/app\/uploads\/sites\/5\/2022\/10\/logga_svart.png\",\"width\":752,\"height\":64,\"caption\":\"Kompetensf\u00f6retagen\"},\"image\":{\"@id\":\"https:\/\/www.kompetensforetagen.se\/#\/schema\/logo\/image\/\"},\"sameAs\":[\"https:\/\/www.linkedin.com\/company\/10540032\/\"]}]}<\/script>\n<!-- \/ Yoast SEO Premium plugin. -->","yoast_head_json":{"title":"chefeconom-annika-winsth - Kompetensf\u00f6retagen","robots":{"index":"index","follow":"follow","max-snippet":"max-snippet:-1","max-image-preview":"max-image-preview:large","max-video-preview":"max-video-preview:-1"},"canonical":"https:\/\/www.kompetensforetagen.se\/app\/uploads\/sites\/5\/2024\/09\/chefeconom-annika-winsth.jpg","og_locale":"sv_SE","og_type":"article","og_title":"chefeconom-annika-winsth - Kompetensf\u00f6retagen","og_url":"https:\/\/www.kompetensforetagen.se\/app\/uploads\/sites\/5\/2024\/09\/chefeconom-annika-winsth.jpg","og_site_name":"Kompetensf\u00f6retagen","article_modified_time":"2025-12-01T11:48:54+00:00","og_image":[{"width":1300,"height":732,"url":"https:\/\/www.kompetensforetagen.se\/app\/uploads\/sites\/5\/2024\/09\/chefeconom-annika-winsth.jpg","type":"image\/jpeg"}],"twitter_card":"summary_large_image","schema":{"@context":"https:\/\/schema.org","@graph":[{"@type":"WebPage","@id":"https:\/\/www.kompetensforetagen.se\/app\/uploads\/sites\/5\/2024\/09\/chefeconom-annika-winsth.jpg","url":"https:\/\/www.kompetensforetagen.se\/app\/uploads\/sites\/5\/2024\/09\/chefeconom-annika-winsth.jpg","name":"chefeconom-annika-winsth - Kompetensf\u00f6retagen","isPartOf":{"@id":"https:\/\/www.kompetensforetagen.se\/#website"},"datePublished":"2024-09-02T15:38:09+00:00","dateModified":"2025-12-01T11:48:54+00:00","breadcrumb":{"@id":"https:\/\/www.kompetensforetagen.se\/app\/uploads\/sites\/5\/2024\/09\/chefeconom-annika-winsth.jpg#breadcrumb"},"inLanguage":"sv-SE","potentialAction":[{"@type":"ReadAction","target":["https:\/\/www.kompetensforetagen.se\/app\/uploads\/sites\/5\/2024\/09\/chefeconom-annika-winsth.jpg"]}]},{"@type":"BreadcrumbList","@id":"https:\/\/www.kompetensforetagen.se\/app\/uploads\/sites\/5\/2024\/09\/chefeconom-annika-winsth.jpg#breadcrumb","itemListElement":[{"@type":"ListItem","position":1,"name":"Home","item":"https:\/\/www.kompetensforetagen.se\/"},{"@type":"ListItem","position":2,"name":"Event","item":"https:\/\/www.kompetensforetagen.se\/event\/"},{"@type":"ListItem","position":3,"name":"\u00c5rets h\u00e4ndelse f\u00f6r f\u00f6retagen inom rekrytering, bemanning och omst\u00e4llning","item":"https:\/\/www.kompetensforetagen.se\/event\/arets-event-for-kompetensbranschen\/"},{"@type":"ListItem","position":4,"name":"chefeconom-annika-winsth"}]},{"@type":"WebSite","@id":"https:\/\/www.kompetensforetagen.se\/#website","url":"https:\/\/www.kompetensforetagen.se\/","name":"Kompetensf\u00f6retagen","description":"R\u00e4tt person p\u00e5 r\u00e4tt plats kan f\u00f6r\u00e4ndra v\u00e4rlden","publisher":{"@id":"https:\/\/www.kompetensforetagen.se\/#organization"},"potentialAction":[{"@type":"SearchAction","target":{"@type":"EntryPoint","urlTemplate":"https:\/\/www.kompetensforetagen.se\/?s={search_term_string}"},"query-input":{"@type":"PropertyValueSpecification","valueRequired":true,"valueName":"search_term_string"}}],"inLanguage":"sv-SE"},{"@type":"Organization","@id":"https:\/\/www.kompetensforetagen.se\/#organization","name":"Kompetensf\u00f6retagen","url":"https:\/\/www.kompetensforetagen.se\/","logo":{"@type":"ImageObject","inLanguage":"sv-SE","@id":"https:\/\/www.kompetensforetagen.se\/#\/schema\/logo\/image\/","url":"https:\/\/www.kompetensforetagen.se\/app\/uploads\/sites\/5\/2022\/10\/logga_svart.png","contentUrl":"https:\/\/www.kompetensforetagen.se\/app\/uploads\/sites\/5\/2022\/10\/logga_svart.png","width":752,"height":64,"caption":"Kompetensf\u00f6retagen"},"image":{"@id":"https:\/\/www.kompetensforetagen.se\/#\/schema\/logo\/image\/"},"sameAs":["https:\/\/www.linkedin.com\/company\/10540032\/"]}]}},"description":{"rendered":"<p class=\"attachment\"><a href='https:\/\/www.kompetensforetagen.se\/app\/uploads\/sites\/5\/2024\/09\/chefeconom-annika-winsth.jpg'><img loading=\"lazy\" decoding=\"async\" width=\"580\" height=\"327\" src=\"https:\/\/www.kompetensforetagen.se\/app\/uploads\/sites\/5\/2024\/09\/chefeconom-annika-winsth-580x327.jpg\" class=\"attachment-medium size-medium\" alt=\"Annika Winsth: Chefs-ekonom p\u00e5 Nordea\" srcset=\"https:\/\/www.kompetensforetagen.se\/app\/uploads\/sites\/5\/2024\/09\/chefeconom-annika-winsth-580x327.jpg 580w, https:\/\/www.kompetensforetagen.se\/app\/uploads\/sites\/5\/2024\/09\/chefeconom-annika-winsth-1180x664.jpg 1180w, https:\/\/www.kompetensforetagen.se\/app\/uploads\/sites\/5\/2024\/09\/chefeconom-annika-winsth-380x214.jpg 380w, https:\/\/www.kompetensforetagen.se\/app\/uploads\/sites\/5\/2024\/09\/chefeconom-annika-winsth-768x432.jpg 768w, https:\/\/www.kompetensforetagen.se\/app\/uploads\/sites\/5\/2024\/09\/chefeconom-annika-winsth-600x338.jpg 600w, https:\/\/www.kompetensforetagen.se\/app\/uploads\/sites\/5\/2024\/09\/chefeconom-annika-winsth.jpg 1300w\" sizes=\"auto, (max-width: 580px) 100vw, 580px\" \/><\/a><\/p>\n"},"caption":{"rendered":""},"alt_text":"Annika Winsth: Chefs-ekonom p\u00e5 Nordea","media_type":"image","mime_type":"image\/jpeg","media_details":{"width":1300,"height":732,"file":"2024\/09\/chefeconom-annika-winsth.jpg","filesize":106502,"sizes":{"medium":{"file":"chefeconom-annika-winsth-580x327.jpg","width":580,"height":327,"filesize":20637,"mime_type":"image\/jpeg","source_url":"https:\/\/www.kompetensforetagen.se\/app\/uploads\/sites\/5\/2024\/09\/chefeconom-annika-winsth-580x327.jpg"},"large":{"file":"chefeconom-annika-winsth-1180x664.jpg","width":1180,"height":664,"filesize":63481,"mime_type":"image\/jpeg","source_url":"https:\/\/www.kompetensforetagen.se\/app\/uploads\/sites\/5\/2024\/09\/chefeconom-annika-winsth-1180x664.jpg"},"thumbnail":{"file":"chefeconom-annika-winsth-380x214.jpg","width":380,"height":214,"filesize":11123,"mime_type":"image\/jpeg","source_url":"https:\/\/www.kompetensforetagen.se\/app\/uploads\/sites\/5\/2024\/09\/chefeconom-annika-winsth-380x214.jpg"},"medium_large":{"file":"chefeconom-annika-winsth-768x432.jpg","width":768,"height":432,"filesize":31647,"mime_type":"image\/jpeg","source_url":"https:\/\/www.kompetensforetagen.se\/app\/uploads\/sites\/5\/2024\/09\/chefeconom-annika-winsth-768x432.jpg"},"woocommerce_thumbnail":{"file":"chefeconom-annika-winsth-300x225.jpg","width":300,"height":225,"filesize":9372,"uncropped":false,"mime_type":"image\/jpeg","source_url":"https:\/\/www.kompetensforetagen.se\/app\/uploads\/sites\/5\/2024\/09\/chefeconom-annika-winsth-300x225.jpg"},"woocommerce_single":{"file":"chefeconom-annika-winsth-600x338.jpg","width":600,"height":338,"filesize":21908,"mime_type":"image\/jpeg","source_url":"https:\/\/www.kompetensforetagen.se\/app\/uploads\/sites\/5\/2024\/09\/chefeconom-annika-winsth-600x338.jpg"},"woocommerce_gallery_thumbnail":{"file":"chefeconom-annika-winsth-100x100.jpg","width":100,"height":100,"filesize":2862,"mime_type":"image\/jpeg","source_url":"https:\/\/www.kompetensforetagen.se\/app\/uploads\/sites\/5\/2024\/09\/chefeconom-annika-winsth-100x100.jpg"},"full":{"file":"chefeconom-annika-winsth.jpg","width":1300,"height":732,"mime_type":"image\/jpeg","source_url":"https:\/\/www.kompetensforetagen.se\/app\/uploads\/sites\/5\/2024\/09\/chefeconom-annika-winsth.jpg"}},"image_meta":{"aperture":"0","credit":"","camera":"","caption":"","created_timestamp":"0","copyright":"","focal_length":"0","iso":"0","shutter_speed":"0","title":"","orientation":"0","keywords":[]}},"post":17379,"source_url":"https:\/\/www.kompetensforetagen.se\/app\/uploads\/sites\/5\/2024\/09\/chefeconom-annika-winsth.jpg","_links":{"self":[{"href":"https:\/\/www.kompetensforetagen.se\/api\/wp\/v2\/media\/18181","targetHints":{"allow":["GET"]}}],"collection":[{"href":"https:\/\/www.kompetensforetagen.se\/api\/wp\/v2\/media"}],"about":[{"href":"https:\/\/www.kompetensforetagen.se\/api\/wp\/v2\/types\/attachment"}],"author":[{"embeddable":true,"href":"https:\/\/www.kompetensforetagen.se\/api\/wp\/v2\/users\/222"}],"replies":[{"embeddable":true,"href":"https:\/\/www.kompetensforetagen.se\/api\/wp\/v2\/comments?post=18181"}],"wp:attached-to":[{"embeddable":true,"post_type":"page","id":17379,"href":"https:\/\/www.kompetensforetagen.se\/api\/wp\/v2\/pages\/17379"}],"curies":[{"name":"wp","href":"https:\/\/api.w.org\/{rel}","templated":true}]}}

<!-- This site is optimized with the Yoast SEO Premium plugin v26.8 (Yoast SEO v26.8) - https://yoast.com/product/yoast-seo-premium-wordpress/ -->
<title>chefeconom-annika-winsth - Kompetensföretagen</title>
<meta name="robots" content="index, follow, max-snippet:-1, max-image-preview:large, max-video-preview:-1" />
<link rel="canonical" href="https://www.kompetensforetagen.se/app/uploads/sites/5/2024/09/chefeconom-annika-winsth.jpg" />
<meta property="og:locale" content="sv_SE" />
<meta property="og:type" content="article" />
<meta property="og:title" content="chefeconom-annika-winsth - Kompetensföretagen" />
<meta property="og:url" content="https://www.kompetensforetagen.se/app/uploads/sites/5/2024/09/chefeconom-annika-winsth.jpg" />
<meta property="og:site_name" content="Kompetensföretagen" />
<meta property="article:modified_time" content="2025-12-01T11:48:54+00:00" />
<meta property="og:image" content="https://www.kompetensforetagen.se/app/uploads/sites/5/2024/09/chefeconom-annika-winsth.jpg" />
	<meta property="og:image:width" content="1300" />
	<meta property="og:image:height" content="732" />
	<meta property="og:image:type" content="image/jpeg" />
<meta name="twitter:card" content="summary_large_image" />
<script type="application/ld+json" class="yoast-schema-graph">{"@context":"https://schema.org","@graph":[{"@type":"WebPage","@id":"https://www.kompetensforetagen.se/app/uploads/sites/5/2024/09/chefeconom-annika-winsth.jpg","url":"https://www.kompetensforetagen.se/app/uploads/sites/5/2024/09/chefeconom-annika-winsth.jpg","name":"chefeconom-annika-winsth - Kompetensföretagen","isPartOf":{"@id":"https://www.kompetensforetagen.se/#website"},"datePublished":"2024-09-02T15:38:09+00:00","dateModified":"2025-12-01T11:48:54+00:00","breadcrumb":{"@id":"https://www.kompetensforetagen.se/app/uploads/sites/5/2024/09/chefeconom-annika-winsth.jpg#breadcrumb"},"inLanguage":"sv-SE","potentialAction":[{"@type":"ReadAction","target":["https://www.kompetensforetagen.se/app/uploads/sites/5/2024/09/chefeconom-annika-winsth.jpg"]}]},{"@type":"BreadcrumbList","@id":"https://www.kompetensforetagen.se/app/uploads/sites/5/2024/09/chefeconom-annika-winsth.jpg#breadcrumb","itemListElement":[{"@type":"ListItem","position":1,"name":"Home","item":"https://www.kompetensforetagen.se/"},{"@type":"ListItem","position":2,"name":"Event","item":"https://www.kompetensforetagen.se/event/"},{"@type":"ListItem","position":3,"name":"Årets händelse för företagen inom rekrytering, bemanning och omställning","item":"https://www.kompetensforetagen.se/event/arets-event-for-kompetensbranschen/"},{"@type":"ListItem","position":4,"name":"chefeconom-annika-winsth"}]},{"@type":"WebSite","@id":"https://www.kompetensforetagen.se/#website","url":"https://www.kompetensforetagen.se/","name":"Kompetensföretagen","description":"Rätt person på rätt plats kan förändra världen","publisher":{"@id":"https://www.kompetensforetagen.se/#organization"},"potentialAction":[{"@type":"SearchAction","target":{"@type":"EntryPoint","urlTemplate":"https://www.kompetensforetagen.se/?s={search_term_string}"},"query-input":{"@type":"PropertyValueSpecification","valueRequired":true,"valueName":"search_term_string"}}],"inLanguage":"sv-SE"},{"@type":"Organization","@id":"https://www.kompetensforetagen.se/#organization","name":"Kompetensföretagen","url":"https://www.kompetensforetagen.se/","logo":{"@type":"ImageObject","inLanguage":"sv-SE","@id":"https://www.kompetensforetagen.se/#/schema/logo/image/","url":"https://www.kompetensforetagen.se/app/uploads/sites/5/2022/10/logga_svart.png","contentUrl":"https://www.kompetensforetagen.se/app/uploads/sites/5/2022/10/logga_svart.png","width":752,"height":64,"caption":"Kompetensföretagen"},"image":{"@id":"https://www.kompetensforetagen.se/#/schema/logo/image/"},"sameAs":["https://www.linkedin.com/company/10540032/"]}]}</script>
<!-- / Yoast SEO Premium plugin. -->

chefeconom-annika-winsth - Kompetensföretagen

Kompetensföretagen

Årets händelse för företagen inom rekrytering, bemanning och omställning

Rätt person på rätt plats kan förändra världen

<p class="attachment"><a href='https://www.kompetensforetagen.se/app/uploads/sites/5/2024/09/chefeconom-annika-winsth.jpg'><img loading="lazy" decoding="async" width="580" height="327" src="https://www.kompetensforetagen.se/app/uploads/sites/5/2024/09/chefeconom-annika-winsth-580x327.jpg" class="attachment-medium size-medium" alt="Annika Winsth: Chefs-ekonom på Nordea" srcset="https://www.kompetensforetagen.se/app/uploads/sites/5/2024/09/chefeconom-annika-winsth-580x327.jpg 580w, https://www.kompetensforetagen.se/app/uploads/sites/5/2024/09/chefeconom-annika-winsth-1180x664.jpg 1180w, https://www.kompetensforetagen.se/app/uploads/sites/5/2024/09/chefeconom-annika-winsth-380x214.jpg 380w, https://www.kompetensforetagen.se/app/uploads/sites/5/2024/09/chefeconom-annika-winsth-768x432.jpg 768w, https://www.kompetensforetagen.se/app/uploads/sites/5/2024/09/chefeconom-annika-winsth-600x338.jpg 600w, https://www.kompetensforetagen.se/app/uploads/sites/5/2024/09/chefeconom-annika-winsth.jpg 1300w" sizes="auto, (max-width: 580px) 100vw, 580px" /></a></p>

Annika Winsth: Chefs-ekonom på Nordea
