{"id":15115,"date":"2023-09-07T14:32:06","date_gmt":"2023-09-07T12:32:06","guid":{"rendered":"https:\/\/www.kompetensforetagen.se\/app\/uploads\/sites\/5\/2023\/09\/Anton-Bjorkegren.jpeg"},"modified":"2023-11-02T11:21:36","modified_gmt":"2023-11-02T10:21:36","slug":"anton-bjorkegren","status":"inherit","type":"attachment","link":"https:\/\/www.kompetensforetagen.se\/2023\/11\/anton-maxar-sina-karriarmojligheter-som-konsult\/anton-bjorkegren\/","title":{"rendered":"Anton Bj\u00f6rkegren"},"author":6358,"featured_media":0,"comment_status":"closed","ping_status":"closed","template":"","meta":{"_acf_changed":false},"class_list":["post-15115","attachment","type-attachment","status-inherit","hentry"],"acf":[],"yoast_head":"<!-- This site is optimized with the Yoast SEO Premium plugin v26.8 (Yoast SEO v26.8) - https:\/\/yoast.com\/product\/yoast-seo-premium-wordpress\/ -->\n<title>Anton Bj\u00f6rkegren - Kompetensf\u00f6retagen<\/title>\n<meta name=\"robots\" content=\"index, follow, max-snippet:-1, max-image-preview:large, max-video-preview:-1\" \/>\n<link rel=\"canonical\" href=\"https:\/\/www.kompetensforetagen.se\/app\/uploads\/sites\/5\/2023\/09\/Anton-Bjorkegren.jpeg\" \/>\n<meta property=\"og:locale\" content=\"sv_SE\" \/>\n<meta property=\"og:type\" content=\"article\" \/>\n<meta property=\"og:title\" content=\"Anton Bj\u00f6rkegren - Kompetensf\u00f6retagen\" \/>\n<meta property=\"og:url\" content=\"https:\/\/www.kompetensforetagen.se\/app\/uploads\/sites\/5\/2023\/09\/Anton-Bjorkegren.jpeg\" \/>\n<meta property=\"og:site_name\" content=\"Kompetensf\u00f6retagen\" \/>\n<meta property=\"article:modified_time\" content=\"2023-11-02T10:21:36+00:00\" \/>\n<meta property=\"og:image\" content=\"https:\/\/www.kompetensforetagen.se\/app\/uploads\/sites\/5\/2023\/09\/Anton-Bjorkegren.jpeg\" \/>\n\t<meta property=\"og:image:width\" content=\"1337\" \/>\n\t<meta property=\"og:image:height\" content=\"1782\" \/>\n\t<meta property=\"og:image:type\" content=\"image\/jpeg\" \/>\n<meta name=\"twitter:card\" content=\"summary_large_image\" \/>\n<script type=\"application\/ld+json\" class=\"yoast-schema-graph\">{\"@context\":\"https:\/\/schema.org\",\"@graph\":[{\"@type\":\"WebPage\",\"@id\":\"https:\/\/www.kompetensforetagen.se\/app\/uploads\/sites\/5\/2023\/09\/Anton-Bjorkegren.jpeg\",\"url\":\"https:\/\/www.kompetensforetagen.se\/app\/uploads\/sites\/5\/2023\/09\/Anton-Bjorkegren.jpeg\",\"name\":\"Anton Bj\u00f6rkegren - Kompetensf\u00f6retagen\",\"isPartOf\":{\"@id\":\"https:\/\/www.kompetensforetagen.se\/#website\"},\"datePublished\":\"2023-09-07T12:32:06+00:00\",\"dateModified\":\"2023-11-02T10:21:36+00:00\",\"breadcrumb\":{\"@id\":\"https:\/\/www.kompetensforetagen.se\/app\/uploads\/sites\/5\/2023\/09\/Anton-Bjorkegren.jpeg#breadcrumb\"},\"inLanguage\":\"sv-SE\",\"potentialAction\":[{\"@type\":\"ReadAction\",\"target\":[\"https:\/\/www.kompetensforetagen.se\/app\/uploads\/sites\/5\/2023\/09\/Anton-Bjorkegren.jpeg\"]}]},{\"@type\":\"BreadcrumbList\",\"@id\":\"https:\/\/www.kompetensforetagen.se\/app\/uploads\/sites\/5\/2023\/09\/Anton-Bjorkegren.jpeg#breadcrumb\",\"itemListElement\":[{\"@type\":\"ListItem\",\"position\":1,\"name\":\"Home\",\"item\":\"https:\/\/www.kompetensforetagen.se\/\"},{\"@type\":\"ListItem\",\"position\":2,\"name\":\"Anton maxar sina karri\u00e4rm\u00f6jligheter som konsult\",\"item\":\"https:\/\/www.kompetensforetagen.se\/2023\/11\/anton-maxar-sina-karriarmojligheter-som-konsult\/\"},{\"@type\":\"ListItem\",\"position\":3,\"name\":\"Anton Bj\u00f6rkegren\"}]},{\"@type\":\"WebSite\",\"@id\":\"https:\/\/www.kompetensforetagen.se\/#website\",\"url\":\"https:\/\/www.kompetensforetagen.se\/\",\"name\":\"Kompetensf\u00f6retagen\",\"description\":\"R\u00e4tt person p\u00e5 r\u00e4tt plats kan f\u00f6r\u00e4ndra v\u00e4rlden\",\"publisher\":{\"@id\":\"https:\/\/www.kompetensforetagen.se\/#organization\"},\"potentialAction\":[{\"@type\":\"SearchAction\",\"target\":{\"@type\":\"EntryPoint\",\"urlTemplate\":\"https:\/\/www.kompetensforetagen.se\/?s={search_term_string}\"},\"query-input\":{\"@type\":\"PropertyValueSpecification\",\"valueRequired\":true,\"valueName\":\"search_term_string\"}}],\"inLanguage\":\"sv-SE\"},{\"@type\":\"Organization\",\"@id\":\"https:\/\/www.kompetensforetagen.se\/#organization\",\"name\":\"Kompetensf\u00f6retagen\",\"url\":\"https:\/\/www.kompetensforetagen.se\/\",\"logo\":{\"@type\":\"ImageObject\",\"inLanguage\":\"sv-SE\",\"@id\":\"https:\/\/www.kompetensforetagen.se\/#\/schema\/logo\/image\/\",\"url\":\"https:\/\/www.kompetensforetagen.se\/app\/uploads\/sites\/5\/2022\/10\/logga_svart.png\",\"contentUrl\":\"https:\/\/www.kompetensforetagen.se\/app\/uploads\/sites\/5\/2022\/10\/logga_svart.png\",\"width\":752,\"height\":64,\"caption\":\"Kompetensf\u00f6retagen\"},\"image\":{\"@id\":\"https:\/\/www.kompetensforetagen.se\/#\/schema\/logo\/image\/\"},\"sameAs\":[\"https:\/\/www.linkedin.com\/company\/10540032\/\"]}]}<\/script>\n<!-- \/ Yoast SEO Premium plugin. -->","yoast_head_json":{"title":"Anton Bj\u00f6rkegren - Kompetensf\u00f6retagen","robots":{"index":"index","follow":"follow","max-snippet":"max-snippet:-1","max-image-preview":"max-image-preview:large","max-video-preview":"max-video-preview:-1"},"canonical":"https:\/\/www.kompetensforetagen.se\/app\/uploads\/sites\/5\/2023\/09\/Anton-Bjorkegren.jpeg","og_locale":"sv_SE","og_type":"article","og_title":"Anton Bj\u00f6rkegren - Kompetensf\u00f6retagen","og_url":"https:\/\/www.kompetensforetagen.se\/app\/uploads\/sites\/5\/2023\/09\/Anton-Bjorkegren.jpeg","og_site_name":"Kompetensf\u00f6retagen","article_modified_time":"2023-11-02T10:21:36+00:00","og_image":[{"width":1337,"height":1782,"url":"https:\/\/www.kompetensforetagen.se\/app\/uploads\/sites\/5\/2023\/09\/Anton-Bjorkegren.jpeg","type":"image\/jpeg"}],"twitter_card":"summary_large_image","schema":{"@context":"https:\/\/schema.org","@graph":[{"@type":"WebPage","@id":"https:\/\/www.kompetensforetagen.se\/app\/uploads\/sites\/5\/2023\/09\/Anton-Bjorkegren.jpeg","url":"https:\/\/www.kompetensforetagen.se\/app\/uploads\/sites\/5\/2023\/09\/Anton-Bjorkegren.jpeg","name":"Anton Bj\u00f6rkegren - Kompetensf\u00f6retagen","isPartOf":{"@id":"https:\/\/www.kompetensforetagen.se\/#website"},"datePublished":"2023-09-07T12:32:06+00:00","dateModified":"2023-11-02T10:21:36+00:00","breadcrumb":{"@id":"https:\/\/www.kompetensforetagen.se\/app\/uploads\/sites\/5\/2023\/09\/Anton-Bjorkegren.jpeg#breadcrumb"},"inLanguage":"sv-SE","potentialAction":[{"@type":"ReadAction","target":["https:\/\/www.kompetensforetagen.se\/app\/uploads\/sites\/5\/2023\/09\/Anton-Bjorkegren.jpeg"]}]},{"@type":"BreadcrumbList","@id":"https:\/\/www.kompetensforetagen.se\/app\/uploads\/sites\/5\/2023\/09\/Anton-Bjorkegren.jpeg#breadcrumb","itemListElement":[{"@type":"ListItem","position":1,"name":"Home","item":"https:\/\/www.kompetensforetagen.se\/"},{"@type":"ListItem","position":2,"name":"Anton maxar sina karri\u00e4rm\u00f6jligheter som konsult","item":"https:\/\/www.kompetensforetagen.se\/2023\/11\/anton-maxar-sina-karriarmojligheter-som-konsult\/"},{"@type":"ListItem","position":3,"name":"Anton Bj\u00f6rkegren"}]},{"@type":"WebSite","@id":"https:\/\/www.kompetensforetagen.se\/#website","url":"https:\/\/www.kompetensforetagen.se\/","name":"Kompetensf\u00f6retagen","description":"R\u00e4tt person p\u00e5 r\u00e4tt plats kan f\u00f6r\u00e4ndra v\u00e4rlden","publisher":{"@id":"https:\/\/www.kompetensforetagen.se\/#organization"},"potentialAction":[{"@type":"SearchAction","target":{"@type":"EntryPoint","urlTemplate":"https:\/\/www.kompetensforetagen.se\/?s={search_term_string}"},"query-input":{"@type":"PropertyValueSpecification","valueRequired":true,"valueName":"search_term_string"}}],"inLanguage":"sv-SE"},{"@type":"Organization","@id":"https:\/\/www.kompetensforetagen.se\/#organization","name":"Kompetensf\u00f6retagen","url":"https:\/\/www.kompetensforetagen.se\/","logo":{"@type":"ImageObject","inLanguage":"sv-SE","@id":"https:\/\/www.kompetensforetagen.se\/#\/schema\/logo\/image\/","url":"https:\/\/www.kompetensforetagen.se\/app\/uploads\/sites\/5\/2022\/10\/logga_svart.png","contentUrl":"https:\/\/www.kompetensforetagen.se\/app\/uploads\/sites\/5\/2022\/10\/logga_svart.png","width":752,"height":64,"caption":"Kompetensf\u00f6retagen"},"image":{"@id":"https:\/\/www.kompetensforetagen.se\/#\/schema\/logo\/image\/"},"sameAs":["https:\/\/www.linkedin.com\/company\/10540032\/"]}]}},"description":{"rendered":"<p class=\"attachment\"><a href='https:\/\/www.kompetensforetagen.se\/app\/uploads\/sites\/5\/2023\/09\/Anton-Bjorkegren.jpeg'><img loading=\"lazy\" decoding=\"async\" width=\"580\" height=\"773\" src=\"https:\/\/www.kompetensforetagen.se\/app\/uploads\/sites\/5\/2023\/09\/Anton-Bjorkegren-580x773.jpeg\" class=\"attachment-medium size-medium\" alt=\"Anton Bj\u00f6rkegren\" srcset=\"https:\/\/www.kompetensforetagen.se\/app\/uploads\/sites\/5\/2023\/09\/Anton-Bjorkegren-580x773.jpeg 580w, https:\/\/www.kompetensforetagen.se\/app\/uploads\/sites\/5\/2023\/09\/Anton-Bjorkegren-1180x1573.jpeg 1180w, https:\/\/www.kompetensforetagen.se\/app\/uploads\/sites\/5\/2023\/09\/Anton-Bjorkegren-380x506.jpeg 380w, https:\/\/www.kompetensforetagen.se\/app\/uploads\/sites\/5\/2023\/09\/Anton-Bjorkegren-768x1024.jpeg 768w, https:\/\/www.kompetensforetagen.se\/app\/uploads\/sites\/5\/2023\/09\/Anton-Bjorkegren-1152x1536.jpeg 1152w, https:\/\/www.kompetensforetagen.se\/app\/uploads\/sites\/5\/2023\/09\/Anton-Bjorkegren-600x800.jpeg 600w, https:\/\/www.kompetensforetagen.se\/app\/uploads\/sites\/5\/2023\/09\/Anton-Bjorkegren.jpeg 1337w\" sizes=\"auto, (max-width: 580px) 100vw, 580px\" \/><\/a><\/p>\n"},"caption":{"rendered":""},"alt_text":"Anton Bj\u00f6rkegren","media_type":"image","mime_type":"image\/jpeg","media_details":{"width":1337,"height":1782,"file":"2023\/09\/Anton-Bjorkegren.jpeg","filesize":291013,"sizes":{"medium":{"file":"Anton-Bjorkegren-580x773.jpeg","width":580,"height":773,"filesize":63231,"mime_type":"image\/jpeg","source_url":"https:\/\/www.kompetensforetagen.se\/app\/uploads\/sites\/5\/2023\/09\/Anton-Bjorkegren-580x773.jpeg"},"large":{"file":"Anton-Bjorkegren-1180x1573.jpeg","width":1180,"height":1573,"filesize":240880,"mime_type":"image\/jpeg","source_url":"https:\/\/www.kompetensforetagen.se\/app\/uploads\/sites\/5\/2023\/09\/Anton-Bjorkegren-1180x1573.jpeg"},"thumbnail":{"file":"Anton-Bjorkegren-380x506.jpeg","width":380,"height":506,"filesize":29816,"mime_type":"image\/jpeg","source_url":"https:\/\/www.kompetensforetagen.se\/app\/uploads\/sites\/5\/2023\/09\/Anton-Bjorkegren-380x506.jpeg"},"medium_large":{"file":"Anton-Bjorkegren-768x1024.jpeg","width":768,"height":1024,"filesize":105912,"mime_type":"image\/jpeg","source_url":"https:\/\/www.kompetensforetagen.se\/app\/uploads\/sites\/5\/2023\/09\/Anton-Bjorkegren-768x1024.jpeg"},"1536x1536":{"file":"Anton-Bjorkegren-1152x1536.jpeg","width":1152,"height":1536,"filesize":229242,"mime_type":"image\/jpeg","source_url":"https:\/\/www.kompetensforetagen.se\/app\/uploads\/sites\/5\/2023\/09\/Anton-Bjorkegren-1152x1536.jpeg"},"woocommerce_thumbnail":{"file":"Anton-Bjorkegren-300x225.jpeg","width":300,"height":225,"filesize":11506,"uncropped":false,"mime_type":"image\/jpeg","source_url":"https:\/\/www.kompetensforetagen.se\/app\/uploads\/sites\/5\/2023\/09\/Anton-Bjorkegren-300x225.jpeg"},"woocommerce_single":{"file":"Anton-Bjorkegren-600x800.jpeg","width":600,"height":800,"filesize":66721,"mime_type":"image\/jpeg","source_url":"https:\/\/www.kompetensforetagen.se\/app\/uploads\/sites\/5\/2023\/09\/Anton-Bjorkegren-600x800.jpeg"},"woocommerce_gallery_thumbnail":{"file":"Anton-Bjorkegren-100x100.jpeg","width":100,"height":100,"filesize":2927,"mime_type":"image\/jpeg","source_url":"https:\/\/www.kompetensforetagen.se\/app\/uploads\/sites\/5\/2023\/09\/Anton-Bjorkegren-100x100.jpeg"},"full":{"file":"Anton-Bjorkegren.jpeg","width":1337,"height":1782,"mime_type":"image\/jpeg","source_url":"https:\/\/www.kompetensforetagen.se\/app\/uploads\/sites\/5\/2023\/09\/Anton-Bjorkegren.jpeg"}},"image_meta":{"aperture":"0","credit":"","camera":"","caption":"","created_timestamp":"0","copyright":"","focal_length":"0","iso":"0","shutter_speed":"0","title":"","orientation":"0","keywords":[]}},"post":15112,"source_url":"https:\/\/www.kompetensforetagen.se\/app\/uploads\/sites\/5\/2023\/09\/Anton-Bjorkegren.jpeg","_links":{"self":[{"href":"https:\/\/www.kompetensforetagen.se\/api\/wp\/v2\/media\/15115","targetHints":{"allow":["GET"]}}],"collection":[{"href":"https:\/\/www.kompetensforetagen.se\/api\/wp\/v2\/media"}],"about":[{"href":"https:\/\/www.kompetensforetagen.se\/api\/wp\/v2\/types\/attachment"}],"author":[{"embeddable":true,"href":"https:\/\/www.kompetensforetagen.se\/api\/wp\/v2\/users\/6358"}],"replies":[{"embeddable":true,"href":"https:\/\/www.kompetensforetagen.se\/api\/wp\/v2\/comments?post=15115"}],"wp:attached-to":[{"embeddable":true,"post_type":"post","id":15112,"href":"https:\/\/www.kompetensforetagen.se\/api\/wp\/v2\/posts\/15112"}],"curies":[{"name":"wp","href":"https:\/\/api.w.org\/{rel}","templated":true}]}}

Anton Björkegren

<!-- This site is optimized with the Yoast SEO Premium plugin v26.8 (Yoast SEO v26.8) - https://yoast.com/product/yoast-seo-premium-wordpress/ -->
<title>Anton Björkegren - Kompetensföretagen</title>
<meta name="robots" content="index, follow, max-snippet:-1, max-image-preview:large, max-video-preview:-1" />
<link rel="canonical" href="https://www.kompetensforetagen.se/app/uploads/sites/5/2023/09/Anton-Bjorkegren.jpeg" />
<meta property="og:locale" content="sv_SE" />
<meta property="og:type" content="article" />
<meta property="og:title" content="Anton Björkegren - Kompetensföretagen" />
<meta property="og:url" content="https://www.kompetensforetagen.se/app/uploads/sites/5/2023/09/Anton-Bjorkegren.jpeg" />
<meta property="og:site_name" content="Kompetensföretagen" />
<meta property="article:modified_time" content="2023-11-02T10:21:36+00:00" />
<meta property="og:image" content="https://www.kompetensforetagen.se/app/uploads/sites/5/2023/09/Anton-Bjorkegren.jpeg" />
	<meta property="og:image:width" content="1337" />
	<meta property="og:image:height" content="1782" />
	<meta property="og:image:type" content="image/jpeg" />
<meta name="twitter:card" content="summary_large_image" />
<script type="application/ld+json" class="yoast-schema-graph">{"@context":"https://schema.org","@graph":[{"@type":"WebPage","@id":"https://www.kompetensforetagen.se/app/uploads/sites/5/2023/09/Anton-Bjorkegren.jpeg","url":"https://www.kompetensforetagen.se/app/uploads/sites/5/2023/09/Anton-Bjorkegren.jpeg","name":"Anton Björkegren - Kompetensföretagen","isPartOf":{"@id":"https://www.kompetensforetagen.se/#website"},"datePublished":"2023-09-07T12:32:06+00:00","dateModified":"2023-11-02T10:21:36+00:00","breadcrumb":{"@id":"https://www.kompetensforetagen.se/app/uploads/sites/5/2023/09/Anton-Bjorkegren.jpeg#breadcrumb"},"inLanguage":"sv-SE","potentialAction":[{"@type":"ReadAction","target":["https://www.kompetensforetagen.se/app/uploads/sites/5/2023/09/Anton-Bjorkegren.jpeg"]}]},{"@type":"BreadcrumbList","@id":"https://www.kompetensforetagen.se/app/uploads/sites/5/2023/09/Anton-Bjorkegren.jpeg#breadcrumb","itemListElement":[{"@type":"ListItem","position":1,"name":"Home","item":"https://www.kompetensforetagen.se/"},{"@type":"ListItem","position":2,"name":"Anton maxar sina karriärmöjligheter som konsult","item":"https://www.kompetensforetagen.se/2023/11/anton-maxar-sina-karriarmojligheter-som-konsult/"},{"@type":"ListItem","position":3,"name":"Anton Björkegren"}]},{"@type":"WebSite","@id":"https://www.kompetensforetagen.se/#website","url":"https://www.kompetensforetagen.se/","name":"Kompetensföretagen","description":"Rätt person på rätt plats kan förändra världen","publisher":{"@id":"https://www.kompetensforetagen.se/#organization"},"potentialAction":[{"@type":"SearchAction","target":{"@type":"EntryPoint","urlTemplate":"https://www.kompetensforetagen.se/?s={search_term_string}"},"query-input":{"@type":"PropertyValueSpecification","valueRequired":true,"valueName":"search_term_string"}}],"inLanguage":"sv-SE"},{"@type":"Organization","@id":"https://www.kompetensforetagen.se/#organization","name":"Kompetensföretagen","url":"https://www.kompetensforetagen.se/","logo":{"@type":"ImageObject","inLanguage":"sv-SE","@id":"https://www.kompetensforetagen.se/#/schema/logo/image/","url":"https://www.kompetensforetagen.se/app/uploads/sites/5/2022/10/logga_svart.png","contentUrl":"https://www.kompetensforetagen.se/app/uploads/sites/5/2022/10/logga_svart.png","width":752,"height":64,"caption":"Kompetensföretagen"},"image":{"@id":"https://www.kompetensforetagen.se/#/schema/logo/image/"},"sameAs":["https://www.linkedin.com/company/10540032/"]}]}</script>
<!-- / Yoast SEO Premium plugin. -->

Anton Björkegren - Kompetensföretagen

Kompetensföretagen

Anton maxar sina karriärmöjligheter som konsult

Rätt person på rätt plats kan förändra världen

<p class="attachment"><a href='https://www.kompetensforetagen.se/app/uploads/sites/5/2023/09/Anton-Bjorkegren.jpeg'><img loading="lazy" decoding="async" width="580" height="773" src="https://www.kompetensforetagen.se/app/uploads/sites/5/2023/09/Anton-Bjorkegren-580x773.jpeg" class="attachment-medium size-medium" alt="Anton Björkegren" srcset="https://www.kompetensforetagen.se/app/uploads/sites/5/2023/09/Anton-Bjorkegren-580x773.jpeg 580w, https://www.kompetensforetagen.se/app/uploads/sites/5/2023/09/Anton-Bjorkegren-1180x1573.jpeg 1180w, https://www.kompetensforetagen.se/app/uploads/sites/5/2023/09/Anton-Bjorkegren-380x506.jpeg 380w, https://www.kompetensforetagen.se/app/uploads/sites/5/2023/09/Anton-Bjorkegren-768x1024.jpeg 768w, https://www.kompetensforetagen.se/app/uploads/sites/5/2023/09/Anton-Bjorkegren-1152x1536.jpeg 1152w, https://www.kompetensforetagen.se/app/uploads/sites/5/2023/09/Anton-Bjorkegren-600x800.jpeg 600w, https://www.kompetensforetagen.se/app/uploads/sites/5/2023/09/Anton-Bjorkegren.jpeg 1337w" sizes="auto, (max-width: 580px) 100vw, 580px" /></a></p>
