{"id":15047,"date":"2023-09-01T14:06:23","date_gmt":"2023-09-01T12:06:23","guid":{"rendered":"https:\/\/www.kompetensforetagen.se\/app\/uploads\/sites\/5\/2023\/09\/Sara-Karlen-.jpeg"},"modified":"2025-12-02T10:51:23","modified_gmt":"2025-12-02T09:51:23","slug":"sara-karlen","status":"inherit","type":"attachment","link":"https:\/\/www.kompetensforetagen.se\/2023\/09\/50-ariga-sara-samlar-kompetens-och-bredd-som-konsult\/sara-karlen\/","title":{"rendered":"Sara Karlen"},"author":6358,"featured_media":0,"comment_status":"closed","ping_status":"closed","template":"","meta":{"_acf_changed":false},"class_list":["post-15047","attachment","type-attachment","status-inherit","hentry"],"acf":[],"yoast_head":"<!-- This site is optimized with the Yoast SEO Premium plugin v26.8 (Yoast SEO v26.8) - https:\/\/yoast.com\/product\/yoast-seo-premium-wordpress\/ -->\n<title>Sara Karlen - Kompetensf\u00f6retagen<\/title>\n<meta name=\"robots\" content=\"index, follow, max-snippet:-1, max-image-preview:large, max-video-preview:-1\" \/>\n<link rel=\"canonical\" href=\"https:\/\/www.kompetensforetagen.se\/app\/uploads\/sites\/5\/2023\/09\/Sara-Karlen--scaled.jpeg\" \/>\n<meta property=\"og:locale\" content=\"sv_SE\" \/>\n<meta property=\"og:type\" content=\"article\" \/>\n<meta property=\"og:title\" content=\"Sara Karlen - Kompetensf\u00f6retagen\" \/>\n<meta property=\"og:url\" content=\"https:\/\/www.kompetensforetagen.se\/app\/uploads\/sites\/5\/2023\/09\/Sara-Karlen--scaled.jpeg\" \/>\n<meta property=\"og:site_name\" content=\"Kompetensf\u00f6retagen\" \/>\n<meta property=\"article:modified_time\" content=\"2025-12-02T09:51:23+00:00\" \/>\n<meta property=\"og:image\" content=\"https:\/\/www.kompetensforetagen.se\/app\/uploads\/sites\/5\/2023\/09\/Sara-Karlen--scaled.jpeg\" \/>\n\t<meta property=\"og:image:width\" content=\"2334\" \/>\n\t<meta property=\"og:image:height\" content=\"2560\" \/>\n\t<meta property=\"og:image:type\" content=\"image\/jpeg\" \/>\n<meta name=\"twitter:card\" content=\"summary_large_image\" \/>\n<script type=\"application\/ld+json\" class=\"yoast-schema-graph\">{\"@context\":\"https:\/\/schema.org\",\"@graph\":[{\"@type\":\"WebPage\",\"@id\":\"https:\/\/www.kompetensforetagen.se\/app\/uploads\/sites\/5\/2023\/09\/Sara-Karlen--scaled.jpeg\",\"url\":\"https:\/\/www.kompetensforetagen.se\/app\/uploads\/sites\/5\/2023\/09\/Sara-Karlen--scaled.jpeg\",\"name\":\"Sara Karlen - Kompetensf\u00f6retagen\",\"isPartOf\":{\"@id\":\"https:\/\/www.kompetensforetagen.se\/#website\"},\"datePublished\":\"2023-09-01T12:06:23+00:00\",\"dateModified\":\"2025-12-02T09:51:23+00:00\",\"breadcrumb\":{\"@id\":\"https:\/\/www.kompetensforetagen.se\/app\/uploads\/sites\/5\/2023\/09\/Sara-Karlen--scaled.jpeg#breadcrumb\"},\"inLanguage\":\"sv-SE\",\"potentialAction\":[{\"@type\":\"ReadAction\",\"target\":[\"https:\/\/www.kompetensforetagen.se\/app\/uploads\/sites\/5\/2023\/09\/Sara-Karlen--scaled.jpeg\"]}]},{\"@type\":\"BreadcrumbList\",\"@id\":\"https:\/\/www.kompetensforetagen.se\/app\/uploads\/sites\/5\/2023\/09\/Sara-Karlen--scaled.jpeg#breadcrumb\",\"itemListElement\":[{\"@type\":\"ListItem\",\"position\":1,\"name\":\"Home\",\"item\":\"https:\/\/www.kompetensforetagen.se\/\"},{\"@type\":\"ListItem\",\"position\":2,\"name\":\"50-\u00e5riga Sara samlar kompetens och bredd som konsult\",\"item\":\"https:\/\/www.kompetensforetagen.se\/2023\/09\/50-ariga-sara-samlar-kompetens-och-bredd-som-konsult\/\"},{\"@type\":\"ListItem\",\"position\":3,\"name\":\"Sara Karlen\"}]},{\"@type\":\"WebSite\",\"@id\":\"https:\/\/www.kompetensforetagen.se\/#website\",\"url\":\"https:\/\/www.kompetensforetagen.se\/\",\"name\":\"Kompetensf\u00f6retagen\",\"description\":\"R\u00e4tt person p\u00e5 r\u00e4tt plats kan f\u00f6r\u00e4ndra v\u00e4rlden\",\"publisher\":{\"@id\":\"https:\/\/www.kompetensforetagen.se\/#organization\"},\"potentialAction\":[{\"@type\":\"SearchAction\",\"target\":{\"@type\":\"EntryPoint\",\"urlTemplate\":\"https:\/\/www.kompetensforetagen.se\/?s={search_term_string}\"},\"query-input\":{\"@type\":\"PropertyValueSpecification\",\"valueRequired\":true,\"valueName\":\"search_term_string\"}}],\"inLanguage\":\"sv-SE\"},{\"@type\":\"Organization\",\"@id\":\"https:\/\/www.kompetensforetagen.se\/#organization\",\"name\":\"Kompetensf\u00f6retagen\",\"url\":\"https:\/\/www.kompetensforetagen.se\/\",\"logo\":{\"@type\":\"ImageObject\",\"inLanguage\":\"sv-SE\",\"@id\":\"https:\/\/www.kompetensforetagen.se\/#\/schema\/logo\/image\/\",\"url\":\"https:\/\/www.kompetensforetagen.se\/app\/uploads\/sites\/5\/2022\/10\/logga_svart.png\",\"contentUrl\":\"https:\/\/www.kompetensforetagen.se\/app\/uploads\/sites\/5\/2022\/10\/logga_svart.png\",\"width\":752,\"height\":64,\"caption\":\"Kompetensf\u00f6retagen\"},\"image\":{\"@id\":\"https:\/\/www.kompetensforetagen.se\/#\/schema\/logo\/image\/\"},\"sameAs\":[\"https:\/\/www.linkedin.com\/company\/10540032\/\"]}]}<\/script>\n<!-- \/ Yoast SEO Premium plugin. -->","yoast_head_json":{"title":"Sara Karlen - Kompetensf\u00f6retagen","robots":{"index":"index","follow":"follow","max-snippet":"max-snippet:-1","max-image-preview":"max-image-preview:large","max-video-preview":"max-video-preview:-1"},"canonical":"https:\/\/www.kompetensforetagen.se\/app\/uploads\/sites\/5\/2023\/09\/Sara-Karlen--scaled.jpeg","og_locale":"sv_SE","og_type":"article","og_title":"Sara Karlen - Kompetensf\u00f6retagen","og_url":"https:\/\/www.kompetensforetagen.se\/app\/uploads\/sites\/5\/2023\/09\/Sara-Karlen--scaled.jpeg","og_site_name":"Kompetensf\u00f6retagen","article_modified_time":"2025-12-02T09:51:23+00:00","og_image":[{"width":2334,"height":2560,"url":"https:\/\/www.kompetensforetagen.se\/app\/uploads\/sites\/5\/2023\/09\/Sara-Karlen--scaled.jpeg","type":"image\/jpeg"}],"twitter_card":"summary_large_image","schema":{"@context":"https:\/\/schema.org","@graph":[{"@type":"WebPage","@id":"https:\/\/www.kompetensforetagen.se\/app\/uploads\/sites\/5\/2023\/09\/Sara-Karlen--scaled.jpeg","url":"https:\/\/www.kompetensforetagen.se\/app\/uploads\/sites\/5\/2023\/09\/Sara-Karlen--scaled.jpeg","name":"Sara Karlen - Kompetensf\u00f6retagen","isPartOf":{"@id":"https:\/\/www.kompetensforetagen.se\/#website"},"datePublished":"2023-09-01T12:06:23+00:00","dateModified":"2025-12-02T09:51:23+00:00","breadcrumb":{"@id":"https:\/\/www.kompetensforetagen.se\/app\/uploads\/sites\/5\/2023\/09\/Sara-Karlen--scaled.jpeg#breadcrumb"},"inLanguage":"sv-SE","potentialAction":[{"@type":"ReadAction","target":["https:\/\/www.kompetensforetagen.se\/app\/uploads\/sites\/5\/2023\/09\/Sara-Karlen--scaled.jpeg"]}]},{"@type":"BreadcrumbList","@id":"https:\/\/www.kompetensforetagen.se\/app\/uploads\/sites\/5\/2023\/09\/Sara-Karlen--scaled.jpeg#breadcrumb","itemListElement":[{"@type":"ListItem","position":1,"name":"Home","item":"https:\/\/www.kompetensforetagen.se\/"},{"@type":"ListItem","position":2,"name":"50-\u00e5riga Sara samlar kompetens och bredd som konsult","item":"https:\/\/www.kompetensforetagen.se\/2023\/09\/50-ariga-sara-samlar-kompetens-och-bredd-som-konsult\/"},{"@type":"ListItem","position":3,"name":"Sara Karlen"}]},{"@type":"WebSite","@id":"https:\/\/www.kompetensforetagen.se\/#website","url":"https:\/\/www.kompetensforetagen.se\/","name":"Kompetensf\u00f6retagen","description":"R\u00e4tt person p\u00e5 r\u00e4tt plats kan f\u00f6r\u00e4ndra v\u00e4rlden","publisher":{"@id":"https:\/\/www.kompetensforetagen.se\/#organization"},"potentialAction":[{"@type":"SearchAction","target":{"@type":"EntryPoint","urlTemplate":"https:\/\/www.kompetensforetagen.se\/?s={search_term_string}"},"query-input":{"@type":"PropertyValueSpecification","valueRequired":true,"valueName":"search_term_string"}}],"inLanguage":"sv-SE"},{"@type":"Organization","@id":"https:\/\/www.kompetensforetagen.se\/#organization","name":"Kompetensf\u00f6retagen","url":"https:\/\/www.kompetensforetagen.se\/","logo":{"@type":"ImageObject","inLanguage":"sv-SE","@id":"https:\/\/www.kompetensforetagen.se\/#\/schema\/logo\/image\/","url":"https:\/\/www.kompetensforetagen.se\/app\/uploads\/sites\/5\/2022\/10\/logga_svart.png","contentUrl":"https:\/\/www.kompetensforetagen.se\/app\/uploads\/sites\/5\/2022\/10\/logga_svart.png","width":752,"height":64,"caption":"Kompetensf\u00f6retagen"},"image":{"@id":"https:\/\/www.kompetensforetagen.se\/#\/schema\/logo\/image\/"},"sameAs":["https:\/\/www.linkedin.com\/company\/10540032\/"]}]}},"description":{"rendered":"<p class=\"attachment\"><a href='https:\/\/www.kompetensforetagen.se\/app\/uploads\/sites\/5\/2023\/09\/Sara-Karlen--scaled.jpeg'><img loading=\"lazy\" decoding=\"async\" width=\"580\" height=\"636\" src=\"https:\/\/www.kompetensforetagen.se\/app\/uploads\/sites\/5\/2023\/09\/Sara-Karlen--580x636.jpeg\" class=\"attachment-medium size-medium\" alt=\"Sara Karlen: samlar kompetens och bredd som konsult\" srcset=\"https:\/\/www.kompetensforetagen.se\/app\/uploads\/sites\/5\/2023\/09\/Sara-Karlen--580x636.jpeg 580w, https:\/\/www.kompetensforetagen.se\/app\/uploads\/sites\/5\/2023\/09\/Sara-Karlen--1180x1294.jpeg 1180w, https:\/\/www.kompetensforetagen.se\/app\/uploads\/sites\/5\/2023\/09\/Sara-Karlen--380x417.jpeg 380w, https:\/\/www.kompetensforetagen.se\/app\/uploads\/sites\/5\/2023\/09\/Sara-Karlen--768x842.jpeg 768w, https:\/\/www.kompetensforetagen.se\/app\/uploads\/sites\/5\/2023\/09\/Sara-Karlen--1400x1536.jpeg 1400w, https:\/\/www.kompetensforetagen.se\/app\/uploads\/sites\/5\/2023\/09\/Sara-Karlen--1867x2048.jpeg 1867w, https:\/\/www.kompetensforetagen.se\/app\/uploads\/sites\/5\/2023\/09\/Sara-Karlen--600x658.jpeg 600w\" sizes=\"auto, (max-width: 580px) 100vw, 580px\" \/><\/a><\/p>\n"},"caption":{"rendered":""},"alt_text":"Sara Karlen: samlar kompetens och bredd som konsult","media_type":"image","mime_type":"image\/jpeg","media_details":{"width":2334,"height":2560,"file":"2023\/09\/Sara-Karlen--scaled.jpeg","filesize":769465,"sizes":{"medium":{"file":"Sara-Karlen--580x636.jpeg","width":580,"height":636,"filesize":60356,"mime_type":"image\/jpeg","source_url":"https:\/\/www.kompetensforetagen.se\/app\/uploads\/sites\/5\/2023\/09\/Sara-Karlen--580x636.jpeg"},"large":{"file":"Sara-Karlen--1180x1294.jpeg","width":1180,"height":1294,"filesize":234191,"mime_type":"image\/jpeg","source_url":"https:\/\/www.kompetensforetagen.se\/app\/uploads\/sites\/5\/2023\/09\/Sara-Karlen--1180x1294.jpeg"},"thumbnail":{"file":"Sara-Karlen--380x417.jpeg","width":380,"height":417,"filesize":27505,"mime_type":"image\/jpeg","source_url":"https:\/\/www.kompetensforetagen.se\/app\/uploads\/sites\/5\/2023\/09\/Sara-Karlen--380x417.jpeg"},"medium_large":{"file":"Sara-Karlen--768x842.jpeg","width":768,"height":842,"filesize":103830,"mime_type":"image\/jpeg","source_url":"https:\/\/www.kompetensforetagen.se\/app\/uploads\/sites\/5\/2023\/09\/Sara-Karlen--768x842.jpeg"},"1536x1536":{"file":"Sara-Karlen--1400x1536.jpeg","width":1400,"height":1536,"filesize":318626,"mime_type":"image\/jpeg","source_url":"https:\/\/www.kompetensforetagen.se\/app\/uploads\/sites\/5\/2023\/09\/Sara-Karlen--1400x1536.jpeg"},"2048x2048":{"file":"Sara-Karlen--1867x2048.jpeg","width":1867,"height":2048,"filesize":528342,"mime_type":"image\/jpeg","source_url":"https:\/\/www.kompetensforetagen.se\/app\/uploads\/sites\/5\/2023\/09\/Sara-Karlen--1867x2048.jpeg"},"woocommerce_thumbnail":{"file":"Sara-Karlen--300x225.jpeg","width":300,"height":225,"filesize":13099,"uncropped":false,"mime_type":"image\/jpeg","source_url":"https:\/\/www.kompetensforetagen.se\/app\/uploads\/sites\/5\/2023\/09\/Sara-Karlen--300x225.jpeg"},"woocommerce_single":{"file":"Sara-Karlen--600x658.jpeg","width":600,"height":658,"filesize":64269,"mime_type":"image\/jpeg","source_url":"https:\/\/www.kompetensforetagen.se\/app\/uploads\/sites\/5\/2023\/09\/Sara-Karlen--600x658.jpeg"},"woocommerce_gallery_thumbnail":{"file":"Sara-Karlen--100x100.jpeg","width":100,"height":100,"filesize":2982,"mime_type":"image\/jpeg","source_url":"https:\/\/www.kompetensforetagen.se\/app\/uploads\/sites\/5\/2023\/09\/Sara-Karlen--100x100.jpeg"},"full":{"file":"Sara-Karlen--scaled.jpeg","width":2334,"height":2560,"mime_type":"image\/jpeg","source_url":"https:\/\/www.kompetensforetagen.se\/app\/uploads\/sites\/5\/2023\/09\/Sara-Karlen--scaled.jpeg"}},"image_meta":{"aperture":"0","credit":"","camera":"","caption":"","created_timestamp":"0","copyright":"","focal_length":"0","iso":"0","shutter_speed":"0","title":"","orientation":"0","keywords":[]},"original_image":"Sara-Karlen-.jpeg"},"post":13385,"source_url":"https:\/\/www.kompetensforetagen.se\/app\/uploads\/sites\/5\/2023\/09\/Sara-Karlen--scaled.jpeg","_links":{"self":[{"href":"https:\/\/www.kompetensforetagen.se\/api\/wp\/v2\/media\/15047","targetHints":{"allow":["GET"]}}],"collection":[{"href":"https:\/\/www.kompetensforetagen.se\/api\/wp\/v2\/media"}],"about":[{"href":"https:\/\/www.kompetensforetagen.se\/api\/wp\/v2\/types\/attachment"}],"author":[{"embeddable":true,"href":"https:\/\/www.kompetensforetagen.se\/api\/wp\/v2\/users\/6358"}],"replies":[{"embeddable":true,"href":"https:\/\/www.kompetensforetagen.se\/api\/wp\/v2\/comments?post=15047"}],"wp:attached-to":[{"embeddable":true,"post_type":"post","id":13385,"href":"https:\/\/www.kompetensforetagen.se\/api\/wp\/v2\/posts\/13385"}],"curies":[{"name":"wp","href":"https:\/\/api.w.org\/{rel}","templated":true}]}}

<!-- This site is optimized with the Yoast SEO Premium plugin v26.8 (Yoast SEO v26.8) - https://yoast.com/product/yoast-seo-premium-wordpress/ -->
<title>Sara Karlen - Kompetensföretagen</title>
<meta name="robots" content="index, follow, max-snippet:-1, max-image-preview:large, max-video-preview:-1" />
<link rel="canonical" href="https://www.kompetensforetagen.se/app/uploads/sites/5/2023/09/Sara-Karlen--scaled.jpeg" />
<meta property="og:locale" content="sv_SE" />
<meta property="og:type" content="article" />
<meta property="og:title" content="Sara Karlen - Kompetensföretagen" />
<meta property="og:url" content="https://www.kompetensforetagen.se/app/uploads/sites/5/2023/09/Sara-Karlen--scaled.jpeg" />
<meta property="og:site_name" content="Kompetensföretagen" />
<meta property="article:modified_time" content="2025-12-02T09:51:23+00:00" />
<meta property="og:image" content="https://www.kompetensforetagen.se/app/uploads/sites/5/2023/09/Sara-Karlen--scaled.jpeg" />
	<meta property="og:image:width" content="2334" />
	<meta property="og:image:height" content="2560" />
	<meta property="og:image:type" content="image/jpeg" />
<meta name="twitter:card" content="summary_large_image" />
<script type="application/ld+json" class="yoast-schema-graph">{"@context":"https://schema.org","@graph":[{"@type":"WebPage","@id":"https://www.kompetensforetagen.se/app/uploads/sites/5/2023/09/Sara-Karlen--scaled.jpeg","url":"https://www.kompetensforetagen.se/app/uploads/sites/5/2023/09/Sara-Karlen--scaled.jpeg","name":"Sara Karlen - Kompetensföretagen","isPartOf":{"@id":"https://www.kompetensforetagen.se/#website"},"datePublished":"2023-09-01T12:06:23+00:00","dateModified":"2025-12-02T09:51:23+00:00","breadcrumb":{"@id":"https://www.kompetensforetagen.se/app/uploads/sites/5/2023/09/Sara-Karlen--scaled.jpeg#breadcrumb"},"inLanguage":"sv-SE","potentialAction":[{"@type":"ReadAction","target":["https://www.kompetensforetagen.se/app/uploads/sites/5/2023/09/Sara-Karlen--scaled.jpeg"]}]},{"@type":"BreadcrumbList","@id":"https://www.kompetensforetagen.se/app/uploads/sites/5/2023/09/Sara-Karlen--scaled.jpeg#breadcrumb","itemListElement":[{"@type":"ListItem","position":1,"name":"Home","item":"https://www.kompetensforetagen.se/"},{"@type":"ListItem","position":2,"name":"50-åriga Sara samlar kompetens och bredd som konsult","item":"https://www.kompetensforetagen.se/2023/09/50-ariga-sara-samlar-kompetens-och-bredd-som-konsult/"},{"@type":"ListItem","position":3,"name":"Sara Karlen"}]},{"@type":"WebSite","@id":"https://www.kompetensforetagen.se/#website","url":"https://www.kompetensforetagen.se/","name":"Kompetensföretagen","description":"Rätt person på rätt plats kan förändra världen","publisher":{"@id":"https://www.kompetensforetagen.se/#organization"},"potentialAction":[{"@type":"SearchAction","target":{"@type":"EntryPoint","urlTemplate":"https://www.kompetensforetagen.se/?s={search_term_string}"},"query-input":{"@type":"PropertyValueSpecification","valueRequired":true,"valueName":"search_term_string"}}],"inLanguage":"sv-SE"},{"@type":"Organization","@id":"https://www.kompetensforetagen.se/#organization","name":"Kompetensföretagen","url":"https://www.kompetensforetagen.se/","logo":{"@type":"ImageObject","inLanguage":"sv-SE","@id":"https://www.kompetensforetagen.se/#/schema/logo/image/","url":"https://www.kompetensforetagen.se/app/uploads/sites/5/2022/10/logga_svart.png","contentUrl":"https://www.kompetensforetagen.se/app/uploads/sites/5/2022/10/logga_svart.png","width":752,"height":64,"caption":"Kompetensföretagen"},"image":{"@id":"https://www.kompetensforetagen.se/#/schema/logo/image/"},"sameAs":["https://www.linkedin.com/company/10540032/"]}]}</script>
<!-- / Yoast SEO Premium plugin. -->

Sara Karlen - Kompetensföretagen

Kompetensföretagen

50-åriga Sara samlar kompetens och bredd som konsult

Rätt person på rätt plats kan förändra världen
