{"id":10480,"date":"2022-12-12T09:19:25","date_gmt":"2022-12-12T08:19:25","guid":{"rendered":"https:\/\/www.almega.se\/app\/uploads\/sites\/5\/2022\/11\/delpension-1.png"},"modified":"2023-11-02T14:10:10","modified_gmt":"2023-11-02T13:10:10","slug":"delpension-1","status":"inherit","type":"attachment","link":"https:\/\/www.kompetensforetagen.se\/2022\/11\/webbinarium-om-deltidspension\/delpension-1\/","title":{"rendered":"del&shy;pension-1"},"author":13369,"featured_media":0,"comment_status":"closed","ping_status":"closed","template":"","meta":{"_acf_changed":false},"class_list":["post-10480","attachment","type-attachment","status-inherit","hentry"],"acf":[],"yoast_head":"<!-- This site is optimized with the Yoast SEO Premium plugin v26.8 (Yoast SEO v26.8) - https:\/\/yoast.com\/product\/yoast-seo-premium-wordpress\/ -->\n<title>delpension-1 - Kompetensf\u00f6retagen<\/title>\n<meta name=\"robots\" content=\"index, follow, max-snippet:-1, max-image-preview:large, max-video-preview:-1\" \/>\n<link rel=\"canonical\" href=\"https:\/\/www.kompetensforetagen.se\/app\/uploads\/sites\/5\/2022\/11\/delpension-1.png\" \/>\n<meta property=\"og:locale\" content=\"sv_SE\" \/>\n<meta property=\"og:type\" content=\"article\" \/>\n<meta property=\"og:title\" content=\"delpension-1 - Kompetensf\u00f6retagen\" \/>\n<meta property=\"og:description\" content=\"Delpension\" \/>\n<meta property=\"og:url\" content=\"https:\/\/www.kompetensforetagen.se\/app\/uploads\/sites\/5\/2022\/11\/delpension-1.png\" \/>\n<meta property=\"og:site_name\" content=\"Kompetensf\u00f6retagen\" \/>\n<meta property=\"article:modified_time\" content=\"2023-11-02T13:10:10+00:00\" \/>\n<meta property=\"og:image\" content=\"https:\/\/www.kompetensforetagen.se\/app\/uploads\/sites\/5\/2022\/11\/delpension-1.png\" \/>\n\t<meta property=\"og:image:width\" content=\"1647\" \/>\n\t<meta property=\"og:image:height\" content=\"811\" \/>\n\t<meta property=\"og:image:type\" content=\"image\/png\" \/>\n<meta name=\"twitter:card\" content=\"summary_large_image\" \/>\n<script type=\"application\/ld+json\" class=\"yoast-schema-graph\">{\"@context\":\"https:\/\/schema.org\",\"@graph\":[{\"@type\":\"WebPage\",\"@id\":\"https:\/\/www.kompetensforetagen.se\/app\/uploads\/sites\/5\/2022\/11\/delpension-1.png\",\"url\":\"https:\/\/www.kompetensforetagen.se\/app\/uploads\/sites\/5\/2022\/11\/delpension-1.png\",\"name\":\"delpension-1 - Kompetensf\u00f6retagen\",\"isPartOf\":{\"@id\":\"https:\/\/www.kompetensforetagen.se\/#website\"},\"datePublished\":\"2022-12-12T08:19:25+00:00\",\"dateModified\":\"2023-11-02T13:10:10+00:00\",\"breadcrumb\":{\"@id\":\"https:\/\/www.kompetensforetagen.se\/app\/uploads\/sites\/5\/2022\/11\/delpension-1.png#breadcrumb\"},\"inLanguage\":\"sv-SE\",\"potentialAction\":[{\"@type\":\"ReadAction\",\"target\":[\"https:\/\/www.kompetensforetagen.se\/app\/uploads\/sites\/5\/2022\/11\/delpension-1.png\"]}]},{\"@type\":\"BreadcrumbList\",\"@id\":\"https:\/\/www.kompetensforetagen.se\/app\/uploads\/sites\/5\/2022\/11\/delpension-1.png#breadcrumb\",\"itemListElement\":[{\"@type\":\"ListItem\",\"position\":1,\"name\":\"Home\",\"item\":\"https:\/\/www.kompetensforetagen.se\/\"},{\"@type\":\"ListItem\",\"position\":2,\"name\":\"Ta del av webbinarium om deltids&shy;pension\",\"item\":\"https:\/\/www.kompetensforetagen.se\/2022\/11\/webbinarium-om-deltidspension\/\"},{\"@type\":\"ListItem\",\"position\":3,\"name\":\"del&shy;pension-1\"}]},{\"@type\":\"WebSite\",\"@id\":\"https:\/\/www.kompetensforetagen.se\/#website\",\"url\":\"https:\/\/www.kompetensforetagen.se\/\",\"name\":\"Kompetensf\u00f6retagen\",\"description\":\"R\u00e4tt person p\u00e5 r\u00e4tt plats kan f\u00f6r\u00e4ndra v\u00e4rlden\",\"publisher\":{\"@id\":\"https:\/\/www.kompetensforetagen.se\/#organization\"},\"potentialAction\":[{\"@type\":\"SearchAction\",\"target\":{\"@type\":\"EntryPoint\",\"urlTemplate\":\"https:\/\/www.kompetensforetagen.se\/?s={search_term_string}\"},\"query-input\":{\"@type\":\"PropertyValueSpecification\",\"valueRequired\":true,\"valueName\":\"search_term_string\"}}],\"inLanguage\":\"sv-SE\"},{\"@type\":\"Organization\",\"@id\":\"https:\/\/www.kompetensforetagen.se\/#organization\",\"name\":\"Kompetensf\u00f6retagen\",\"url\":\"https:\/\/www.kompetensforetagen.se\/\",\"logo\":{\"@type\":\"ImageObject\",\"inLanguage\":\"sv-SE\",\"@id\":\"https:\/\/www.kompetensforetagen.se\/#\/schema\/logo\/image\/\",\"url\":\"https:\/\/www.kompetensforetagen.se\/app\/uploads\/sites\/5\/2022\/10\/logga_svart.png\",\"contentUrl\":\"https:\/\/www.kompetensforetagen.se\/app\/uploads\/sites\/5\/2022\/10\/logga_svart.png\",\"width\":752,\"height\":64,\"caption\":\"Kompetensf\u00f6retagen\"},\"image\":{\"@id\":\"https:\/\/www.kompetensforetagen.se\/#\/schema\/logo\/image\/\"},\"sameAs\":[\"https:\/\/www.linkedin.com\/company\/10540032\/\"]}]}<\/script>\n<!-- \/ Yoast SEO Premium plugin. -->","yoast_head_json":{"title":"delpension-1 - Kompetensf\u00f6retagen","robots":{"index":"index","follow":"follow","max-snippet":"max-snippet:-1","max-image-preview":"max-image-preview:large","max-video-preview":"max-video-preview:-1"},"canonical":"https:\/\/www.kompetensforetagen.se\/app\/uploads\/sites\/5\/2022\/11\/delpension-1.png","og_locale":"sv_SE","og_type":"article","og_title":"delpension-1 - Kompetensf\u00f6retagen","og_description":"Delpension","og_url":"https:\/\/www.kompetensforetagen.se\/app\/uploads\/sites\/5\/2022\/11\/delpension-1.png","og_site_name":"Kompetensf\u00f6retagen","article_modified_time":"2023-11-02T13:10:10+00:00","og_image":[{"width":1647,"height":811,"url":"https:\/\/www.kompetensforetagen.se\/app\/uploads\/sites\/5\/2022\/11\/delpension-1.png","type":"image\/png"}],"twitter_card":"summary_large_image","schema":{"@context":"https:\/\/schema.org","@graph":[{"@type":"WebPage","@id":"https:\/\/www.kompetensforetagen.se\/app\/uploads\/sites\/5\/2022\/11\/delpension-1.png","url":"https:\/\/www.kompetensforetagen.se\/app\/uploads\/sites\/5\/2022\/11\/delpension-1.png","name":"delpension-1 - Kompetensf\u00f6retagen","isPartOf":{"@id":"https:\/\/www.kompetensforetagen.se\/#website"},"datePublished":"2022-12-12T08:19:25+00:00","dateModified":"2023-11-02T13:10:10+00:00","breadcrumb":{"@id":"https:\/\/www.kompetensforetagen.se\/app\/uploads\/sites\/5\/2022\/11\/delpension-1.png#breadcrumb"},"inLanguage":"sv-SE","potentialAction":[{"@type":"ReadAction","target":["https:\/\/www.kompetensforetagen.se\/app\/uploads\/sites\/5\/2022\/11\/delpension-1.png"]}]},{"@type":"BreadcrumbList","@id":"https:\/\/www.kompetensforetagen.se\/app\/uploads\/sites\/5\/2022\/11\/delpension-1.png#breadcrumb","itemListElement":[{"@type":"ListItem","position":1,"name":"Home","item":"https:\/\/www.kompetensforetagen.se\/"},{"@type":"ListItem","position":2,"name":"Ta del av webbinarium om deltids&shy;pension","item":"https:\/\/www.kompetensforetagen.se\/2022\/11\/webbinarium-om-deltidspension\/"},{"@type":"ListItem","position":3,"name":"del&shy;pension-1"}]},{"@type":"WebSite","@id":"https:\/\/www.kompetensforetagen.se\/#website","url":"https:\/\/www.kompetensforetagen.se\/","name":"Kompetensf\u00f6retagen","description":"R\u00e4tt person p\u00e5 r\u00e4tt plats kan f\u00f6r\u00e4ndra v\u00e4rlden","publisher":{"@id":"https:\/\/www.kompetensforetagen.se\/#organization"},"potentialAction":[{"@type":"SearchAction","target":{"@type":"EntryPoint","urlTemplate":"https:\/\/www.kompetensforetagen.se\/?s={search_term_string}"},"query-input":{"@type":"PropertyValueSpecification","valueRequired":true,"valueName":"search_term_string"}}],"inLanguage":"sv-SE"},{"@type":"Organization","@id":"https:\/\/www.kompetensforetagen.se\/#organization","name":"Kompetensf\u00f6retagen","url":"https:\/\/www.kompetensforetagen.se\/","logo":{"@type":"ImageObject","inLanguage":"sv-SE","@id":"https:\/\/www.kompetensforetagen.se\/#\/schema\/logo\/image\/","url":"https:\/\/www.kompetensforetagen.se\/app\/uploads\/sites\/5\/2022\/10\/logga_svart.png","contentUrl":"https:\/\/www.kompetensforetagen.se\/app\/uploads\/sites\/5\/2022\/10\/logga_svart.png","width":752,"height":64,"caption":"Kompetensf\u00f6retagen"},"image":{"@id":"https:\/\/www.kompetensforetagen.se\/#\/schema\/logo\/image\/"},"sameAs":["https:\/\/www.linkedin.com\/company\/10540032\/"]}]}},"description":{"rendered":"<p class=\"attachment\"><a href='https:\/\/www.kompetensforetagen.se\/app\/uploads\/sites\/5\/2022\/11\/delpension-1.png'><img loading=\"lazy\" decoding=\"async\" width=\"580\" height=\"286\" src=\"https:\/\/www.kompetensforetagen.se\/app\/uploads\/sites\/5\/2022\/11\/delpension-1-580x286.png\" class=\"attachment-medium size-medium\" alt=\"alt=&quot;&quot;\" srcset=\"https:\/\/www.kompetensforetagen.se\/app\/uploads\/sites\/5\/2022\/11\/delpension-1-580x286.png 580w, https:\/\/www.kompetensforetagen.se\/app\/uploads\/sites\/5\/2022\/11\/delpension-1-1180x581.png 1180w, https:\/\/www.kompetensforetagen.se\/app\/uploads\/sites\/5\/2022\/11\/delpension-1-380x187.png 380w, https:\/\/www.kompetensforetagen.se\/app\/uploads\/sites\/5\/2022\/11\/delpension-1-768x378.png 768w, https:\/\/www.kompetensforetagen.se\/app\/uploads\/sites\/5\/2022\/11\/delpension-1-1536x756.png 1536w, https:\/\/www.kompetensforetagen.se\/app\/uploads\/sites\/5\/2022\/11\/delpension-1.png 1647w\" sizes=\"auto, (max-width: 580px) 100vw, 580px\" \/><\/a><\/p>\n"},"caption":{"rendered":"<p>Delpension<\/p>\n"},"alt_text":"alt=\"\"","media_type":"image","mime_type":"image\/png","media_details":{"width":1647,"height":811,"file":"2022\/11\/delpension-1.png","sizes":{"medium":{"file":"delpension-1-580x286.png","width":580,"height":286,"mime_type":"image\/png","source_url":"https:\/\/www.kompetensforetagen.se\/app\/uploads\/sites\/5\/2022\/11\/delpension-1-580x286.png"},"large":{"file":"delpension-1-1180x581.png","width":1180,"height":581,"mime_type":"image\/png","source_url":"https:\/\/www.kompetensforetagen.se\/app\/uploads\/sites\/5\/2022\/11\/delpension-1-1180x581.png"},"thumbnail":{"file":"delpension-1-380x187.png","width":380,"height":187,"mime_type":"image\/png","source_url":"https:\/\/www.kompetensforetagen.se\/app\/uploads\/sites\/5\/2022\/11\/delpension-1-380x187.png"},"medium_large":{"file":"delpension-1-768x378.png","width":768,"height":378,"mime_type":"image\/png","source_url":"https:\/\/www.kompetensforetagen.se\/app\/uploads\/sites\/5\/2022\/11\/delpension-1-768x378.png"},"1536x1536":{"file":"delpension-1-1536x756.png","width":1536,"height":756,"mime_type":"image\/png","source_url":"https:\/\/www.kompetensforetagen.se\/app\/uploads\/sites\/5\/2022\/11\/delpension-1-1536x756.png"},"full":{"file":"delpension-1.png","width":1647,"height":811,"mime_type":"image\/png","source_url":"https:\/\/www.kompetensforetagen.se\/app\/uploads\/sites\/5\/2022\/11\/delpension-1.png"}},"image_meta":{"aperture":"0","credit":"","camera":"","caption":"","created_timestamp":"0","copyright":"","focal_length":"0","iso":"0","shutter_speed":"0","title":"","orientation":"0","keywords":[]}},"post":10427,"source_url":"https:\/\/www.kompetensforetagen.se\/app\/uploads\/sites\/5\/2022\/11\/delpension-1.png","_links":{"self":[{"href":"https:\/\/www.kompetensforetagen.se\/api\/wp\/v2\/media\/10480","targetHints":{"allow":["GET"]}}],"collection":[{"href":"https:\/\/www.kompetensforetagen.se\/api\/wp\/v2\/media"}],"about":[{"href":"https:\/\/www.kompetensforetagen.se\/api\/wp\/v2\/types\/attachment"}],"author":[{"embeddable":true,"href":"https:\/\/www.kompetensforetagen.se\/api\/wp\/v2\/users\/13369"}],"replies":[{"embeddable":true,"href":"https:\/\/www.kompetensforetagen.se\/api\/wp\/v2\/comments?post=10480"}],"wp:attached-to":[{"embeddable":true,"post_type":"post","id":10427,"href":"https:\/\/www.kompetensforetagen.se\/api\/wp\/v2\/posts\/10427"}],"curies":[{"name":"wp","href":"https:\/\/api.w.org\/{rel}","templated":true}]}}

<!-- This site is optimized with the Yoast SEO Premium plugin v26.8 (Yoast SEO v26.8) - https://yoast.com/product/yoast-seo-premium-wordpress/ -->
<title>delpension-1 - Kompetensföretagen</title>
<meta name="robots" content="index, follow, max-snippet:-1, max-image-preview:large, max-video-preview:-1" />
<link rel="canonical" href="https://www.kompetensforetagen.se/app/uploads/sites/5/2022/11/delpension-1.png" />
<meta property="og:locale" content="sv_SE" />
<meta property="og:type" content="article" />
<meta property="og:title" content="delpension-1 - Kompetensföretagen" />
<meta property="og:description" content="Delpension" />
<meta property="og:url" content="https://www.kompetensforetagen.se/app/uploads/sites/5/2022/11/delpension-1.png" />
<meta property="og:site_name" content="Kompetensföretagen" />
<meta property="article:modified_time" content="2023-11-02T13:10:10+00:00" />
<meta property="og:image" content="https://www.kompetensforetagen.se/app/uploads/sites/5/2022/11/delpension-1.png" />
	<meta property="og:image:width" content="1647" />
	<meta property="og:image:height" content="811" />
	<meta property="og:image:type" content="image/png" />
<meta name="twitter:card" content="summary_large_image" />
<script type="application/ld+json" class="yoast-schema-graph">{"@context":"https://schema.org","@graph":[{"@type":"WebPage","@id":"https://www.kompetensforetagen.se/app/uploads/sites/5/2022/11/delpension-1.png","url":"https://www.kompetensforetagen.se/app/uploads/sites/5/2022/11/delpension-1.png","name":"delpension-1 - Kompetensföretagen","isPartOf":{"@id":"https://www.kompetensforetagen.se/#website"},"datePublished":"2022-12-12T08:19:25+00:00","dateModified":"2023-11-02T13:10:10+00:00","breadcrumb":{"@id":"https://www.kompetensforetagen.se/app/uploads/sites/5/2022/11/delpension-1.png#breadcrumb"},"inLanguage":"sv-SE","potentialAction":[{"@type":"ReadAction","target":["https://www.kompetensforetagen.se/app/uploads/sites/5/2022/11/delpension-1.png"]}]},{"@type":"BreadcrumbList","@id":"https://www.kompetensforetagen.se/app/uploads/sites/5/2022/11/delpension-1.png#breadcrumb","itemListElement":[{"@type":"ListItem","position":1,"name":"Home","item":"https://www.kompetensforetagen.se/"},{"@type":"ListItem","position":2,"name":"Ta del av webbinarium om deltids&shy;pension","item":"https://www.kompetensforetagen.se/2022/11/webbinarium-om-deltidspension/"},{"@type":"ListItem","position":3,"name":"del&shy;pension-1"}]},{"@type":"WebSite","@id":"https://www.kompetensforetagen.se/#website","url":"https://www.kompetensforetagen.se/","name":"Kompetensföretagen","description":"Rätt person på rätt plats kan förändra världen","publisher":{"@id":"https://www.kompetensforetagen.se/#organization"},"potentialAction":[{"@type":"SearchAction","target":{"@type":"EntryPoint","urlTemplate":"https://www.kompetensforetagen.se/?s={search_term_string}"},"query-input":{"@type":"PropertyValueSpecification","valueRequired":true,"valueName":"search_term_string"}}],"inLanguage":"sv-SE"},{"@type":"Organization","@id":"https://www.kompetensforetagen.se/#organization","name":"Kompetensföretagen","url":"https://www.kompetensforetagen.se/","logo":{"@type":"ImageObject","inLanguage":"sv-SE","@id":"https://www.kompetensforetagen.se/#/schema/logo/image/","url":"https://www.kompetensforetagen.se/app/uploads/sites/5/2022/10/logga_svart.png","contentUrl":"https://www.kompetensforetagen.se/app/uploads/sites/5/2022/10/logga_svart.png","width":752,"height":64,"caption":"Kompetensföretagen"},"image":{"@id":"https://www.kompetensforetagen.se/#/schema/logo/image/"},"sameAs":["https://www.linkedin.com/company/10540032/"]}]}</script>
<!-- / Yoast SEO Premium plugin. -->

delpension-1 - Kompetensföretagen

Kompetensföretagen

Rätt person på rätt plats kan förändra världen
