{"id":10101,"date":"2022-09-07T09:52:25","date_gmt":"2022-09-07T07:52:25","guid":{"rendered":"https:\/\/www.almega.se\/app\/uploads\/sites\/5\/2022\/09\/stora-scen-sodra-teatern-jpg.jpg"},"modified":"2023-11-02T14:18:38","modified_gmt":"2023-11-02T13:18:38","slug":"stora-scen-sodra-teatern-jpg","status":"inherit","type":"attachment","link":"https:\/\/www.kompetensforetagen.se\/event\/stora-scen-sodra-teatern-jpg\/","title":{"rendered":"stora-scen-sodra-teatern-jpg"},"author":13369,"featured_media":0,"comment_status":"closed","ping_status":"closed","template":"","meta":{"_acf_changed":false},"class_list":["post-10101","attachment","type-attachment","status-inherit","hentry"],"acf":[],"yoast_head":"<!-- This site is optimized with the Yoast SEO Premium plugin v26.8 (Yoast SEO v26.8) - https:\/\/yoast.com\/product\/yoast-seo-premium-wordpress\/ -->\n<title>stora-scen-sodra-teatern-jpg - Kompetensf\u00f6retagen<\/title>\n<meta name=\"robots\" content=\"index, follow, max-snippet:-1, max-image-preview:large, max-video-preview:-1\" \/>\n<link rel=\"canonical\" href=\"https:\/\/www.kompetensforetagen.se\/app\/uploads\/sites\/5\/2022\/09\/stora-scen-sodra-teatern-jpg-scaled.jpg\" \/>\n<meta property=\"og:locale\" content=\"sv_SE\" \/>\n<meta property=\"og:type\" content=\"article\" \/>\n<meta property=\"og:title\" content=\"stora-scen-sodra-teatern-jpg - Kompetensf\u00f6retagen\" \/>\n<meta property=\"og:description\" content=\"Fotograf Johan Strindberg www.johanstrindberg.se info@johanstrindberg.se +46 736 00 47 99\" \/>\n<meta property=\"og:url\" content=\"https:\/\/www.kompetensforetagen.se\/app\/uploads\/sites\/5\/2022\/09\/stora-scen-sodra-teatern-jpg-scaled.jpg\" \/>\n<meta property=\"og:site_name\" content=\"Kompetensf\u00f6retagen\" \/>\n<meta property=\"article:modified_time\" content=\"2023-11-02T13:18:38+00:00\" \/>\n<meta property=\"og:image\" content=\"https:\/\/www.kompetensforetagen.se\/app\/uploads\/sites\/5\/2022\/09\/stora-scen-sodra-teatern-jpg-scaled.jpg\" \/>\n\t<meta property=\"og:image:width\" content=\"2560\" \/>\n\t<meta property=\"og:image:height\" content=\"1707\" \/>\n\t<meta property=\"og:image:type\" content=\"image\/jpeg\" \/>\n<meta name=\"twitter:card\" content=\"summary_large_image\" \/>\n<script type=\"application\/ld+json\" class=\"yoast-schema-graph\">{\"@context\":\"https:\/\/schema.org\",\"@graph\":[{\"@type\":\"WebPage\",\"@id\":\"https:\/\/www.kompetensforetagen.se\/app\/uploads\/sites\/5\/2022\/09\/stora-scen-sodra-teatern-jpg-scaled.jpg\",\"url\":\"https:\/\/www.kompetensforetagen.se\/app\/uploads\/sites\/5\/2022\/09\/stora-scen-sodra-teatern-jpg-scaled.jpg\",\"name\":\"stora-scen-sodra-teatern-jpg - Kompetensf\u00f6retagen\",\"isPartOf\":{\"@id\":\"https:\/\/www.kompetensforetagen.se\/#website\"},\"datePublished\":\"2022-09-07T07:52:25+00:00\",\"dateModified\":\"2023-11-02T13:18:38+00:00\",\"breadcrumb\":{\"@id\":\"https:\/\/www.kompetensforetagen.se\/app\/uploads\/sites\/5\/2022\/09\/stora-scen-sodra-teatern-jpg-scaled.jpg#breadcrumb\"},\"inLanguage\":\"sv-SE\",\"potentialAction\":[{\"@type\":\"ReadAction\",\"target\":[\"https:\/\/www.kompetensforetagen.se\/app\/uploads\/sites\/5\/2022\/09\/stora-scen-sodra-teatern-jpg-scaled.jpg\"]}]},{\"@type\":\"BreadcrumbList\",\"@id\":\"https:\/\/www.kompetensforetagen.se\/app\/uploads\/sites\/5\/2022\/09\/stora-scen-sodra-teatern-jpg-scaled.jpg#breadcrumb\",\"itemListElement\":[{\"@type\":\"ListItem\",\"position\":1,\"name\":\"Home\",\"item\":\"https:\/\/www.kompetensforetagen.se\/\"},{\"@type\":\"ListItem\",\"position\":2,\"name\":\"Event\",\"item\":\"https:\/\/www.kompetensforetagen.se\/event\/\"},{\"@type\":\"ListItem\",\"position\":3,\"name\":\"stora-scen-sodra-teatern-jpg\"}]},{\"@type\":\"WebSite\",\"@id\":\"https:\/\/www.kompetensforetagen.se\/#website\",\"url\":\"https:\/\/www.kompetensforetagen.se\/\",\"name\":\"Kompetensf\u00f6retagen\",\"description\":\"R\u00e4tt person p\u00e5 r\u00e4tt plats kan f\u00f6r\u00e4ndra v\u00e4rlden\",\"publisher\":{\"@id\":\"https:\/\/www.kompetensforetagen.se\/#organization\"},\"potentialAction\":[{\"@type\":\"SearchAction\",\"target\":{\"@type\":\"EntryPoint\",\"urlTemplate\":\"https:\/\/www.kompetensforetagen.se\/?s={search_term_string}\"},\"query-input\":{\"@type\":\"PropertyValueSpecification\",\"valueRequired\":true,\"valueName\":\"search_term_string\"}}],\"inLanguage\":\"sv-SE\"},{\"@type\":\"Organization\",\"@id\":\"https:\/\/www.kompetensforetagen.se\/#organization\",\"name\":\"Kompetensf\u00f6retagen\",\"url\":\"https:\/\/www.kompetensforetagen.se\/\",\"logo\":{\"@type\":\"ImageObject\",\"inLanguage\":\"sv-SE\",\"@id\":\"https:\/\/www.kompetensforetagen.se\/#\/schema\/logo\/image\/\",\"url\":\"https:\/\/www.kompetensforetagen.se\/app\/uploads\/sites\/5\/2022\/10\/logga_svart.png\",\"contentUrl\":\"https:\/\/www.kompetensforetagen.se\/app\/uploads\/sites\/5\/2022\/10\/logga_svart.png\",\"width\":752,\"height\":64,\"caption\":\"Kompetensf\u00f6retagen\"},\"image\":{\"@id\":\"https:\/\/www.kompetensforetagen.se\/#\/schema\/logo\/image\/\"},\"sameAs\":[\"https:\/\/www.linkedin.com\/company\/10540032\/\"]}]}<\/script>\n<!-- \/ Yoast SEO Premium plugin. -->","yoast_head_json":{"title":"stora-scen-sodra-teatern-jpg - Kompetensf\u00f6retagen","robots":{"index":"index","follow":"follow","max-snippet":"max-snippet:-1","max-image-preview":"max-image-preview:large","max-video-preview":"max-video-preview:-1"},"canonical":"https:\/\/www.kompetensforetagen.se\/app\/uploads\/sites\/5\/2022\/09\/stora-scen-sodra-teatern-jpg-scaled.jpg","og_locale":"sv_SE","og_type":"article","og_title":"stora-scen-sodra-teatern-jpg - Kompetensf\u00f6retagen","og_description":"Fotograf Johan Strindberg www.johanstrindberg.se info@johanstrindberg.se +46 736 00 47 99","og_url":"https:\/\/www.kompetensforetagen.se\/app\/uploads\/sites\/5\/2022\/09\/stora-scen-sodra-teatern-jpg-scaled.jpg","og_site_name":"Kompetensf\u00f6retagen","article_modified_time":"2023-11-02T13:18:38+00:00","og_image":[{"width":2560,"height":1707,"url":"https:\/\/www.kompetensforetagen.se\/app\/uploads\/sites\/5\/2022\/09\/stora-scen-sodra-teatern-jpg-scaled.jpg","type":"image\/jpeg"}],"twitter_card":"summary_large_image","schema":{"@context":"https:\/\/schema.org","@graph":[{"@type":"WebPage","@id":"https:\/\/www.kompetensforetagen.se\/app\/uploads\/sites\/5\/2022\/09\/stora-scen-sodra-teatern-jpg-scaled.jpg","url":"https:\/\/www.kompetensforetagen.se\/app\/uploads\/sites\/5\/2022\/09\/stora-scen-sodra-teatern-jpg-scaled.jpg","name":"stora-scen-sodra-teatern-jpg - Kompetensf\u00f6retagen","isPartOf":{"@id":"https:\/\/www.kompetensforetagen.se\/#website"},"datePublished":"2022-09-07T07:52:25+00:00","dateModified":"2023-11-02T13:18:38+00:00","breadcrumb":{"@id":"https:\/\/www.kompetensforetagen.se\/app\/uploads\/sites\/5\/2022\/09\/stora-scen-sodra-teatern-jpg-scaled.jpg#breadcrumb"},"inLanguage":"sv-SE","potentialAction":[{"@type":"ReadAction","target":["https:\/\/www.kompetensforetagen.se\/app\/uploads\/sites\/5\/2022\/09\/stora-scen-sodra-teatern-jpg-scaled.jpg"]}]},{"@type":"BreadcrumbList","@id":"https:\/\/www.kompetensforetagen.se\/app\/uploads\/sites\/5\/2022\/09\/stora-scen-sodra-teatern-jpg-scaled.jpg#breadcrumb","itemListElement":[{"@type":"ListItem","position":1,"name":"Home","item":"https:\/\/www.kompetensforetagen.se\/"},{"@type":"ListItem","position":2,"name":"Event","item":"https:\/\/www.kompetensforetagen.se\/event\/"},{"@type":"ListItem","position":3,"name":"stora-scen-sodra-teatern-jpg"}]},{"@type":"WebSite","@id":"https:\/\/www.kompetensforetagen.se\/#website","url":"https:\/\/www.kompetensforetagen.se\/","name":"Kompetensf\u00f6retagen","description":"R\u00e4tt person p\u00e5 r\u00e4tt plats kan f\u00f6r\u00e4ndra v\u00e4rlden","publisher":{"@id":"https:\/\/www.kompetensforetagen.se\/#organization"},"potentialAction":[{"@type":"SearchAction","target":{"@type":"EntryPoint","urlTemplate":"https:\/\/www.kompetensforetagen.se\/?s={search_term_string}"},"query-input":{"@type":"PropertyValueSpecification","valueRequired":true,"valueName":"search_term_string"}}],"inLanguage":"sv-SE"},{"@type":"Organization","@id":"https:\/\/www.kompetensforetagen.se\/#organization","name":"Kompetensf\u00f6retagen","url":"https:\/\/www.kompetensforetagen.se\/","logo":{"@type":"ImageObject","inLanguage":"sv-SE","@id":"https:\/\/www.kompetensforetagen.se\/#\/schema\/logo\/image\/","url":"https:\/\/www.kompetensforetagen.se\/app\/uploads\/sites\/5\/2022\/10\/logga_svart.png","contentUrl":"https:\/\/www.kompetensforetagen.se\/app\/uploads\/sites\/5\/2022\/10\/logga_svart.png","width":752,"height":64,"caption":"Kompetensf\u00f6retagen"},"image":{"@id":"https:\/\/www.kompetensforetagen.se\/#\/schema\/logo\/image\/"},"sameAs":["https:\/\/www.linkedin.com\/company\/10540032\/"]}]}},"description":{"rendered":"<p class=\"attachment\"><a href='https:\/\/www.kompetensforetagen.se\/app\/uploads\/sites\/5\/2022\/09\/stora-scen-sodra-teatern-jpg-scaled.jpg'><img loading=\"lazy\" decoding=\"async\" width=\"580\" height=\"387\" src=\"https:\/\/www.kompetensforetagen.se\/app\/uploads\/sites\/5\/2022\/09\/stora-scen-sodra-teatern-jpg-580x387.jpg\" class=\"attachment-medium size-medium\" alt=\"Interi\u00f6r S\u00f6dra teatern i stockholm\" srcset=\"https:\/\/www.kompetensforetagen.se\/app\/uploads\/sites\/5\/2022\/09\/stora-scen-sodra-teatern-jpg-580x387.jpg 580w, https:\/\/www.kompetensforetagen.se\/app\/uploads\/sites\/5\/2022\/09\/stora-scen-sodra-teatern-jpg-1180x787.jpg 1180w, https:\/\/www.kompetensforetagen.se\/app\/uploads\/sites\/5\/2022\/09\/stora-scen-sodra-teatern-jpg-380x253.jpg 380w, https:\/\/www.kompetensforetagen.se\/app\/uploads\/sites\/5\/2022\/09\/stora-scen-sodra-teatern-jpg-768x512.jpg 768w, https:\/\/www.kompetensforetagen.se\/app\/uploads\/sites\/5\/2022\/09\/stora-scen-sodra-teatern-jpg-1536x1024.jpg 1536w, https:\/\/www.kompetensforetagen.se\/app\/uploads\/sites\/5\/2022\/09\/stora-scen-sodra-teatern-jpg-2048x1366.jpg 2048w\" sizes=\"auto, (max-width: 580px) 100vw, 580px\" \/><\/a><\/p>\n"},"caption":{"rendered":"<p>Fotograf Johan Strindberg<br \/>\nwww.johanstrindberg.se<br \/>\ninfo@johanstrindberg.se<\/p>\n<p>+46 736 00 47 99<\/p>\n"},"alt_text":"Interi\u00f6r S\u00f6dra teatern i stockholm","media_type":"image","mime_type":"image\/jpeg","media_details":{"width":2560,"height":1707,"file":"2022\/09\/stora-scen-sodra-teatern-jpg-scaled.jpg","sizes":{"medium":{"file":"stora-scen-sodra-teatern-jpg-580x387.jpg","width":580,"height":387,"mime_type":"image\/jpeg","source_url":"https:\/\/www.kompetensforetagen.se\/app\/uploads\/sites\/5\/2022\/09\/stora-scen-sodra-teatern-jpg-580x387.jpg"},"large":{"file":"stora-scen-sodra-teatern-jpg-1180x787.jpg","width":1180,"height":787,"mime_type":"image\/jpeg","source_url":"https:\/\/www.kompetensforetagen.se\/app\/uploads\/sites\/5\/2022\/09\/stora-scen-sodra-teatern-jpg-1180x787.jpg"},"thumbnail":{"file":"stora-scen-sodra-teatern-jpg-380x253.jpg","width":380,"height":253,"mime_type":"image\/jpeg","source_url":"https:\/\/www.kompetensforetagen.se\/app\/uploads\/sites\/5\/2022\/09\/stora-scen-sodra-teatern-jpg-380x253.jpg"},"medium_large":{"file":"stora-scen-sodra-teatern-jpg-768x512.jpg","width":768,"height":512,"mime_type":"image\/jpeg","source_url":"https:\/\/www.kompetensforetagen.se\/app\/uploads\/sites\/5\/2022\/09\/stora-scen-sodra-teatern-jpg-768x512.jpg"},"1536x1536":{"file":"stora-scen-sodra-teatern-jpg-1536x1024.jpg","width":1536,"height":1024,"mime_type":"image\/jpeg","source_url":"https:\/\/www.kompetensforetagen.se\/app\/uploads\/sites\/5\/2022\/09\/stora-scen-sodra-teatern-jpg-1536x1024.jpg"},"2048x2048":{"file":"stora-scen-sodra-teatern-jpg-2048x1366.jpg","width":2048,"height":1366,"mime_type":"image\/jpeg","source_url":"https:\/\/www.kompetensforetagen.se\/app\/uploads\/sites\/5\/2022\/09\/stora-scen-sodra-teatern-jpg-2048x1366.jpg"},"full":{"file":"stora-scen-sodra-teatern-jpg-scaled.jpg","width":2560,"height":1707,"mime_type":"image\/jpeg","source_url":"https:\/\/www.kompetensforetagen.se\/app\/uploads\/sites\/5\/2022\/09\/stora-scen-sodra-teatern-jpg-scaled.jpg"}},"image_meta":{"aperture":"7.1","credit":"Johan Strindberg","camera":"Canon EOS 5D Mark III","caption":"Fotograf Johan Strindberg\rwww.johanstrindberg.se\rinfo@johanstrindberg.se\r\r+46 736 00 47 99","created_timestamp":"1443553402","copyright":"copyright 2015","focal_length":"24","iso":"160","shutter_speed":"2","title":"","orientation":"1","keywords":[]},"original_image":"stora-scen-sodra-teatern-jpg.jpg"},"post":13393,"source_url":"https:\/\/www.kompetensforetagen.se\/app\/uploads\/sites\/5\/2022\/09\/stora-scen-sodra-teatern-jpg-scaled.jpg","_links":{"self":[{"href":"https:\/\/www.kompetensforetagen.se\/api\/wp\/v2\/media\/10101","targetHints":{"allow":["GET"]}}],"collection":[{"href":"https:\/\/www.kompetensforetagen.se\/api\/wp\/v2\/media"}],"about":[{"href":"https:\/\/www.kompetensforetagen.se\/api\/wp\/v2\/types\/attachment"}],"author":[{"embeddable":true,"href":"https:\/\/www.kompetensforetagen.se\/api\/wp\/v2\/users\/13369"}],"replies":[{"embeddable":true,"href":"https:\/\/www.kompetensforetagen.se\/api\/wp\/v2\/comments?post=10101"}],"wp:attached-to":[{"embeddable":true,"post_type":"page","id":13393,"href":"https:\/\/www.kompetensforetagen.se\/api\/wp\/v2\/pages\/13393"}],"curies":[{"name":"wp","href":"https:\/\/api.w.org\/{rel}","templated":true}]}}

<!-- This site is optimized with the Yoast SEO Premium plugin v26.8 (Yoast SEO v26.8) - https://yoast.com/product/yoast-seo-premium-wordpress/ -->
<title>stora-scen-sodra-teatern-jpg - Kompetensföretagen</title>
<meta name="robots" content="index, follow, max-snippet:-1, max-image-preview:large, max-video-preview:-1" />
<link rel="canonical" href="https://www.kompetensforetagen.se/app/uploads/sites/5/2022/09/stora-scen-sodra-teatern-jpg-scaled.jpg" />
<meta property="og:locale" content="sv_SE" />
<meta property="og:type" content="article" />
<meta property="og:title" content="stora-scen-sodra-teatern-jpg - Kompetensföretagen" />
<meta property="og:description" content="Fotograf Johan Strindberg www.johanstrindberg.se info@johanstrindberg.se +46 736 00 47 99" />
<meta property="og:url" content="https://www.kompetensforetagen.se/app/uploads/sites/5/2022/09/stora-scen-sodra-teatern-jpg-scaled.jpg" />
<meta property="og:site_name" content="Kompetensföretagen" />
<meta property="article:modified_time" content="2023-11-02T13:18:38+00:00" />
<meta property="og:image" content="https://www.kompetensforetagen.se/app/uploads/sites/5/2022/09/stora-scen-sodra-teatern-jpg-scaled.jpg" />
	<meta property="og:image:width" content="2560" />
	<meta property="og:image:height" content="1707" />
	<meta property="og:image:type" content="image/jpeg" />
<meta name="twitter:card" content="summary_large_image" />
<script type="application/ld+json" class="yoast-schema-graph">{"@context":"https://schema.org","@graph":[{"@type":"WebPage","@id":"https://www.kompetensforetagen.se/app/uploads/sites/5/2022/09/stora-scen-sodra-teatern-jpg-scaled.jpg","url":"https://www.kompetensforetagen.se/app/uploads/sites/5/2022/09/stora-scen-sodra-teatern-jpg-scaled.jpg","name":"stora-scen-sodra-teatern-jpg - Kompetensföretagen","isPartOf":{"@id":"https://www.kompetensforetagen.se/#website"},"datePublished":"2022-09-07T07:52:25+00:00","dateModified":"2023-11-02T13:18:38+00:00","breadcrumb":{"@id":"https://www.kompetensforetagen.se/app/uploads/sites/5/2022/09/stora-scen-sodra-teatern-jpg-scaled.jpg#breadcrumb"},"inLanguage":"sv-SE","potentialAction":[{"@type":"ReadAction","target":["https://www.kompetensforetagen.se/app/uploads/sites/5/2022/09/stora-scen-sodra-teatern-jpg-scaled.jpg"]}]},{"@type":"BreadcrumbList","@id":"https://www.kompetensforetagen.se/app/uploads/sites/5/2022/09/stora-scen-sodra-teatern-jpg-scaled.jpg#breadcrumb","itemListElement":[{"@type":"ListItem","position":1,"name":"Home","item":"https://www.kompetensforetagen.se/"},{"@type":"ListItem","position":2,"name":"Event","item":"https://www.kompetensforetagen.se/event/"},{"@type":"ListItem","position":3,"name":"stora-scen-sodra-teatern-jpg"}]},{"@type":"WebSite","@id":"https://www.kompetensforetagen.se/#website","url":"https://www.kompetensforetagen.se/","name":"Kompetensföretagen","description":"Rätt person på rätt plats kan förändra världen","publisher":{"@id":"https://www.kompetensforetagen.se/#organization"},"potentialAction":[{"@type":"SearchAction","target":{"@type":"EntryPoint","urlTemplate":"https://www.kompetensforetagen.se/?s={search_term_string}"},"query-input":{"@type":"PropertyValueSpecification","valueRequired":true,"valueName":"search_term_string"}}],"inLanguage":"sv-SE"},{"@type":"Organization","@id":"https://www.kompetensforetagen.se/#organization","name":"Kompetensföretagen","url":"https://www.kompetensforetagen.se/","logo":{"@type":"ImageObject","inLanguage":"sv-SE","@id":"https://www.kompetensforetagen.se/#/schema/logo/image/","url":"https://www.kompetensforetagen.se/app/uploads/sites/5/2022/10/logga_svart.png","contentUrl":"https://www.kompetensforetagen.se/app/uploads/sites/5/2022/10/logga_svart.png","width":752,"height":64,"caption":"Kompetensföretagen"},"image":{"@id":"https://www.kompetensforetagen.se/#/schema/logo/image/"},"sameAs":["https://www.linkedin.com/company/10540032/"]}]}</script>
<!-- / Yoast SEO Premium plugin. -->

stora-scen-sodra-teatern-jpg - Kompetensföretagen

Kompetensföretagen

Rätt person på rätt plats kan förändra världen

<p class="attachment"><a href='https://www.kompetensforetagen.se/app/uploads/sites/5/2022/09/stora-scen-sodra-teatern-jpg-scaled.jpg'><img loading="lazy" decoding="async" width="580" height="387" src="https://www.kompetensforetagen.se/app/uploads/sites/5/2022/09/stora-scen-sodra-teatern-jpg-580x387.jpg" class="attachment-medium size-medium" alt="Interiör Södra teatern i stockholm" srcset="https://www.kompetensforetagen.se/app/uploads/sites/5/2022/09/stora-scen-sodra-teatern-jpg-580x387.jpg 580w, https://www.kompetensforetagen.se/app/uploads/sites/5/2022/09/stora-scen-sodra-teatern-jpg-1180x787.jpg 1180w, https://www.kompetensforetagen.se/app/uploads/sites/5/2022/09/stora-scen-sodra-teatern-jpg-380x253.jpg 380w, https://www.kompetensforetagen.se/app/uploads/sites/5/2022/09/stora-scen-sodra-teatern-jpg-768x512.jpg 768w, https://www.kompetensforetagen.se/app/uploads/sites/5/2022/09/stora-scen-sodra-teatern-jpg-1536x1024.jpg 1536w, https://www.kompetensforetagen.se/app/uploads/sites/5/2022/09/stora-scen-sodra-teatern-jpg-2048x1366.jpg 2048w" sizes="auto, (max-width: 580px) 100vw, 580px" /></a></p>

Interiör Södra teatern i stockholm
