{"id":19318,"date":"2025-01-30T16:16:57","date_gmt":"2025-01-30T10:05:09","guid":{"rendered":"https:\/\/www.kompetensforetagen.se\/rapport\/kompetensbranschen-2024-2\/"},"modified":"2025-12-16T09:32:07","modified_gmt":"2025-12-16T08:32:07","slug":"upphandlingsguide","status":"publish","type":"forbund_report","link":"https:\/\/www.kompetensforetagen.se\/rapport\/upphandlingsguide\/","title":{"rendered":"Bli en b\u00e4ttre upphandlare av kompetenstj\u00e4nster"},"content":{"rendered":"<div class=\"wp-block wp-block-core-paragraph\">\n<p><strong>Kompetensf\u00f6retagen samlar f\u00f6retag inom bemanning, rekrytering och omst\u00e4llning. V\u00e5ra medlemsf\u00f6retag deltar i m\u00e5nga offentliga upphandlingar, men m\u00e5nga upplever upphandlingsprocessen som komplicerad och byr\u00e5kratisk. H\u00e4r har vi samlat 11 tips f\u00f6r att bli en b\u00e4ttre best\u00e4llare. <\/strong><\/p>\n<\/div>","protected":false},"excerpt":{"rendered":"<p>Kompetensf\u00f6retagen samlar f\u00f6retag inom bemanning, rekrytering och omst\u00e4llning. V\u00e5ra medlemsf\u00f6retag deltar i m\u00e5nga offentliga upphandlingar, men m\u00e5nga upplever upphandlingsprocessen som komplicerad och byr\u00e5kratisk. H\u00e4r har vi samlat 11 tips f\u00f6r att bli en b\u00e4ttre best\u00e4llare.<\/p>\n","protected":false},"featured_media":0,"parent":0,"menu_order":3,"template":"","report_category":[262],"class_list":["post-19318","forbund_report","type-forbund_report","status-publish","hentry","report_category-upphandling"],"acf":[],"yoast_head":"<!-- This site is optimized with the Yoast SEO Premium plugin v26.8 (Yoast SEO v26.8) - https:\/\/yoast.com\/product\/yoast-seo-premium-wordpress\/ -->\n<title>Bli en b\u00e4ttre upphandlare av kompetenstj\u00e4nster - Kompetensf\u00f6retagen<\/title>\n<meta name=\"description\" content=\"Utforska v\u00e5r upphandlingsguide. Detaljerad information f\u00f6r dig som ska k\u00f6pa tj\u00e4nster inom bemanning och rekrytering.\" \/>\n<meta name=\"robots\" content=\"index, follow, max-snippet:-1, max-image-preview:large, max-video-preview:-1\" \/>\n<link rel=\"canonical\" href=\"https:\/\/www.kompetensforetagen.se\/rapport\/upphandlingsguide\/\" \/>\n<meta property=\"og:locale\" content=\"sv_SE\" \/>\n<meta property=\"og:type\" content=\"article\" \/>\n<meta property=\"og:title\" content=\"Bli en b\u00e4ttre upphandlare av kompetenstj\u00e4nster\" \/>\n<meta property=\"og:description\" content=\"Utforska v\u00e5r upphandlingsguide. Detaljerad information f\u00f6r dig som ska k\u00f6pa tj\u00e4nster inom bemanning och rekrytering.\" \/>\n<meta property=\"og:url\" content=\"https:\/\/www.kompetensforetagen.se\/rapport\/upphandlingsguide\/\" \/>\n<meta property=\"og:site_name\" content=\"Kompetensf\u00f6retagen\" \/>\n<meta property=\"article:modified_time\" content=\"2025-12-16T08:32:07+00:00\" \/>\n<meta name=\"twitter:card\" content=\"summary_large_image\" \/>\n<meta name=\"twitter:label1\" content=\"Ber\u00e4knad l\u00e4stid\" \/>\n\t<meta name=\"twitter:data1\" content=\"1 minut\" \/>\n<script type=\"application\/ld+json\" class=\"yoast-schema-graph\">{\"@context\":\"https:\/\/schema.org\",\"@graph\":[{\"@type\":\"WebPage\",\"@id\":\"https:\/\/www.kompetensforetagen.se\/rapport\/upphandlingsguide\/\",\"url\":\"https:\/\/www.kompetensforetagen.se\/rapport\/upphandlingsguide\/\",\"name\":\"Bli en b\u00e4ttre upphandlare av kompetenstj\u00e4nster - Kompetensf\u00f6retagen\",\"isPartOf\":{\"@id\":\"https:\/\/www.kompetensforetagen.se\/#website\"},\"datePublished\":\"2025-01-30T10:05:09+00:00\",\"dateModified\":\"2025-12-16T08:32:07+00:00\",\"description\":\"Utforska v\u00e5r upphandlingsguide. Detaljerad information f\u00f6r dig som ska k\u00f6pa tj\u00e4nster inom bemanning och rekrytering.\",\"breadcrumb\":{\"@id\":\"https:\/\/www.kompetensforetagen.se\/rapport\/upphandlingsguide\/#breadcrumb\"},\"inLanguage\":\"sv-SE\",\"potentialAction\":[{\"@type\":\"ReadAction\",\"target\":[\"https:\/\/www.kompetensforetagen.se\/rapport\/upphandlingsguide\/\"]}]},{\"@type\":\"BreadcrumbList\",\"@id\":\"https:\/\/www.kompetensforetagen.se\/rapport\/upphandlingsguide\/#breadcrumb\",\"itemListElement\":[{\"@type\":\"ListItem\",\"position\":1,\"name\":\"Home\",\"item\":\"https:\/\/www.kompetensforetagen.se\/\"},{\"@type\":\"ListItem\",\"position\":2,\"name\":\"F\u00f6rbundsrapport\",\"item\":\"https:\/\/www.kompetensforetagen.se\/rapport\/\"},{\"@type\":\"ListItem\",\"position\":3,\"name\":\"Bli en b\u00e4ttre upphandlare av kompetenstj\u00e4nster\"}]},{\"@type\":\"WebSite\",\"@id\":\"https:\/\/www.kompetensforetagen.se\/#website\",\"url\":\"https:\/\/www.kompetensforetagen.se\/\",\"name\":\"Kompetensf\u00f6retagen\",\"description\":\"R\u00e4tt person p\u00e5 r\u00e4tt plats kan f\u00f6r\u00e4ndra v\u00e4rlden\",\"publisher\":{\"@id\":\"https:\/\/www.kompetensforetagen.se\/#organization\"},\"potentialAction\":[{\"@type\":\"SearchAction\",\"target\":{\"@type\":\"EntryPoint\",\"urlTemplate\":\"https:\/\/www.kompetensforetagen.se\/?s={search_term_string}\"},\"query-input\":{\"@type\":\"PropertyValueSpecification\",\"valueRequired\":true,\"valueName\":\"search_term_string\"}}],\"inLanguage\":\"sv-SE\"},{\"@type\":\"Organization\",\"@id\":\"https:\/\/www.kompetensforetagen.se\/#organization\",\"name\":\"Kompetensf\u00f6retagen\",\"url\":\"https:\/\/www.kompetensforetagen.se\/\",\"logo\":{\"@type\":\"ImageObject\",\"inLanguage\":\"sv-SE\",\"@id\":\"https:\/\/www.kompetensforetagen.se\/#\/schema\/logo\/image\/\",\"url\":\"https:\/\/www.kompetensforetagen.se\/app\/uploads\/sites\/5\/2022\/10\/logga_svart.png\",\"contentUrl\":\"https:\/\/www.kompetensforetagen.se\/app\/uploads\/sites\/5\/2022\/10\/logga_svart.png\",\"width\":752,\"height\":64,\"caption\":\"Kompetensf\u00f6retagen\"},\"image\":{\"@id\":\"https:\/\/www.kompetensforetagen.se\/#\/schema\/logo\/image\/\"},\"sameAs\":[\"https:\/\/www.linkedin.com\/company\/10540032\/\"]}]}<\/script>\n<!-- \/ Yoast SEO Premium plugin. -->","yoast_head_json":{"title":"Bli en b\u00e4ttre upphandlare av kompetenstj\u00e4nster - Kompetensf\u00f6retagen","description":"Utforska v\u00e5r upphandlingsguide. Detaljerad information f\u00f6r dig som ska k\u00f6pa tj\u00e4nster inom bemanning och rekrytering.","robots":{"index":"index","follow":"follow","max-snippet":"max-snippet:-1","max-image-preview":"max-image-preview:large","max-video-preview":"max-video-preview:-1"},"canonical":"https:\/\/www.kompetensforetagen.se\/rapport\/upphandlingsguide\/","og_locale":"sv_SE","og_type":"article","og_title":"Bli en b\u00e4ttre upphandlare av kompetenstj\u00e4nster","og_description":"Utforska v\u00e5r upphandlingsguide. Detaljerad information f\u00f6r dig som ska k\u00f6pa tj\u00e4nster inom bemanning och rekrytering.","og_url":"https:\/\/www.kompetensforetagen.se\/rapport\/upphandlingsguide\/","og_site_name":"Kompetensf\u00f6retagen","article_modified_time":"2025-12-16T08:32:07+00:00","twitter_card":"summary_large_image","twitter_misc":{"Ber\u00e4knad l\u00e4stid":"1 minut"},"schema":{"@context":"https:\/\/schema.org","@graph":[{"@type":"WebPage","@id":"https:\/\/www.kompetensforetagen.se\/rapport\/upphandlingsguide\/","url":"https:\/\/www.kompetensforetagen.se\/rapport\/upphandlingsguide\/","name":"Bli en b\u00e4ttre upphandlare av kompetenstj\u00e4nster - Kompetensf\u00f6retagen","isPartOf":{"@id":"https:\/\/www.kompetensforetagen.se\/#website"},"datePublished":"2025-01-30T10:05:09+00:00","dateModified":"2025-12-16T08:32:07+00:00","description":"Utforska v\u00e5r upphandlingsguide. Detaljerad information f\u00f6r dig som ska k\u00f6pa tj\u00e4nster inom bemanning och rekrytering.","breadcrumb":{"@id":"https:\/\/www.kompetensforetagen.se\/rapport\/upphandlingsguide\/#breadcrumb"},"inLanguage":"sv-SE","potentialAction":[{"@type":"ReadAction","target":["https:\/\/www.kompetensforetagen.se\/rapport\/upphandlingsguide\/"]}]},{"@type":"BreadcrumbList","@id":"https:\/\/www.kompetensforetagen.se\/rapport\/upphandlingsguide\/#breadcrumb","itemListElement":[{"@type":"ListItem","position":1,"name":"Home","item":"https:\/\/www.kompetensforetagen.se\/"},{"@type":"ListItem","position":2,"name":"F\u00f6rbundsrapport","item":"https:\/\/www.kompetensforetagen.se\/rapport\/"},{"@type":"ListItem","position":3,"name":"Bli en b\u00e4ttre upphandlare av kompetenstj\u00e4nster"}]},{"@type":"WebSite","@id":"https:\/\/www.kompetensforetagen.se\/#website","url":"https:\/\/www.kompetensforetagen.se\/","name":"Kompetensf\u00f6retagen","description":"R\u00e4tt person p\u00e5 r\u00e4tt plats kan f\u00f6r\u00e4ndra v\u00e4rlden","publisher":{"@id":"https:\/\/www.kompetensforetagen.se\/#organization"},"potentialAction":[{"@type":"SearchAction","target":{"@type":"EntryPoint","urlTemplate":"https:\/\/www.kompetensforetagen.se\/?s={search_term_string}"},"query-input":{"@type":"PropertyValueSpecification","valueRequired":true,"valueName":"search_term_string"}}],"inLanguage":"sv-SE"},{"@type":"Organization","@id":"https:\/\/www.kompetensforetagen.se\/#organization","name":"Kompetensf\u00f6retagen","url":"https:\/\/www.kompetensforetagen.se\/","logo":{"@type":"ImageObject","inLanguage":"sv-SE","@id":"https:\/\/www.kompetensforetagen.se\/#\/schema\/logo\/image\/","url":"https:\/\/www.kompetensforetagen.se\/app\/uploads\/sites\/5\/2022\/10\/logga_svart.png","contentUrl":"https:\/\/www.kompetensforetagen.se\/app\/uploads\/sites\/5\/2022\/10\/logga_svart.png","width":752,"height":64,"caption":"Kompetensf\u00f6retagen"},"image":{"@id":"https:\/\/www.kompetensforetagen.se\/#\/schema\/logo\/image\/"},"sameAs":["https:\/\/www.linkedin.com\/company\/10540032\/"]}]}},"_links":{"self":[{"href":"https:\/\/www.kompetensforetagen.se\/api\/wp\/v2\/forbund_report\/19318","targetHints":{"allow":["GET"]}}],"collection":[{"href":"https:\/\/www.kompetensforetagen.se\/api\/wp\/v2\/forbund_report"}],"about":[{"href":"https:\/\/www.kompetensforetagen.se\/api\/wp\/v2\/types\/forbund_report"}],"wp:attachment":[{"href":"https:\/\/www.kompetensforetagen.se\/api\/wp\/v2\/media?parent=19318"}],"wp:term":[{"taxonomy":"report_category","embeddable":true,"href":"https:\/\/www.kompetensforetagen.se\/api\/wp\/v2\/report_category?post=19318"}],"curies":[{"name":"wp","href":"https:\/\/api.w.org\/{rel}","templated":true}]}}

Bli en bättre upphandlare av kompetenstjänster

<div class="wp-block wp-block-core-paragraph">
<p><strong>Kompetensföretagen samlar företag inom bemanning, rekrytering och omställning. Våra medlemsföretag deltar i många offentliga upphandlingar, men många upplever upphandlingsprocessen som komplicerad och byråkratisk. Här har vi samlat 11 tips för att bli en bättre beställare. </strong></p>
</div>

<p>Kompetensföretagen samlar företag inom bemanning, rekrytering och omställning. Våra medlemsföretag deltar i många offentliga upphandlingar, men många upplever upphandlingsprocessen som komplicerad och byråkratisk. Här har vi samlat 11 tips för att bli en bättre beställare.</p>

<!-- This site is optimized with the Yoast SEO Premium plugin v26.8 (Yoast SEO v26.8) - https://yoast.com/product/yoast-seo-premium-wordpress/ -->
<title>Bli en bättre upphandlare av kompetenstjänster - Kompetensföretagen</title>
<meta name="description" content="Utforska vår upphandlingsguide. Detaljerad information för dig som ska köpa tjänster inom bemanning och rekrytering." />
<meta name="robots" content="index, follow, max-snippet:-1, max-image-preview:large, max-video-preview:-1" />
<link rel="canonical" href="https://www.kompetensforetagen.se/rapport/upphandlingsguide/" />
<meta property="og:locale" content="sv_SE" />
<meta property="og:type" content="article" />
<meta property="og:title" content="Bli en bättre upphandlare av kompetenstjänster" />
<meta property="og:description" content="Utforska vår upphandlingsguide. Detaljerad information för dig som ska köpa tjänster inom bemanning och rekrytering." />
<meta property="og:url" content="https://www.kompetensforetagen.se/rapport/upphandlingsguide/" />
<meta property="og:site_name" content="Kompetensföretagen" />
<meta property="article:modified_time" content="2025-12-16T08:32:07+00:00" />
<meta name="twitter:card" content="summary_large_image" />
<meta name="twitter:label1" content="Beräknad lästid" />
	<meta name="twitter:data1" content="1 minut" />
<script type="application/ld+json" class="yoast-schema-graph">{"@context":"https://schema.org","@graph":[{"@type":"WebPage","@id":"https://www.kompetensforetagen.se/rapport/upphandlingsguide/","url":"https://www.kompetensforetagen.se/rapport/upphandlingsguide/","name":"Bli en bättre upphandlare av kompetenstjänster - Kompetensföretagen","isPartOf":{"@id":"https://www.kompetensforetagen.se/#website"},"datePublished":"2025-01-30T10:05:09+00:00","dateModified":"2025-12-16T08:32:07+00:00","description":"Utforska vår upphandlingsguide. Detaljerad information för dig som ska köpa tjänster inom bemanning och rekrytering.","breadcrumb":{"@id":"https://www.kompetensforetagen.se/rapport/upphandlingsguide/#breadcrumb"},"inLanguage":"sv-SE","potentialAction":[{"@type":"ReadAction","target":["https://www.kompetensforetagen.se/rapport/upphandlingsguide/"]}]},{"@type":"BreadcrumbList","@id":"https://www.kompetensforetagen.se/rapport/upphandlingsguide/#breadcrumb","itemListElement":[{"@type":"ListItem","position":1,"name":"Home","item":"https://www.kompetensforetagen.se/"},{"@type":"ListItem","position":2,"name":"Förbundsrapport","item":"https://www.kompetensforetagen.se/rapport/"},{"@type":"ListItem","position":3,"name":"Bli en bättre upphandlare av kompetenstjänster"}]},{"@type":"WebSite","@id":"https://www.kompetensforetagen.se/#website","url":"https://www.kompetensforetagen.se/","name":"Kompetensföretagen","description":"Rätt person på rätt plats kan förändra världen","publisher":{"@id":"https://www.kompetensforetagen.se/#organization"},"potentialAction":[{"@type":"SearchAction","target":{"@type":"EntryPoint","urlTemplate":"https://www.kompetensforetagen.se/?s={search_term_string}"},"query-input":{"@type":"PropertyValueSpecification","valueRequired":true,"valueName":"search_term_string"}}],"inLanguage":"sv-SE"},{"@type":"Organization","@id":"https://www.kompetensforetagen.se/#organization","name":"Kompetensföretagen","url":"https://www.kompetensforetagen.se/","logo":{"@type":"ImageObject","inLanguage":"sv-SE","@id":"https://www.kompetensforetagen.se/#/schema/logo/image/","url":"https://www.kompetensforetagen.se/app/uploads/sites/5/2022/10/logga_svart.png","contentUrl":"https://www.kompetensforetagen.se/app/uploads/sites/5/2022/10/logga_svart.png","width":752,"height":64,"caption":"Kompetensföretagen"},"image":{"@id":"https://www.kompetensforetagen.se/#/schema/logo/image/"},"sameAs":["https://www.linkedin.com/company/10540032/"]}]}</script>
<!-- / Yoast SEO Premium plugin. -->

Bli en bättre upphandlare av kompetenstjänster - Kompetensföretagen

Utforska vår upphandlingsguide. Detaljerad information för dig som ska köpa tjänster inom bemanning och rekrytering.

Kompetensföretagen

Förbundsrapport

Rätt person på rätt plats kan förändra världen
